000
CXUS51 KLWX 260815
CF6CHO
PRELIMINARY LOCAL CLIMATOLOGICAL DATA (WS FORM: F-6)
STATION: CHARLOTTESVILLE VA
MONTH: APRIL
YEAR: 2024
LATITUDE: 38 7 N
LONGITUDE: 78 27 W
TEMPERATURE IN F: :PCPN: SNOW: WIND :SUNSHINE: SKY :PK WND
================================================================================
1 2 3 4 5 6A 6B 7 8 9 10 11 12 13 14 15 16 17 18
12Z AVG MX 2MIN
DY MAX MIN AVG DEP HDD CDD WTR SNW DPTH SPD SPD DIR MIN PSBL S-S WX SPD DR
================================================================================
1 72 54 63 9 2 0 0.01 M M 5.2 16 50 M M 8 1238 23 40
2 61 53 57 3 8 0 0.12 M M 5.2 22 30 M M 10 1238 28 40
3 61 48 55 1 10 0 1.00 M M 7.2 29 70 M M 8 1238 41 60
4 59 41 50 -5 15 0 T M M 5.2 18 280 M M 3 33 270
5 58 39 49 -6 16 0 T M M 6.5 16 320 M M 5 27 320
6 57 40 49 -7 16 0 0.00 M M 6.9 18 320 M M 4 32 360
7 69 40 55 -1 10 0 0.00 M M 3.2 14 20 M M 0 19 320
8 76 42 59 3 6 0 0.00 M M 6.0 20 190 M M 2 27 180
9 81 56 69 13 0 4 T M M 5.9 20 190 M M 5 27 190
10 79 60 70 13 0 5 T M M 8.1 17 190 M M 5 25 180
11 70 63 67 10 0 2 0.45 M M 11.8 24 170 M M 9 8 37 200
12 68 57 63 5 2 0 0.06 M M 9.6 18 280 M M 6 33 210
13 71 53 62 4 3 0 0.00 M M 8.9 22 300 M M 2 39 310
14 86 48 67 9 0 2 0.00 M M 10.9 23 180 M M 0 33 220
15 92 65 79 21 0 14 T M M 4.6 16 210 M M 1 3 28 190
16 80 61 71 12 0 6 0.00 M M 7.3 17 50 M M 0 28 50
17 75 58 67 8 0 2 T M M 5.6 13 170 M M 1 17 160
18 87 58 73 14 0 8 0.00 M M 4.6 14 60 M M 0 21 40
19 63 57 60 0 5 0 T M M 4.6 10 140 M M 9 18 13 150
20 76 56 66 6 0 1 T M M 2.7 13 300 M M 5 18 25 280
21 56 40 48 -12 17 0 0.00 M M 4.7 15 40 M M 2 22 60
22 65 35 50 -10 15 0 0.00 M M 4.4 13 20 M M 0 20 160
23 76 37 57 -4 8 0 0.00 M M 7.9 21 180 M M 0 31 210
24 76 58 67 6 0 2 T M M 4.7 15 160 M M 6 26 200
25 67 50 59 -2 6 0 0.00 M M 7.8 16 40 M M 6 21 40
================================================================================
SM 1781 1269 139 46 1.64 M 159.5 M 97
================================================================================
AV 71.2 50.8 6.4 FASTST M M 4 MAX(MPH)
MISC ----> 29 70 41 60
================================================================================
NOTES:
# LAST OF SEVERAL OCCURRENCES
COLUMN 17 PEAK WIND IN M.P.H.
PRELIMINARY LOCAL CLIMATOLOGICAL DATA (WS FORM: F-6) , PAGE 2
STATION: CHARLOTTESVILLE VA
MONTH: APRIL
YEAR: 2024
LATITUDE: 38 7 N
LONGITUDE: 78 27 W
[TEMPERATURE DATA] [PRECIPITATION DATA] SYMBOLS USED IN COLUMN 16
AVERAGE MONTHLY: 61.0 TOTAL FOR MONTH: 1.64 1 = FOG OR MIST
DPTR FM NORMAL: 3.3 DPTR FM NORMAL: -0.95 2 = FOG REDUCING VISIBILITY
HIGHEST: 92 ON 15 GRTST 24HR 1.07 ON 2- 3 TO 1/4 MILE OR LESS
LOWEST: 35 ON 22 3 = THUNDER
SNOW, ICE PELLETS, HAIL 4 = ICE PELLETS
TOTAL MONTH: M 5 = HAIL
GRTST 24HR M ON M 6 = FREEZING RAIN OR DRIZZLE
GRTST DEPTH: M ON M 7 = DUSTSTORM OR SANDSTORM:
VSBY 1/2 MILE OR LESS
8 = SMOKE OR HAZE
[NO. OF DAYS WITH] [WEATHER - DAYS WITH] 9 = BLOWING SNOW
X = TORNADO
MAX 32 OR BELOW: 0 0.01 INCH OR MORE: 5
MAX 90 OR ABOVE: 1 0.10 INCH OR MORE: 3
MIN 32 OR BELOW: 0 0.50 INCH OR MORE: 1
MIN 0 OR BELOW: 0 1.00 INCH OR MORE: 1
[HDD (BASE 65) ]
TOTAL THIS MO. 139 CLEAR (SCALE 0-3) 12
DPTR FM NORMAL -71 PTCLDY (SCALE 4-7) 9
TOTAL FM JUL 1 3092 CLOUDY (SCALE 8-10) 4
DPTR FM NORMAL -571
[CDD (BASE 65) ]
TOTAL THIS MO. 46
DPTR FM NORMAL 17 [PRESSURE DATA]
TOTAL FM JAN 1 52 HIGHEST SLP M ON M
DPTR FM NORMAL 17 LOWEST SLP 29.26 ON 3
[REMARKS]