000
CXUS53 KFSD 180810
CF6FSD
PRELIMINARY LOCAL CLIMATOLOGICAL DATA (WS FORM: F-6)
STATION: SIOUX FALLS
MONTH: APRIL
YEAR: 2024
LATITUDE: 43 34 N
LONGITUDE: 96 44 W
TEMPERATURE IN F: :PCPN: SNOW: WIND :SUNSHINE: SKY :PK WND
================================================================================
1 2 3 4 5 6A 6B 7 8 9 10 11 12 13 14 15 16 17 18
12Z AVG MX 2MIN
DY MAX MIN AVG DEP HDD CDD WTR SNW DPTH SPD SPD DIR MIN PSBL S-S WX SPD DR
================================================================================
1 41 32 37 -5 28 0 0.49 0.3 0 12.6 22 70 M M 9 1 27 80
2 56 34 45 3 20 0 T 0.0 0 16.9 33 350 M M 7 49 350
3 54 33 44 2 21 0 0.00 0.0 0 18.5 31 330 M M 4 42 350
4 60 29 45 2 20 0 0.00 0.0 0 9.6 20 30 M M 2 27 40
5 62 28 45 2 20 0 0.00 0.0 0 11.5 23 130 M M 6 33 150
6 67 41 54 10 11 0 0.18 0.0 0 26.6 44 110 M M 4 3 60 130
7 56 42 49 5 16 0 0.31 0.0 0 19.4 37 110 M M 9 13 49 110
8 51 38 45 1 20 0 0.04 0.0 0 10.8 21 280 M M 9 1 28 290
9 67 36 52 7 13 0 0.00 0.0 0 8.8 21 290 M M 3 30 290
10 72 38 55 10 10 0 T 0.0 0 9.6 30 320 M M 4 40 320
11 59 41 50 4 15 0 0.00 0.0 0 17.5 31 320 M M 4 43 320
12 66 36 51 5 14 0 0.00 0.0 0 6.0 14 310 M M 1 18 350
13 88 51 70 24 0 5 0.00 0.0 0 12.5 24 200 M M 2 34 190
14 78 45 62 15 3 0 T 0.0 0 9.4 22 10 M M 1 27 20
15 83 47 65 18 0 0 0.00 0.0 0 19.8 33 120 M M 5 47 120
16 69 51 60 13 5 0 1.31 0.0 0 14.0 36 120 M M 10 13 48 120
17 62 46 54 6 11 0 0.03 0.0 0 16.9 31 320 M M 9 1 40 320
================================================================================
SM 1091 668 227 5 2.36 0.3 240.4 M 89
================================================================================
AV 64.2 39.3 14.1 FASTST M M 5 MAX(MPH)
MISC ----> 44 110 60 130
================================================================================
NOTES:
# LAST OF SEVERAL OCCURRENCES
COLUMN 17 PEAK WIND IN M.P.H.
PRELIMINARY LOCAL CLIMATOLOGICAL DATA (WS FORM: F-6) , PAGE 2
STATION: SIOUX FALLS
MONTH: APRIL
YEAR: 2024
LATITUDE: 43 34 N
LONGITUDE: 96 44 W
[TEMPERATURE DATA] [PRECIPITATION DATA] SYMBOLS USED IN COLUMN 16
AVERAGE MONTHLY: 51.7 TOTAL FOR MONTH: 2.36 1 = FOG OR MIST
DPTR FM NORMAL: 7.0 DPTR FM NORMAL: 0.76 2 = FOG REDUCING VISIBILITY
HIGHEST: 88 ON 13 GRTST 24HR 1.31 ON 16-16 TO 1/4 MILE OR LESS
LOWEST: 28 ON 5 3 = THUNDER
SNOW, ICE PELLETS, HAIL 4 = ICE PELLETS
TOTAL MONTH: 0.3 INCH 5 = HAIL
GRTST 24HR 0.3 ON 1- 1 6 = FREEZING RAIN OR DRIZZLE
GRTST DEPTH: 0 7 = DUSTSTORM OR SANDSTORM:
VSBY 1/2 MILE OR LESS
8 = SMOKE OR HAZE
[NO. OF DAYS WITH] [WEATHER - DAYS WITH] 9 = BLOWING SNOW
X = TORNADO
MAX 32 OR BELOW: 0 0.01 INCH OR MORE: 6
MAX 90 OR ABOVE: 0 0.10 INCH OR MORE: 4
MIN 32 OR BELOW: 3 0.50 INCH OR MORE: 1
MIN 0 OR BELOW: 0 1.00 INCH OR MORE: 1
[HDD (BASE 65) ]
TOTAL THIS MO. 227 CLEAR (SCALE 0-3) 4
DPTR FM NORMAL -117 PTCLDY (SCALE 4-7) 8
TOTAL FM JUL 1 5500 CLOUDY (SCALE 8-10) 5
DPTR FM NORMAL -1295
[CDD (BASE 65) ]
TOTAL THIS MO. 5
DPTR FM NORMAL 5 [PRESSURE DATA]
TOTAL FM JAN 1 5 HIGHEST SLP M ON M
DPTR FM NORMAL 4 LOWEST SLP 29.24 ON 16
[REMARKS]