000
CXUS55 KRIW 281010
CF6LND
PRELIMINARY LOCAL CLIMATOLOGICAL DATA (WS FORM: F-6)
STATION: LANDER WY
MONTH: MARCH
YEAR: 2024
LATITUDE: 42 49 N
LONGITUDE: 108 44 W
TEMPERATURE IN F: :PCPN: SNOW: WIND :SUNSHINE: SKY :PK WND
================================================================================
1 2 3 4 5 6A 6B 7 8 9 10 11 12 13 14 15 16 17 18
12Z AVG MX 2MIN
DY MAX MIN AVG DEP HDD CDD WTR SNW DPTH SPD SPD DIR MIN PSBL S-S WX SPD DR
================================================================================
1 50 32 41 11 24 0 0.00 0.0 M 13.7 39 210 M M 4 53 210
2 48 28 38 8 27 0 0.08 T M 19.5 43 180 M M 5 18 53 170
3 34 20 27 -4 38 0 0.02 T M 8.1 22 230 M M 4 12 29 230
4 34 14 24 -7 41 0 0.00 0.0 M 11.1 31 190 M M 1 38 200
5 44 12 28 -4 37 0 0.00 0.0 M 7.6 31 230 M M 0 47 240
6 44 25 35 3 30 0 0.00 0.0 M 9.2 35 230 M M 3 48 240
7 38 20 29 -4 36 0 0.02 0.6 M 5.1 13 50 M M 3 1 17 50
8 38 23 31 -2 34 0 0.01 0.3 M 3.6 9 230 M M 5 1 12 200
9 51 19 35 1 30 0 0.00 0.0 M 3.1 12 320 M M 0 13 320
10 54 27 41 7 24 0 0.00 0.0 M 4.7 13 350 M M 0 24 99
11 54 33 44 10 21 0 0.00 0.0 M 7.2 36 260 M M 1 45 250
12 51 27 39 4 26 0 0.00 0.0 M 4.9 14 250 M M 0 17 310
13 38 30 34 -1 31 0 0.26 4.6 M 6.8 16 30 M M 9 12 21 30
14 35 29 32 -4 33 0 0.53 7.2 M 7.7 16 170 M M 10 128 20 150
15 37 24 31 -5 34 0 0.00 0.0 M 4.6 14 230 M M 3 17 250
16 45 24 35 -1 30 0 0.00 0.0 M 3.3 12 240 M M 7 14 230
17 50 33 42 5 23 0 0.00 0.0 M 5.1 13 230 M M 6 16 230
18 61 28 45 8 20 0 0.00 0.0 M 5.5 16 240 M M 0 21 230
19 61 33 47 9 18 0 0.00 0.0 M 4.3 13 20 M M 0 17 30
20 60 33 47 9 18 0 0.00 0.0 M 6.3 16 240 M M 1 21 40
21 61 33 47 9 18 0 0.00 0.0 M 9.0 33 300 M M 0 47 280
22 59 26 43 5 22 0 0.00 0.0 M 4.2 14 320 M M 1 19 310
23 62 30 46 7 19 0 0.01 0.0 M 9.3 29 220 M M 3 38 210
24 43 20 32 -7 33 0 0.11 2.1 M 8.4 20 20 M M 9 18 27 30
25 40 18 29 -10 36 0 T 0.1 M 5.4 14 20 M M 8 1 21 140
26 48 23 36 -3 29 0 T T M 5.4 20 180 M M 5 23 180
27 51 22 37 -3 28 0 0.00 0.0 M 6.1 18 250 M M 0 25 230
================================================================================
SM 1291 686 760 0 1.04 14.9 189.2 M 88
================================================================================
AV 47.8 25.4 7.0 FASTST M M 3 MAX(MPH)
MISC ----> 43 180 # 53 210
================================================================================
NOTES:
# LAST OF SEVERAL OCCURRENCES
COLUMN 17 PEAK WIND IN M.P.H.
PRELIMINARY LOCAL CLIMATOLOGICAL DATA (WS FORM: F-6) , PAGE 2
STATION: LANDER WY
MONTH: MARCH
YEAR: 2024
LATITUDE: 42 49 N
LONGITUDE: 108 44 W
[TEMPERATURE DATA] [PRECIPITATION DATA] SYMBOLS USED IN COLUMN 16
AVERAGE MONTHLY: 36.6 TOTAL FOR MONTH: 1.04 1 = FOG OR MIST
DPTR FM NORMAL: 1.3 DPTR FM NORMAL: -0.01 2 = FOG REDUCING VISIBILITY
HIGHEST: 62 ON 23 GRTST 24HR 0.73 ON 13-14 TO 1/4 MILE OR LESS
LOWEST: 12 ON 5 3 = THUNDER
SNOW, ICE PELLETS, HAIL 4 = ICE PELLETS
TOTAL MONTH: 14.9 INCHES 5 = HAIL
GRTST 24HR 7.2 ON 14-14 6 = FREEZING RAIN OR DRIZZLE
GRTST DEPTH: M ON M 7 = DUSTSTORM OR SANDSTORM:
VSBY 1/2 MILE OR LESS
8 = SMOKE OR HAZE
[NO. OF DAYS WITH] [WEATHER - DAYS WITH] 9 = BLOWING SNOW
X = TORNADO
MAX 32 OR BELOW: 0 0.01 INCH OR MORE: 8
MAX 90 OR ABOVE: 0 0.10 INCH OR MORE: 3
MIN 32 OR BELOW: 22 0.50 INCH OR MORE: 1
MIN 0 OR BELOW: 0 1.00 INCH OR MORE: 0
[HDD (BASE 65) ]
TOTAL THIS MO. 760 CLEAR (SCALE 0-3) 14
DPTR FM NORMAL -39 PTCLDY (SCALE 4-7) 9
TOTAL FM JUL 1 6068 CLOUDY (SCALE 8-10) 4
DPTR FM NORMAL -382
[CDD (BASE 65) ]
TOTAL THIS MO. 0
DPTR FM NORMAL 0 [PRESSURE DATA]
TOTAL FM JAN 1 0 HIGHEST SLP M ON M
DPTR FM NORMAL 0 LOWEST SLP 29.19 ON 24
[REMARKS]