000
CXUS51 KLWX 270815
CF6MRB
PRELIMINARY LOCAL CLIMATOLOGICAL DATA (WS FORM: F-6)
STATION: MARTINSBURG WV
MONTH: MARCH
YEAR: 2024
LATITUDE: 39 24 N
LONGITUDE: 77 58 W
TEMPERATURE IN F: :PCPN: SNOW: WIND :SUNSHINE: SKY :PK WND
================================================================================
1 2 3 4 5 6A 6B 7 8 9 10 11 12 13 14 15 16 17 18
12Z AVG MX 2MIN
DY MAX MIN AVG DEP HDD CDD WTR SNW DPTH SPD SPD DIR MIN PSBL S-S WX SPD DR
================================================================================
1 49 20 35 -3 30 0 0.18 M M 5.5 16 150 M M 3 18 25 110
2 51 38 45 7 20 0 0.70 M M 4.3 12 10 M M 9 1 22 320
3 61 33 47 8 18 0 0.00 M M 2.9 13 150 M M 5 12 18 150
4 66 37 52 13 13 0 0.00 M M 4.6 15 140 M M 6 12 21 160
5 54 45 50 11 15 0 0.18 M M 3.4 12 30 M M 8 1 15 30
6 52 44 48 8 17 0 0.11 M M 4.0 9 360 M M 8 12 17 40
7 63 44 54 14 11 0 T M M 6.6 17 340 M M 5 1 26 330
8 55 36 46 6 19 0 0.00 M M 4.9 15 130 M M 3 21 160
9 47 39 43 3 22 0 1.39 M M 5.4 14 10 M M 10 1 20 20
10 45 34 40 -1 25 0 T T M 19.4 38 270 M M 8 8 53 290
11 52 34 43 2 22 0 0.00 M M 17.5 29 310 M M 2 42 270
12 70 41 56 15 9 0 0.00 M M 13.2 29 270 M M 0 42 240
13 72 38 55 13 10 0 0.00 M M 5.1 22 260 M M 0 27 250
14 75 37 56 14 9 0 0.00 M M 4.8 14 150 M M 0 8 20 220
15 69 49 59 17 6 0 0.14 M M 12.5 30 260 M M 6 42 270
16 63 36 50 7 15 0 0.00 M M 6.3 21 280 M M 2 29 280
17 64 44 54 11 11 0 0.00 M M 15.6 31 260 M M 3 41 260
18 47 33 40 -3 25 0 0.00 M M 13.6 25 290 M M 6 33 310
19 50 33 42 -2 23 0 0.00 M M 10.7 24 280 M M 7 32 270
20 62 34 48 4 17 0 0.00 M M 15.0 39 280 M M 1 55 310
21 47 22 35 -9 30 0 0.00 M M 9.0 17 290 M M 0 27 320
22 51 24 38 -7 27 0 0.06 M M 5.7 17 140 M M 2 1 30 150
23 47 31 39 -6 26 0 0.81 M M 12.9 29 330 M M 7 1 45 320
24 47 25 36 -9 29 0 0.00 M M 5.7 21 330 M M 0 29 340
25 55 26 41 -5 24 0 0.00 M M 3.7 14 150 M M 0 19 160
26 58 31 45 -1 20 0 0.05 M M 4.1 10 140 M M 2 17 110
================================================================================
SM 1472 908 493 0 3.62 T 216.4 M 103
================================================================================
AV 56.6 34.9 8.3 FASTST M M 4 MAX(MPH)
MISC ----> 39 280 55 310
================================================================================
NOTES:
# LAST OF SEVERAL OCCURRENCES
COLUMN 17 PEAK WIND IN M.P.H.
PRELIMINARY LOCAL CLIMATOLOGICAL DATA (WS FORM: F-6) , PAGE 2
STATION: MARTINSBURG WV
MONTH: MARCH
YEAR: 2024
LATITUDE: 39 24 N
LONGITUDE: 77 58 W
[TEMPERATURE DATA] [PRECIPITATION DATA] SYMBOLS USED IN COLUMN 16
AVERAGE MONTHLY: 45.8 TOTAL FOR MONTH: 3.62 1 = FOG OR MIST
DPTR FM NORMAL: 3.8 DPTR FM NORMAL: 0.76 2 = FOG REDUCING VISIBILITY
HIGHEST: 75 ON 14 GRTST 24HR 1.39 ON 9- 9 TO 1/4 MILE OR LESS
LOWEST: 20 ON 1 3 = THUNDER
SNOW, ICE PELLETS, HAIL 4 = ICE PELLETS
TOTAL MONTH: T 5 = HAIL
GRTST 24HR T ON 10-10 6 = FREEZING RAIN OR DRIZZLE
GRTST DEPTH: M ON M 7 = DUSTSTORM OR SANDSTORM:
VSBY 1/2 MILE OR LESS
8 = SMOKE OR HAZE
[NO. OF DAYS WITH] [WEATHER - DAYS WITH] 9 = BLOWING SNOW
X = TORNADO
MAX 32 OR BELOW: 0 0.01 INCH OR MORE: 9
MAX 90 OR ABOVE: 0 0.10 INCH OR MORE: 7
MIN 32 OR BELOW: 7 0.50 INCH OR MORE: 3
MIN 0 OR BELOW: 0 1.00 INCH OR MORE: 1
[HDD (BASE 65) ]
TOTAL THIS MO. 493 CLEAR (SCALE 0-3) 14
DPTR FM NORMAL -105 PTCLDY (SCALE 4-7) 8
TOTAL FM JUL 1 4086 CLOUDY (SCALE 8-10) 4
DPTR FM NORMAL -258
[CDD (BASE 65) ]
TOTAL THIS MO. 0
DPTR FM NORMAL 0 [PRESSURE DATA]
TOTAL FM JAN 1 0 HIGHEST SLP M ON M
DPTR FM NORMAL 0 LOWEST SLP 29.55 ON 17
[REMARKS]