000
CXUS53 KOAX 190930
CF6OAX
PRELIMINARY LOCAL CLIMATOLOGICAL DATA (WS FORM: F-6)
STATION: VALLEY NWS NE
MONTH: APRIL
YEAR: 2024
LATITUDE: 41 19 N
LONGITUDE: 96 22 W
TEMPERATURE IN F: :PCPN: SNOW: WIND :SUNSHINE: SKY :PK WND
================================================================================
1 2 3 4 5 6A 6B 7 8 9 10 11 12 13 14 15 16 17 18
12Z AVG MX 2MIN
DY MAX MIN AVG DEP HDD CDD WTR SNW DPTH SPD SPD DIR MIN PSBL S-S WX SPD DR
================================================================================
1 48 40 44 -3 21 0 0.04 0.0 0 M M M M M M 1 26 M
2 57 38 48 1 17 0 0.04 0.0 0 M M M M M M 46 M
3 54 35 45 -3 20 0 T 0.0 0 M M M M M M 43 M
4 61 30 46 -2 19 0 0.00 0.0 0 M M M M M M 30 M
5 63 30 47 -1 18 0 0.00 0.0 0 M M M M M M 31 M
6 68 41 55 7 10 0 0.26 0.0 0 M M M M M M 49 M
7 60 48 54 5 11 0 0.00 0.0 0 M M M M M M 37 M
8 64 40 52 3 13 0 0.00 0.0 0 M M M M M M 31 M
9 68 36 52 2 13 0 0.00 0.0 0 M M M M M M 47 M
10 74 43 59 9 6 0 0.00 0.0 0 M M M M M M 43 M
11 62 42 52 2 13 0 0.00 0.0 0 M M M M M M 48 M
12 68 37 53 3 12 0 0.00 0.0 0 M M M M M M 21 M
13 85 51 68 17 0 3 0.00 0.0 0 M M M M M M 28 M
14 87 50 69 18 0 4 0.00 0.0 0 M M M M M M 29 M
15 84 55 70 18 0 5 0.20 0.0 0 M M M M M M 3 M M
16 75 53 64 12 1 0 0.33 0.0 0 M M M M M M 3 54 M
17 68 51 60 8 5 0 0.02 0.0 0 M M M M M M 37 M
18 56 39 48 -4 17 0 0.09 0.0 0 M M M M M M 39 M
================================================================================
SM 1202 759 196 12 0.98 0.0 M M M
================================================================================
AV 66.8 42.2 M FASTST M M M MAX(MPH)
MISC ----> M M 54 9999
================================================================================
NOTES:
# LAST OF SEVERAL OCCURRENCES
COLUMN 17 PEAK WIND IN M.P.H.
PRELIMINARY LOCAL CLIMATOLOGICAL DATA (WS FORM: F-6) , PAGE 2
STATION: VALLEY NWS NE
MONTH: APRIL
YEAR: 2024
LATITUDE: 41 19 N
LONGITUDE: 96 22 W
[TEMPERATURE DATA] [PRECIPITATION DATA] SYMBOLS USED IN COLUMN 16
AVERAGE MONTHLY: 54.5 TOTAL FOR MONTH: 0.98 1 = FOG OR MIST
DPTR FM NORMAL: 4.8 DPTR FM NORMAL: -0.64 2 = FOG REDUCING VISIBILITY
HIGHEST: 87 ON 14 GRTST 24HR 0.33 ON 16-16 TO 1/4 MILE OR LESS
LOWEST: 30 ON 5, 4 3 = THUNDER
SNOW, ICE PELLETS, HAIL 4 = ICE PELLETS
TOTAL MONTH: 0.0 INCH 5 = HAIL
GRTST 24HR 0.0 6 = FREEZING RAIN OR DRIZZLE
GRTST DEPTH: 0 7 = DUSTSTORM OR SANDSTORM:
VSBY 1/2 MILE OR LESS
8 = SMOKE OR HAZE
[NO. OF DAYS WITH] [WEATHER - DAYS WITH] 9 = BLOWING SNOW
X = TORNADO
MAX 32 OR BELOW: 0 0.01 INCH OR MORE: 7
MAX 90 OR ABOVE: 0 0.10 INCH OR MORE: 3
MIN 32 OR BELOW: 2 0.50 INCH OR MORE: 0
MIN 0 OR BELOW: 0 1.00 INCH OR MORE: 0
[HDD (BASE 65) ]
TOTAL THIS MO. 196 CLEAR (SCALE 0-3) 0
DPTR FM NORMAL -84 PTCLDY (SCALE 4-7) 0
TOTAL FM JUL 1 4793 CLOUDY (SCALE 8-10) 18
DPTR FM NORMAL -864
[CDD (BASE 65) ]
TOTAL THIS MO. 12
DPTR FM NORMAL 12 [PRESSURE DATA]
TOTAL FM JAN 1 12 HIGHEST SLP M ON M
DPTR FM NORMAL 11 LOWEST SLP M ON M
[REMARKS]