000
CXUS56 KBOI 281002
CF6REO
PRELIMINARY LOCAL CLIMATOLOGICAL DATA (WS FORM: F-6)
STATION: ROME OR
MONTH: MARCH
YEAR: 2024
LATITUDE: 42 35 N
LONGITUDE: 117 52 W
TEMPERATURE IN F: :PCPN: SNOW: WIND :SUNSHINE: SKY :PK WND
================================================================================
1 2 3 4 5 6A 6B 7 8 9 10 11 12 13 14 15 16 17 18
12Z AVG MX 2MIN
DY MAX MIN AVG DEP HDD CDD WTR SNW DPTH SPD SPD DIR MIN PSBL S-S WX SPD DR
================================================================================
1 51 31 41 2 24 0 0.00 M M 15.2 33 240 M M 0 48 240
2 39 21 30 -9 35 0 0.04 M M 16.3 46 250 M M 0 61 250
3 34 21 28 -11 37 0 0.19 M M 10.6 29 240 M M 0 37 250
4 39 24 32 -8 33 0 0.00 M M 14.6 29 240 M M 0 36 250
5 48 31 40 0 25 0 0.31 M M 16.9 33 230 M M 0 47 230
6 37 28 33 -7 32 0 0.14 M M 5.7 12 50 M M 0 16 50
7 41 23 32 -8 33 0 0.00 M M 4.6 12 20 M M 0 17 360
8 49 20 35 -6 30 0 0.00 M M 4.5 13 150 M M 0 15 180
9 54 22 38 -3 27 0 0.00 M M 6.2 28 250 M M 0 41 220
10 54 31 43 2 22 0 0.00 M M 9.2 28 230 M M 0 40 220
11 53 33 43 2 22 0 0.00 M M 12.6 28 230 M M 0 37 240
12 54 29 42 0 23 0 0.01 M M 11.2 25 310 M M 0 35 310
13 44 27 36 -6 29 0 0.00 M M 10.7 21 360 M M 0 28 330
14 51 18 35 -7 30 0 0.00 M M 7.0 18 20 M M 0 23 20
15 56 20 38 -4 27 0 0.00 M M 6.7 18 40 M M 0 27 40
16 61 21 41 -1 24 0 0.00 M M 5.7 14 70 M M 0 18 70
17 66 25 46 4 19 0 0.00 M M 5.8 16 70 M M 0 26 90
18 70 26 48 5 17 0 0.00 M M 3.3 12 160 M M 0 18 150
19 72 29 51 8 14 0 0.00 M M 6.0 16 270 M M 0 23 270
20 71 35 53 10 12 0 0.00 M M 11.5 22 250 M M 0 34 200
21 64 37 51 8 14 0 0.00 M M 10.2 20 270 M M 0 27 240
22 67 28 48 5 17 0 0.00 M M 8.2 24 230 M M 0 32 220
23 52 34 43 0 22 0 0.16 M M 12.6 28 230 M M 0 37 230
24 53 31 42 -1 23 0 0.00 M M 7.4 22 330 M M 0 30 360
25 50 30 40 -3 25 0 0.02 M M 6.7 20 320 M M 0 26 320
26 50 30 40 -4 25 0 0.00 M M 9.2 23 290 M M 0 30 290
27 56 28 42 -2 23 0 0.07 M M 13.5 30 180 M M 0 46 200
================================================================================
SM 1436 733 664 0 0.94 M 252.1 M 0
================================================================================
AV 53.2 27.1 9.3 FASTST M M 0 MAX(MPH)
MISC ----> 46 250 61 250
================================================================================
NOTES:
# LAST OF SEVERAL OCCURRENCES
COLUMN 17 PEAK WIND IN M.P.H.
PRELIMINARY LOCAL CLIMATOLOGICAL DATA (WS FORM: F-6) , PAGE 2
STATION: ROME OR
MONTH: MARCH
YEAR: 2024
LATITUDE: 42 35 N
LONGITUDE: 117 52 W
[TEMPERATURE DATA] [PRECIPITATION DATA] SYMBOLS USED IN COLUMN 16
AVERAGE MONTHLY: 40.2 TOTAL FOR MONTH: 0.94 1 = FOG OR MIST
DPTR FM NORMAL: -1.5 DPTR FM NORMAL: 0.32 2 = FOG REDUCING VISIBILITY
HIGHEST: 72 ON 19 GRTST 24HR 0.44 ON 5- 6 TO 1/4 MILE OR LESS
LOWEST: 18 ON 14 3 = THUNDER
SNOW, ICE PELLETS, HAIL 4 = ICE PELLETS
TOTAL MONTH: M 5 = HAIL
GRTST 24HR M ON M 6 = FREEZING RAIN OR DRIZZLE
GRTST DEPTH: M ON M 7 = DUSTSTORM OR SANDSTORM:
VSBY 1/2 MILE OR LESS
8 = SMOKE OR HAZE
[NO. OF DAYS WITH] [WEATHER - DAYS WITH] 9 = BLOWING SNOW
X = TORNADO
MAX 32 OR BELOW: 0 0.01 INCH OR MORE: 8
MAX 90 OR ABOVE: 0 0.10 INCH OR MORE: 4
MIN 32 OR BELOW: 23 0.50 INCH OR MORE: 0
MIN 0 OR BELOW: 0 1.00 INCH OR MORE: 0
[HDD (BASE 65) ]
TOTAL THIS MO. 664 CLEAR (SCALE 0-3) 27
DPTR FM NORMAL 32 PTCLDY (SCALE 4-7) 0
TOTAL FM JUL 1 4866 CLOUDY (SCALE 8-10) 0
DPTR FM NORMAL -241
[CDD (BASE 65) ]
TOTAL THIS MO. 0
DPTR FM NORMAL 0 [PRESSURE DATA]
TOTAL FM JAN 1 0 HIGHEST SLP M ON M
DPTR FM NORMAL 0 LOWEST SLP 29.27 ON 2
[REMARKS]