000
CXUS51 KAKQ 190710
CF6RIC
PRELIMINARY LOCAL CLIMATOLOGICAL DATA (WS FORM: F-6)
STATION: RICHMOND VA
MONTH: APRIL
YEAR: 2024
LATITUDE: 37 30 N
LONGITUDE: 77 20 W
TEMPERATURE IN F: :PCPN: SNOW: WIND :SUNSHINE: SKY :PK WND
================================================================================
1 2 3 4 5 6A 6B 7 8 9 10 11 12 13 14 15 16 17 18
12Z AVG MX 2MIN
DY MAX MIN AVG DEP HDD CDD WTR SNW DPTH SPD SPD DIR MIN PSBL S-S WX SPD DR
================================================================================
1 70 47 59 5 6 0 0.08 0.0 0 5.9 16 60 M M 8 13 21 50
2 71 51 61 7 4 0 0.02 0.0 0 7.0 18 40 M M 10 1 24 40
3 69 48 59 5 6 0 0.63 0.0 0 7.4 30 300 M M 10 138 46 300
4 59 38 49 -6 16 0 0.01 0.0 0 10.7 30 290 M M 5 1 44 290
5 61 42 52 -3 13 0 T 0.0 0 12.7 23 340 M M 4 29 330
6 60 39 50 -5 15 0 0.00 0.0 0 12.1 24 300 M M 4 34 350
7 67 39 53 -3 12 0 0.00 0.0 0 6.9 16 340 M M 1 27 330
8 74 38 56 0 9 0 0.00 0.0 0 7.2 16 190 M M 4 23 180
9 78 53 66 10 0 1 T 0.0 0 9.8 21 220 M M 8 30 230
10 77 59 68 11 0 3 T 0.0 0 11.0 21 210 M M 9 29 230
11 74 62 68 11 0 3 0.15 0.0 0 14.2 28 210 M M 9 1 41 200
12 71 56 64 7 1 0 0.22 0.0 0 17.6 36 230 M M 8 18 46 230
13 72 49 61 3 4 0 0.00 0.0 0 12.7 33 280 M M 4 47 290
14 82 41 62 4 3 0 0.00 0.0 0 11.6 26 200 M M 1 36 200
15 90 58 74 16 0 9 0.22 0.0 0 8.1 37 330 M M 3 13 50 340
16 76 57 67 8 0 2 0.00 0.0 0 7.9 14 140 M M 5 1 20 70
17 78 54 66 7 0 1 0.00 0.0 0 8.5 16 210 M M 8 23 220
18 86 57 72 13 0 7 0.00 0.0 0 6.8 18 90 M M 4 25 90
================================================================================
SM 1315 888 89 26 1.33 0.0 178.1 M 105
================================================================================
AV 73.1 49.3 9.9 FASTST M M 6 MAX(MPH)
MISC ----> 37 330 50 340
================================================================================
NOTES:
# LAST OF SEVERAL OCCURRENCES
COLUMN 17 PEAK WIND IN M.P.H.
PRELIMINARY LOCAL CLIMATOLOGICAL DATA (WS FORM: F-6) , PAGE 2
STATION: RICHMOND VA
MONTH: APRIL
YEAR: 2024
LATITUDE: 37 30 N
LONGITUDE: 77 20 W
[TEMPERATURE DATA] [PRECIPITATION DATA] SYMBOLS USED IN COLUMN 16
AVERAGE MONTHLY: 61.2 TOTAL FOR MONTH: 1.33 1 = FOG OR MIST
DPTR FM NORMAL: 4.7 DPTR FM NORMAL: -0.50 2 = FOG REDUCING VISIBILITY
HIGHEST: 90 ON 15 GRTST 24HR 0.63 ON 3- 3 TO 1/4 MILE OR LESS
LOWEST: 38 ON 8, 4 3 = THUNDER
SNOW, ICE PELLETS, HAIL 4 = ICE PELLETS
TOTAL MONTH: 0.0 INCH 5 = HAIL
GRTST 24HR 0.0 6 = FREEZING RAIN OR DRIZZLE
GRTST DEPTH: 0 7 = DUSTSTORM OR SANDSTORM:
VSBY 1/2 MILE OR LESS
8 = SMOKE OR HAZE
[NO. OF DAYS WITH] [WEATHER - DAYS WITH] 9 = BLOWING SNOW
X = TORNADO
MAX 32 OR BELOW: 0 0.01 INCH OR MORE: 7
MAX 90 OR ABOVE: 1 0.10 INCH OR MORE: 4
MIN 32 OR BELOW: 0 0.50 INCH OR MORE: 1
MIN 0 OR BELOW: 0 1.00 INCH OR MORE: 0
[HDD (BASE 65) ]
TOTAL THIS MO. 89 CLEAR (SCALE 0-3) 2
DPTR FM NORMAL -80 PTCLDY (SCALE 4-7) 11
TOTAL FM JUL 1 2925 CLOUDY (SCALE 8-10) 5
DPTR FM NORMAL -667
[CDD (BASE 65) ]
TOTAL THIS MO. 26
DPTR FM NORMAL 12 [PRESSURE DATA]
TOTAL FM JAN 1 36 HIGHEST SLP M ON M
DPTR FM NORMAL 17 LOWEST SLP 29.23 ON 3
[REMARKS]