000
CXUS53 KDLH 032036
CLMINL
CLIMATE REPORT
NATIONAL WEATHER SERVICE DULUTH MN
336 PM CDT WED APR 03 2024
...................................
...THE INTERNATIONAL FALLS CLIMATE SUMMARY FOR THE MONTH OF MARCH 2024...
CLIMATE NORMAL PERIOD: 1991 TO 2020
CLIMATE RECORD PERIOD: 1895 TO 2024
WEATHER OBSERVED NORMAL DEPART LAST YEAR`S
VALUE DATE(S) VALUE FROM VALUE DATE(S)
NORMAL
................................................................
TEMPERATURE (F)
RECORD
HIGH 79 03/18/2012
LOW -38 03/01/1962
HIGHEST 62 03/11 MM MM 44 03/03
LOWEST -2 03/29 MM MM -15 03/02
AVG. MAXIMUM 35.0 35.4 -0.4 31.5
AVG. MINIMUM 14.9 11.8 3.1 6.8
MEAN 25.0 23.6 1.4 19.2
DAYS MAX >= 90 0 0.0 0.0 0
DAYS MAX <= 32 13 12.0 1.0 17
DAYS MIN <= 32 31 29.0 2.0 31
DAYS MIN <= 0 3 7.0 -4.0 7
PRECIPITATION (INCHES)
RECORD
MAXIMUM 3.80 2009
MINIMUM T 1918
TOTALS 1.16 1.02 0.14 1.32
DAILY AVG. 0.04 0.03 0.01 0.04
DAYS >= .01 9 8.3 0.7 8
DAYS >= .10 6 2.7 3.3 6
DAYS >= .50 0 0.4 -0.4 0
DAYS >= 1.00 0 0.1 -0.1 0
GREATEST
24 HR. TOTAL 0.28 03/26 TO 03/27
SNOWFALL (INCHES)
RECORDS
TOTAL 31.5 1951
TOTALS 19.4 7.9 11.5 17.3
SINCE 7/1 51.6 65.8 -14.2 MM
SNOWDEPTH AVG. 2 21
DAYS >= 1.0 5 2.8 2.2 7
GREATEST
SNOW DEPTH 10 03/27 26 03/22
03/28
24 HR TOTAL MM
DEGREE DAYS
HEATING TOTAL 1232 1284 -52 1415
SINCE 7/1 6892 8775 -1883 MM
COOLING TOTAL 0 0 0 0
SINCE 1/1 0 0 0 MM
................................................................
WIND (MPH)
AVERAGE WIND SPEED 8.4
HIGHEST WIND SPEED/DIRECTION 31/240 DATE 03/04
HIGHEST GUST SPEED/DIRECTION 48/230 DATE 03/04
SKY COVER
POSSIBLE SUNSHINE (PERCENT) MM
AVERAGE SKY COVER 0.50
NUMBER OF DAYS FAIR 13
NUMBER OF DAYS PC 9
NUMBER OF DAYS CLOUDY 9
AVERAGE RH (PERCENT) 64
WEATHER CONDITIONS. NUMBER OF DAYS WITH
THUNDERSTORM 0 MIXED PRECIP 0
HEAVY RAIN 1 RAIN 1
LIGHT RAIN 3 FREEZING RAIN 1
LT FREEZING RAIN 1 HAIL 0
HEAVY SNOW 3 SNOW 6
LIGHT SNOW 13 SLEET 0
FOG 11 FOG W/VIS <= 1/4 MILE 3
HAZE 10
- INDICATES NEGATIVE NUMBERS.
R INDICATES RECORD WAS SET OR TIED.
MM INDICATES DATA IS MISSING.
T INDICATES TRACE AMOUNT.
$$