000
CXUS55 KLKN 020933
CLMWMC
CLIMATE REPORT
NATIONAL WEATHER SERVICE ELKO, NV
233 AM PDT TUE APR 02 2024
...................................
...THE WINNEMUCCA AIRPORT NV CLIMATE SUMMARY FOR THE MONTH OF MARCH 2024...
CLIMATE NORMAL PERIOD 1991 TO 2020
CLIMATE RECORD PERIOD 1877 TO 2024
WEATHER OBSERVED NORMAL DEPART LAST YEAR`S
VALUE DATE(S) VALUE FROM VALUE DATE(S)
NORMAL
................................................................
TEMPERATURE (F)
RECORD
HIGH 82 03/29/1879
LOW -3 03/02/1971
03/01/1971
03/12/1954
HIGHEST 71 03/20 71 0 60 03/28
LOWEST 18 03/08 12 6 9 03/24
AVG. MAXIMUM 54.3 57.7 -3.4 46.7
AVG. MINIMUM 28.2 27.5 0.7 24.7
MEAN 41.3 42.6 -1.3 35.7
DAYS MAX >= 90 0 0.0 0.0 0
DAYS MAX <= 32 0 0.0 0.0 0
DAYS MIN <= 32 25 24.0 1.0 25
DAYS MIN <= 0 0 0.0 0.0 0
PRECIPITATION (INCHES)
RECORD
MAXIMUM 3.04 1899
MINIMUM 0.03 2004
TOTALS 1.43 0.87 0.56 1.89
DAILY AVG. 0.05 0.03 0.02 0.06
DAYS >= .01 11 8.2 2.8 18
DAYS >= .10 7 3.2 3.8 5
DAYS >= .50 0 0.2 -0.2 0
DAYS >= 1.00 0 0.0 0.0 0
GREATEST
24 HR. TOTAL 0.36 03/30 TO 03/31 0.77
SNOWFALL (INCHES)
RECORDS
TOTAL 23.4 1952
TOTALS 5.6 3.0 2.6 10.3
SINCE 7/1 20.1 20.1 0.0 MM
SNOWDEPTH AVG. 0 0
DAYS >= TRACE 7 2.6 4.4 16
DAYS >= 1.0 2 1.2 0.8 2
DAYS >= 1.0 2 2
GREATEST
SNOW DEPTH 2 03/03 6
03/04
24 HR TOTAL MM MM
DEGREE DAYS
HEATING TOTAL 729 694 35 901
SINCE 7/1 4637 4995 -358 MM
COOLING TOTAL 0 0 0 0
SINCE 1/1 0 0 0 MM
................................................................
WIND (MPH)
AVERAGE WIND SPEED 9.4
HIGHEST WIND SPEED/DIRECTION 35/240 DATE 03/02
HIGHEST GUST SPEED/DIRECTION 51/270 DATE 03/02
AVERAGE RH (PERCENT) 56
WEATHER CONDITIONS. NUMBER OF DAYS WITH
THUNDERSTORM 0 MIXED PRECIP 0
HEAVY RAIN 0 RAIN 1
LIGHT RAIN 11 FREEZING RAIN 0
LT FREEZING RAIN 0 HAIL 0
HEAVY SNOW 0 SNOW 1
LIGHT SNOW 10 SLEET 0
FOG 12 FOG W/VIS <= 1/4 MILE 0
HAZE 2
- INDICATES NEGATIVE NUMBERS.
R INDICATES RECORD WAS SET OR TIED.
MM INDICATES DATA IS MISSING.
T INDICATES TRACE AMOUNT.
=====================================================================
...MARCH 2024 IN WINNEMUCCA WAS COLDER, WETTER AND SNOWIER THAN NORMAL...
$$