000
CXUS55 KBOU 010900
CF620V
PRELIMINARY LOCAL CLIMATOLOGICAL DATA (WS FORM: F-6)
STATION: KREMMLING
MONTH: APRIL
YEAR: 2023
LATITUDE: 40 3 N
LONGITUDE: 106 22 W
TEMPERATURE IN F: :PCPN: SNOW: WIND :SUNSHINE: SKY :PK WND
================================================================================
1 2 3 4 5 6A 6B 7 8 9 10 11 12 13 14 15 16 17 18
12Z AVG MX 2MIN
DY MAX MIN AVG DEP HDD CDD WTR SNW DPTH SPD SPD DIR MIN PSBL S-S WX SPD DR
================================================================================
1 46 18 32 M 33 0 M M M 7.7 22 260 M M 2 30 260
2 48 36 42 M 23 0 M M M 14.4 31 240 M M 3 40 230
3 50 32 41 M 24 0 M M M 15.5 25 230 M M 6 36 220
4 36 18 27 M 38 0 M M M 8.8 23 250 M M 7 30 250
5 30 9 20 M 45 0 M M M 4.7 10 340 M M 7 25 270
6 34 7 21 M 44 0 M M M 3.3 7 90 M M 2 M M
7 43 9 26 M 39 0 M M M 2.5 10 70 M M 1 M M
8 48 21 35 M 30 0 M M M 2.4 16 250 M M 5 21 350
9 54 23 39 M 26 0 M M M 2.3 15 330 M M 0 21 330
10 59 21 40 M 25 0 M M M 1.8 6 110 M M 0 M M
11 68 25 47 M 18 0 M M M 3.4 18 220 M M 0 23 220
12 70 27 49 M 16 0 M M M 6.7 26 250 M M 2 33 250
13 63 30 47 M 18 0 M M M 11.5 25 260 M M 2 38 260
14 43 30 37 M 28 0 M M M 5.6 14 350 M M 9 22 330
15 39 23 31 M 34 0 M M M 5.4 15 270 M M 5 25 270
16 54 18 36 M 29 0 M M M 2.6 9 270 M M 0 20 270
17 63 21 42 M 23 0 M M M 3.4 14 250 M M 1 25 250
18 59 23 41 M 24 0 M M M 11.9 32 250 M M 2 46 250
19 36 21 29 M 36 0 M M M 5.1 16 350 M M 9 25 350
20 37 18 28 M 37 0 M M M 8.3 15 260 M M 4 31 270
21 37 18 28 M 37 0 M M M 7.0 20 260 M M 8 28 260
22 37 27 32 M 33 0 M M M 3.9 15 330 M M 8 21 330
23 52 21 37 M 28 0 M M M 3.2 14 240 M M 4 20 230
24 55 23 39 M 26 0 M M M 2.8 12 240 M M 6 24 240
25 50 30 40 M 25 0 M M M 4.6 14 200 M M 6 25 320
26 57 32 45 M 20 0 M M M 4.7 16 350 M M 3 25 350
27 55 30 43 M 22 0 M M M 7.5 22 260 M M 8 37 340
28 48 28 38 M 27 0 M M M 6.1 12 340 M M 2 18 330
29 64 23 44 M 21 0 M M M 3.5 13 330 M M 0 25 220
30 64 27 46 M 19 0 M M M 4.0 16 340 M M 0 24 350
================================================================================
SM 1499 689 848 0 M M 174.7 M 112
================================================================================
AV 50.0 23.0 5.8 FASTST M M 4 MAX(MPH)
MISC ----> 32 250 46 250
================================================================================
NOTES:
# LAST OF SEVERAL OCCURRENCES
COLUMN 17 PEAK WIND IN M.P.H.
PRELIMINARY LOCAL CLIMATOLOGICAL DATA (WS FORM: F-6) , PAGE 2
STATION: KREMMLING
MONTH: APRIL
YEAR: 2023
LATITUDE: 40 3 N
LONGITUDE: 106 22 W
[TEMPERATURE DATA] [PRECIPITATION DATA] SYMBOLS USED IN COLUMN 16
AVERAGE MONTHLY: 36.5 TOTAL FOR MONTH: M 1 = FOG OR MIST
DPTR FM NORMAL: 0.0 DPTR FM NORMAL: M 2 = FOG REDUCING VISIBILITY
HIGHEST: 70 ON 12 GRTST 24HR M ON M TO 1/4 MILE OR LESS
LOWEST: 7 ON 6 3 = THUNDER
SNOW, ICE PELLETS, HAIL 4 = ICE PELLETS
TOTAL MONTH: M 5 = HAIL
GRTST 24HR M ON M 6 = FREEZING RAIN OR DRIZZLE
GRTST DEPTH: M ON M 7 = DUSTSTORM OR SANDSTORM:
VSBY 1/2 MILE OR LESS
8 = SMOKE OR HAZE
[NO. OF DAYS WITH] [WEATHER - DAYS WITH] 9 = BLOWING SNOW
X = TORNADO
MAX 32 OR BELOW: 1 0.01 INCH OR MORE: 0
MAX 90 OR ABOVE: 0 0.10 INCH OR MORE: 0
MIN 32 OR BELOW: 29 0.50 INCH OR MORE: 0
MIN 0 OR BELOW: 0 1.00 INCH OR MORE: 0
[HDD (BASE 65) ]
TOTAL THIS MO. 848 CLEAR (SCALE 0-3) 15
DPTR FM NORMAL M PTCLDY (SCALE 4-7) 12
TOTAL FM JUL 1 8877 CLOUDY (SCALE 8-10) 3
DPTR FM NORMAL M
[CDD (BASE 65) ]
TOTAL THIS MO. 0
DPTR FM NORMAL M [PRESSURE DATA]
TOTAL FM JAN 1 0 HIGHEST SLP M ON M
DPTR FM NORMAL M LOWEST SLP M ON M
[REMARKS]
#FINAL-04-23#