000
CXUS54 KMAF 011509
CF66R6
PRELIMINARY LOCAL CLIMATOLOGICAL DATA (WS FORM: F-6)
STATION: TERRELL COUNTY AIRPORT
MONTH: NOVEMBER
YEAR: 2022
LATITUDE: 30 2 N
LONGITUDE: 102 13 W
TEMPERATURE IN F: :PCPN: SNOW: WIND :SUNSHINE: SKY :PK WND
================================================================================
1 2 3 4 5 6A 6B 7 8 9 10 11 12 13 14 15 16 17 18
12Z AVG MX 2MIN
DY MAX MIN AVG DEP HDD CDD WTR SNW DPTH SPD SPD DIR MIN PSBL S-S WX SPD DR
================================================================================
1 72 49 61 -2 4 0 0.00 M M 5.7 15 120 M M 0 22 120
2 74 57 66 3 0 1 0.00 M M 8.5 16 100 M M 0 23 100
3 76 62 69 7 0 4 0.00 M M 9.2 18 110 M M 0 26 100
4 77 45 61 -1 4 0 0.00 M M 10.6 32 330 M M 0 41 330
5 76 42 59 -3 6 0 0.00 M M 10.9 23 220 M M 0 31 230
6 80 41 61 0 4 0 0.00 M M 5.3 12 140 M M 0 15 130
7 82 56 69 8 0 4 0.00 M M 10.0 20 110 M M 0 29 120
8 78 66 72 11 0 7 0.00 M M 14.9 23 120 M M 0 34 130
9 82 65 74 14 0 9 0.00 M M 6.5 21 110 M M 0 31 120
10 77 64 71 11 0 6 0.00 M M 6.2 15 110 M M 0 22 130
11 69 41 55 -4 10 0 0.00 M M 12.0 26 350 M M 0 40 320
12 56 32 44 -15 21 0 0.00 M M 6.3 14 90 M M 0 18 80
13 57 34 46 -13 19 0 0.00 M M 9.2 17 140 M M 0 24 100
14 71 36 54 -4 11 0 0.00 M M 10.4 24 340 M M 0 33 20
15 52 31 42 -16 23 0 0.00 M M 6.1 14 20 M M 0 19 20
16 53 38 46 -12 19 0 0.00 M M 7.9 15 90 M M 0 20 100
17 57 34 46 -11 19 0 0.00 M M 5.7 13 150 M M 0 20 120
18 56 34 45 -12 20 0 0.00 M M 9.8 17 90 M M 0 23 100
19 43 37 40 -17 25 0 0.02 M M 9.9 16 20 M M 0 21 20
20 42 35 39 -17 26 0 0.05 M M 4.6 9 60 M M 0 13 20
21 56 37 47 -9 18 0 0.00 M M 3.8 9 90 M M 0 14 190
22 49 35 42 -14 23 0 0.00 M M 2.9 10 120 M M 0 14 130
23 55 47 51 -4 14 0 0.01 M M 3.5 9 130 M M 0 12 130
24 66 49 58 3 7 0 0.00 M M 10.2 29 340 M M 0 40 340
25 49 38 44 -11 21 0 0.45 M M 12.9 26 340 M M 0 37 340
26 64 34 49 -5 16 0 0.00 M M 16.1 29 250 M M 0 40 240
27 74 39 57 3 8 0 0.00 M M 7.9 17 240 M M 0 24 240
28 70 39 55 1 10 0 0.00 M M 6.0 12 290 M M 0 14 190
29 81 42 62 8 3 0 0.00 M M 7.8 22 240 M M 0 31 250
30 56 37 47 -6 18 0 0.00 M M 9.8 21 10 M M 0 30 10
================================================================================
SM 1950 1296 349 31 0.53 M 250.6 M 0
================================================================================
AV 65.0 43.2 8.4 FASTST M M 0 MAX(MPH)
MISC ----> 32 330 41 330
================================================================================
NOTES:
# LAST OF SEVERAL OCCURRENCES
COLUMN 17 PEAK WIND IN M.P.H.
PRELIMINARY LOCAL CLIMATOLOGICAL DATA (WS FORM: F-6) , PAGE 2
STATION: TERRELL COUNTY AIRPORT
MONTH: NOVEMBER
YEAR: 2022
LATITUDE: 30 2 N
LONGITUDE: 102 13 W
[TEMPERATURE DATA] [PRECIPITATION DATA] SYMBOLS USED IN COLUMN 16
AVERAGE MONTHLY: 54.1 TOTAL FOR MONTH: 0.53 1 = FOG OR MIST
DPTR FM NORMAL: -3.9 DPTR FM NORMAL: 0.00 2 = FOG REDUCING VISIBILITY
HIGHEST: 82 ON 9, 7 GRTST 24HR 0.45 ON 25-25 TO 1/4 MILE OR LESS
LOWEST: 31 ON 15 3 = THUNDER
SNOW, ICE PELLETS, HAIL 4 = ICE PELLETS
TOTAL MONTH: M 5 = HAIL
GRTST 24HR M ON M 6 = FREEZING RAIN OR DRIZZLE
GRTST DEPTH: M ON M 7 = DUSTSTORM OR SANDSTORM:
VSBY 1/2 MILE OR LESS
8 = SMOKE OR HAZE
[NO. OF DAYS WITH] [WEATHER - DAYS WITH] 9 = BLOWING SNOW
X = TORNADO
MAX 32 OR BELOW: 0 0.01 INCH OR MORE: 4
MAX 90 OR ABOVE: 0 0.10 INCH OR MORE: 1
MIN 32 OR BELOW: 2 0.50 INCH OR MORE: 0
MIN 0 OR BELOW: 0 1.00 INCH OR MORE: 0
[HDD (BASE 65) ]
TOTAL THIS MO. 349 CLEAR (SCALE 0-3) 30
DPTR FM NORMAL 117 PTCLDY (SCALE 4-7) 0
TOTAL FM JUL 1 413 CLOUDY (SCALE 8-10) 0
DPTR FM NORMAL 133
[CDD (BASE 65) ]
TOTAL THIS MO. 31
DPTR FM NORMAL 11 [PRESSURE DATA]
TOTAL FM JAN 1 3366 HIGHEST SLP 30.45 ON 16
DPTR FM NORMAL 435 LOWEST SLP 29.70 ON 29
[REMARKS]
#FINAL-11-22#