000
CXUS54 KMAF 040137
CF66R6
PRELIMINARY LOCAL CLIMATOLOGICAL DATA (WS FORM: F-6)
STATION: TERRELL COUNTY AIRPORT
MONTH: JULY
YEAR: 2021
LATITUDE: 30 2 N
LONGITUDE: 102 13 W
TEMPERATURE IN F: :PCPN: SNOW: WIND :SUNSHINE: SKY :PK WND
================================================================================
1 2 3 4 5 6A 6B 7 8 9 10 11 12 13 14 15 16 17 18
12Z AVG MX 2MIN
DY MAX MIN AVG DEP HDD CDD WTR SNW DPTH SPD SPD DIR MIN PSBL S-S WX SPD DR
================================================================================
1 94 70 82 -2 0 17 0.01 M M 9.6 20 120 M M 0 29 100
2 98 69 84 0 0 19 0.00 M M 7.9 20 110 M M 0 26 110
3 96 74 85 1 0 20 0.00 M M 9.1 18 80 M M 0 23 60
4 99 73 86 2 0 21 0.00 M M 7.7 28 70 M M 0 34 70
5 93 69 81 -3 0 16 0.01 M M 7.4 25 340 M M 0 31 330
6 92 69 81 -3 0 16 0.38 M M 7.1 18 80 M M 0 23 80
7 91 72 82 -2 0 17 0.00 M M 7.1 16 80 M M 0 23 110
8 94 69 82 -2 0 17 0.00 M M 6.9 17 110 M M 0 23 110
9 94 72 83 -1 0 18 0.00 M M 9.1 29 90 M M 0 34 80
10 91 72 82 -2 0 17 0.04 M M 10.4 21 110 M M 0 26 130
11 91 75 83 -1 0 18 0.00 M M 11.7 20 120 M M 0 26 130
12 87 65 76 -8 0 11 0.81 M M 8.2 22 200 M M 0 27 360
13 90 70 80 -4 0 15 0.00 0.0 0 12.8 22 120 M M 0 30 110
14 91 67 79 -5 0 14 0.00 M M 10.5 23 120 M M 0 29 120
15 94 69 82 -2 0 17 0.00 M M 7.7 20 120 M M 0 28 100
16 97 71 84 0 0 19 0.00 M M 8.8 18 120 M M 0 24 120
17 94 74 84 -1 0 19 0.00 M M 11.5 22 120 M M 0 28 120
18 93 74 84 -1 0 19 0.00 M M 9.5 18 110 M M 0 24 110
19 97 73 85 0 0 20 0.00 M M 7.7 22 40 M M 0 26 50
20 95 74 85 0 0 20 0.00 M M 9.2 18 60 M M 0 26 60
21 94 71 83 -2 0 18 0.00 M M 7.8 22 100 M M 0 26 100
22 93 68 81 -4 0 16 0.00 M M 10.1 21 120 M M 0 27 120
23 96 74 85 0 0 20 0.00 M M 9.4 22 170 M M 0 28 160
24 100 74 87 2 0 22 0.00 M M 8.5 21 120 M M 0 26 120
25 101 72 87 2 0 22 0.00 M M 8.5 18 120 M M 0 23 120
26 100 70 85 0 0 20 0.00 M M 9.4 20 100 M M 0 24 110
27 100 71 86 1 0 21 0.00 M M 8.3 18 100 M M 0 24 110
28 93 74 84 -1 0 19 0.02 M M 7.7 20 70 M M 0 25 70
29 96 70 83 -2 0 18 0.00 M M 8.6 20 120 M M 0 25 120
30 97 75 86 1 0 21 0.00 M M 7.6 16 110 M M 0 25 130
31 101 73 87 2 0 22 0.00 M M 7.5 18 110 M M 0 25 80
================================================================================
SM 2942 2213 0 569 1.27 0.0 273.3 M 0
================================================================================
AV 94.9 71.4 8.8 FASTST M M 0 MAX(MPH)
MISC ----> 29 90 # 34 70
================================================================================
NOTES:
# LAST OF SEVERAL OCCURRENCES
COLUMN 17 PEAK WIND IN M.P.H.
PRELIMINARY LOCAL CLIMATOLOGICAL DATA (WS FORM: F-6) , PAGE 2
STATION: TERRELL COUNTY AIRPORT
MONTH: JULY
YEAR: 2021
LATITUDE: 30 2 N
LONGITUDE: 102 13 W
[TEMPERATURE DATA] [PRECIPITATION DATA] SYMBOLS USED IN COLUMN 16
AVERAGE MONTHLY: 83.1 TOTAL FOR MONTH: 1.27 1 = FOG OR MIST
DPTR FM NORMAL: -1.4 DPTR FM NORMAL: 0.27 2 = FOG REDUCING VISIBILITY
HIGHEST: 101 ON 31,25 GRTST 24HR 0.81 ON 12-13 TO 1/4 MILE OR LESS
LOWEST: 65 ON 12 3 = THUNDER
SNOW, ICE PELLETS, HAIL 4 = ICE PELLETS
TOTAL MONTH: 0.0 INCH 5 = HAIL
GRTST 24HR 0.0 6 = FREEZING RAIN OR DRIZZLE
GRTST DEPTH: 0 7 = DUSTSTORM OR SANDSTORM:
VSBY 1/2 MILE OR LESS
8 = SMOKE OR HAZE
[NO. OF DAYS WITH] [WEATHER - DAYS WITH] 9 = BLOWING SNOW
X = TORNADO
MAX 32 OR BELOW: 0 0.01 INCH OR MORE: 6
MAX 90 OR ABOVE: 30 0.10 INCH OR MORE: 2
MIN 32 OR BELOW: 0 0.50 INCH OR MORE: 1
MIN 0 OR BELOW: 0 1.00 INCH OR MORE: 0
[HDD (BASE 65) ]
TOTAL THIS MO. 0 CLEAR (SCALE 0-3) 31
DPTR FM NORMAL 0 PTCLDY (SCALE 4-7) 0
TOTAL FM JUL 1 0 CLOUDY (SCALE 8-10) 0
DPTR FM NORMAL 0
[CDD (BASE 65) ]
TOTAL THIS MO. 569
DPTR FM NORMAL -34 [PRESSURE DATA]
TOTAL FM JAN 1 1577 HIGHEST SLP 30.11 ON 14
DPTR FM NORMAL -187 LOWEST SLP 29.75 ON 4
[REMARKS]
#FINAL-07-21#