000
CXUS54 KMAF 011110
CF66R6
PRELIMINARY LOCAL CLIMATOLOGICAL DATA (WS FORM: F-6)
STATION: TERRELL COUNTY AIRPORT
MONTH: APRIL
YEAR: 2021
LATITUDE: 30 2 N
LONGITUDE: 102 13 W
TEMPERATURE IN F: :PCPN: SNOW: WIND :SUNSHINE: SKY :PK WND
================================================================================
1 2 3 4 5 6A 6B 7 8 9 10 11 12 13 14 15 16 17 18
12Z AVG MX 2MIN
DY MAX MIN AVG DEP HDD CDD WTR SNW DPTH SPD SPD DIR MIN PSBL S-S WX SPD DR
================================================================================
1 70 43 57 -8 8 0 0.00 M M 12.0 23 100 M M 0 30 130
2 74 47 61 -4 4 0 0.00 M M 15.6 25 120 M M 0 36 120
3 75 52 64 -2 1 0 0.00 M M 13.8 24 100 M M 0 32 100
4 66 55 61 -5 4 0 0.00 M M M M M M M 0 M M
5 84 54 69 3 0 4 0.00 M M M M M M M 0 M M
6 92 57 75 9 0 10 0.00 M M M M M M M 0 M M
7 89 59 74 7 0 9 0.00 M M M M M M M 0 M M
8 97 48 73 6 0 8 0.00 M M M M M M M 0 M M
9 95 55 75 8 0 10 0.00 M M M M M M M 0 M M
10 81 53 67 0 0 2 0.00 M M M M M M M 0 M M
11 96 53 75 7 0 10 0.00 M M M M M M M 0 M M
12 89 64 77 9 0 12 0.00 M M M 21 10 M M 0 27 20
13 69 59 64 -4 1 0 0.00 M M 12.9 21 30 M M 0 30 30
14 78 60 69 1 0 4 0.00 M M 10.4 17 350 M M 0 21 20
15 71 58 65 -4 0 0 0.04 M M 12.3 14 360 M M 0 20 10
16 86 54 70 1 0 5 0.00 M M M 17 20 M M 0 21 30
17 67 49 58 -11 7 0 0.00 M M M M M M M 0 M M
18 68 48 58 -12 7 0 0.00 M M M M M M M 0 M M
19 66 50 58 -12 7 0 0.05 M M M M M M M 0 M M
20 79 43 61 -9 4 0 0.00 M M M M M M M 0 M M
21 62 42 52 -18 13 0 0.00 M M 12.3 20 110 M M 0 25 90
22 70 47 59 -12 6 0 0.01 M M 9.3 20 90 M M 0 23 90
23 90 58 74 3 0 9 0.00 M M 9.2 31 260 M M 0 42 240
24 88 56 72 1 0 7 0.00 M M 7.8 16 10 M M 0 22 10
25 92 58 75 3 0 10 0.00 M M 11.5 22 110 M M 0 29 120
26 92 62 77 5 0 12 0.00 M M 9.5 24 110 M M 0 28 120
27 90 68 79 7 0 14 0.00 M M 12.2 24 90 M M 0 31 90
28 92 62 77 5 0 12 0.00 M M 12.6 44 340 M M 0 58 340
29 76 57 67 -5 0 2 0.00 M M 18.2 36 340 M M 0 48 330
30 78 60 69 -4 0 4 0.00 M M 11.9 21 330 M M 0 29 330
================================================================================
SM 2422 1631 62 144 0.10 M 191.5 M 0
================================================================================
AV 80.7 54.4 12.0 FASTST M M 0 MAX(MPH)
MISC ----> 44 340 58 340
================================================================================
NOTES:
# LAST OF SEVERAL OCCURRENCES
COLUMN 17 PEAK WIND IN M.P.H.
PRELIMINARY LOCAL CLIMATOLOGICAL DATA (WS FORM: F-6) , PAGE 2
STATION: TERRELL COUNTY AIRPORT
MONTH: APRIL
YEAR: 2021
LATITUDE: 30 2 N
LONGITUDE: 102 13 W
[TEMPERATURE DATA] [PRECIPITATION DATA] SYMBOLS USED IN COLUMN 16
AVERAGE MONTHLY: 67.5 TOTAL FOR MONTH: 0.10 1 = FOG OR MIST
DPTR FM NORMAL: -1.4 DPTR FM NORMAL: -0.99 2 = FOG REDUCING VISIBILITY
HIGHEST: 97 ON 8 GRTST 24HR 0.05 ON 19-19 TO 1/4 MILE OR LESS
LOWEST: 42 ON 21 3 = THUNDER
SNOW, ICE PELLETS, HAIL 4 = ICE PELLETS
TOTAL MONTH: M 5 = HAIL
GRTST 24HR M ON M 6 = FREEZING RAIN OR DRIZZLE
GRTST DEPTH: M ON M 7 = DUSTSTORM OR SANDSTORM:
VSBY 1/2 MILE OR LESS
8 = SMOKE OR HAZE
[NO. OF DAYS WITH] [WEATHER - DAYS WITH] 9 = BLOWING SNOW
X = TORNADO
MAX 32 OR BELOW: 0 0.01 INCH OR MORE: 3
MAX 90 OR ABOVE: 9 0.10 INCH OR MORE: 0
MIN 32 OR BELOW: 0 0.50 INCH OR MORE: 0
MIN 0 OR BELOW: 0 1.00 INCH OR MORE: 0
[HDD (BASE 65) ]
TOTAL THIS MO. 62 CLEAR (SCALE 0-3) 30
DPTR FM NORMAL 20 PTCLDY (SCALE 4-7) 0
TOTAL FM JUL 1 1823 CLOUDY (SCALE 8-10) 0
DPTR FM NORMAL 11
[CDD (BASE 65) ]
TOTAL THIS MO. 144
DPTR FM NORMAL -15 [PRESSURE DATA]
TOTAL FM JAN 1 184 HIGHEST SLP 30.39 ON 31
DPTR FM NORMAL -26 LOWEST SLP 29.48 ON 24
[REMARKS]
#FINAL-04-21#