000
CXUS54 KMAF 011110
CF66R6
PRELIMINARY LOCAL CLIMATOLOGICAL DATA (WS FORM: F-6)
STATION: TERRELL COUNTY AIRPORT
MONTH: MARCH
YEAR: 2021
LATITUDE: 30 2 N
LONGITUDE: 102 13 W
TEMPERATURE IN F: :PCPN: SNOW: WIND :SUNSHINE: SKY :PK WND
================================================================================
1 2 3 4 5 6A 6B 7 8 9 10 11 12 13 14 15 16 17 18
12Z AVG MX 2MIN
DY MAX MIN AVG DEP HDD CDD WTR SNW DPTH SPD SPD DIR MIN PSBL S-S WX SPD DR
================================================================================
1 57 37 47 -10 18 0 0.00 M M M M M M M 0 M M
2 63 31 47 -11 18 0 0.00 M M M M M M M 0 M M
3 75 38 57 -1 8 0 0.00 M M M M M M M 0 M M
4 78 45 62 4 3 0 0.00 M M M M M M M 0 M M
5 75 50 63 5 2 0 0.00 M M 16.8 28 340 M M 0 34 340
6 66 40 53 -6 12 0 0.00 M M 6.7 15 90 M M 0 19 100
7 69 42 56 -3 9 0 0.00 M M 11.0 21 120 M M 0 26 90
8 74 45 60 1 5 0 0.00 M M 10.0 21 100 M M 0 27 100
9 77 51 64 5 1 0 0.00 M M 9.3 23 120 M M 0 27 130
10 68 54 61 1 4 0 0.00 M M 5.8 12 90 M M 0 15 90
11 74 54 64 4 1 0 0.00 M M 7.8 15 100 M M 0 19 100
12 81 64 73 13 0 8 0.00 M M 12.9 23 120 M M 0 30 130
13 85 60 73 13 0 8 0.00 M M 16.2 36 330 M M 0 47 110
14 73 41 57 -3 8 0 0.00 M M 13.0 32 240 M M 0 42 230
15 80 41 61 0 4 0 0.00 M M 9.6 24 230 M M 0 30 220
16 88 50 69 8 0 4 0.00 M M 9.1 24 220 M M 0 31 230
17 74 47 61 0 4 0 0.00 M M 12.2 26 310 M M 0 34 320
18 70 40 55 -6 10 0 0.00 M M 7.7 14 60 M M 0 18 40
19 71 41 56 -6 9 0 0.00 M M 8.3 15 100 M M 0 21 60
20 74 42 58 -4 7 0 0.00 M M 10.5 20 130 M M 0 25 90
21 76 44 60 -2 5 0 0.00 M M 10.1 21 120 M M 0 30 110
22 85 54 70 8 0 5 0.00 M M 10.4 36 240 M M 0 46 240
23 82 47 65 2 0 0 0.00 M M 10.8 21 230 M M 0 27 220
24 81 47 64 1 1 0 0.00 M M 10.5 33 340 M M 0 44 320
25 76 46 61 -2 4 0 0.00 M M 9.6 23 250 M M 0 30 230
26 89 46 68 5 0 3 0.00 M M 9.1 28 180 M M 0 36 200
27 88 48 68 4 0 3 0.00 M M 9.4 23 20 M M 0 30 30
28 76 54 65 1 0 0 0.00 M M 9.9 28 30 M M 0 36 20
29 82 46 64 0 1 0 0.00 M M 8.3 22 110 M M 0 27 120
30 90 54 72 8 0 7 0.00 M M 6.6 18 120 M M 0 23 110
31 74 51 63 -2 2 0 0.00 M M 14.3 30 350 M M 0 41 360
================================================================================
SM 2371 1450 136 38 0.00 M 275.9 M 0
================================================================================
AV 76.5 46.8 10.2 FASTST M M 0 MAX(MPH)
MISC ----> # 36 330 47 110
================================================================================
NOTES:
# LAST OF SEVERAL OCCURRENCES
COLUMN 17 PEAK WIND IN M.P.H.
PRELIMINARY LOCAL CLIMATOLOGICAL DATA (WS FORM: F-6) , PAGE 2
STATION: TERRELL COUNTY AIRPORT
MONTH: MARCH
YEAR: 2021
LATITUDE: 30 2 N
LONGITUDE: 102 13 W
[TEMPERATURE DATA] [PRECIPITATION DATA] SYMBOLS USED IN COLUMN 16
AVERAGE MONTHLY: 61.6 TOTAL FOR MONTH: 0.00 1 = FOG OR MIST
DPTR FM NORMAL: 0.6 DPTR FM NORMAL: -0.48 2 = FOG REDUCING VISIBILITY
HIGHEST: 90 ON 30 GRTST 24HR 0.00 ON 1- 1 TO 1/4 MILE OR LESS
LOWEST: 31 ON 2 3 = THUNDER
SNOW, ICE PELLETS, HAIL 4 = ICE PELLETS
TOTAL MONTH: M 5 = HAIL
GRTST 24HR M ON M 6 = FREEZING RAIN OR DRIZZLE
GRTST DEPTH: M ON M 7 = DUSTSTORM OR SANDSTORM:
VSBY 1/2 MILE OR LESS
8 = SMOKE OR HAZE
[NO. OF DAYS WITH] [WEATHER - DAYS WITH] 9 = BLOWING SNOW
X = TORNADO
MAX 32 OR BELOW: 0 0.01 INCH OR MORE: 0
MAX 90 OR ABOVE: 1 0.10 INCH OR MORE: 0
MIN 32 OR BELOW: 1 0.50 INCH OR MORE: 0
MIN 0 OR BELOW: 0 1.00 INCH OR MORE: 0
[HDD (BASE 65) ]
TOTAL THIS MO. 136 CLEAR (SCALE 0-3) 31
DPTR FM NORMAL -31 PTCLDY (SCALE 4-7) 0
TOTAL FM JUL 1 1761 CLOUDY (SCALE 8-10) 0
DPTR FM NORMAL -13
[CDD (BASE 65) ]
TOTAL THIS MO. 38
DPTR FM NORMAL -5 [PRESSURE DATA]
TOTAL FM JAN 1 40 HIGHEST SLP 30.39 ON 31
DPTR FM NORMAL -11 LOWEST SLP 29.48 ON 24
[REMARKS]
#FINAL-03-21#