000
CXUS54 KMAF 011803
CF66R6
PRELIMINARY LOCAL CLIMATOLOGICAL DATA (WS FORM: F-6)
STATION: TERRELL COUNTY AIRPORT
MONTH: DECEMBER
YEAR: 2023
LATITUDE: 30 2 N
LONGITUDE: 102 13 W
TEMPERATURE IN F: :PCPN: SNOW: WIND :SUNSHINE: SKY :PK WND
================================================================================
1 2 3 4 5 6A 6B 7 8 9 10 11 12 13 14 15 16 17 18
12Z AVG MX 2MIN
DY MAX MIN AVG DEP HDD CDD WTR SNW DPTH SPD SPD DIR MIN PSBL S-S WX SPD DR
================================================================================
1 71 44 58 5 7 0 0.00 M M 5.2 10 150 M M 0 15 170
2 71 43 57 4 8 0 0.00 M M 8.6 21 250 M M 0 28 290
3 73 42 58 6 7 0 0.00 M M 11.9 24 240 M M 0 33 230
4 69 41 55 3 10 0 0.00 M M 5.7 15 20 M M 0 22 30
5 74 37 56 4 9 0 0.00 M M 5.2 9 360 M M 0 13 100
6 67 46 57 5 8 0 0.00 M M 7.2 14 120 M M 0 19 130
7 70 44 57 6 8 0 0.00 M M 5.5 12 200 M M 0 17 130
8 82 48 65 14 0 0 0.00 M M 7.3 24 230 M M 0 33 220
9 66 43 55 4 10 0 0.00 M M 14.6 26 340 M M 0 36 350
10 56 30 43 -8 22 0 0.00 M M 7.9 15 220 M M 0 22 330
11 66 30 48 -2 17 0 0.00 M M 7.2 15 230 M M 0 20 190
12 63 38 51 1 14 0 0.00 M M 12.9 25 120 M M 0 41 110
13 59 51 55 5 10 0 0.01 M M 15.9 24 110 M M 0 36 100
14 56 49 53 3 12 0 0.00 M M 10.6 23 110 M M 0 33 100
15 67 45 56 6 9 0 0.01 M M 7.2 17 340 M M 0 25 350
16 66 38 52 2 13 0 0.00 M M 4.8 12 260 M M 0 14 250
17 76 32 54 4 11 0 0.00 M M 8.3 21 230 M M 0 28 220
18 67 41 54 5 11 0 0.00 M M 7.7 17 360 M M 0 23 20
19 66 41 54 5 11 0 0.00 M M 7.7 17 120 M M 0 23 140
20 63 42 53 4 12 0 0.00 M M 7.1 14 110 M M 0 19 120
21 70 50 60 11 5 0 0.00 M M 5.4 9 110 M M 0 13 260
22 67 50 59 10 6 0 0.00 M M 6.0 15 120 M M 0 23 140
23 67 54 61 12 4 0 0.78 M M 10.4 21 310 M M 0 29 320
24 68 44 56 7 9 0 0.00 M M 8.8 20 260 M M 0 28 250
25 54 34 44 -5 21 0 0.00 M M 7.1 17 360 M M 0 24 350
26 66 32 49 0 16 0 0.00 M M 7.4 22 240 M M 0 31 230
27 61 31 46 -2 19 0 0.00 M M 7.9 18 340 M M 0 24 340
28 62 34 48 0 17 0 0.00 M M 6.8 13 20 M M 0 20 20
29 61 30 46 -2 19 0 0.00 M M 5.7 12 290 M M 0 19 360
30 66 34 50 2 15 0 0.00 M M 9.3 21 230 M M 0 27 230
31 73 34 54 6 11 0 0.00 M M 7.4 20 230 M M 0 27 220
================================================================================
SM 2063 1252 351 0 0.80 M 250.7 M 0
================================================================================
AV 66.5 40.4 8.1 FASTST M M 0 MAX(MPH)
MISC ----> 26 340 41 110
================================================================================
NOTES:
# LAST OF SEVERAL OCCURRENCES
COLUMN 17 PEAK WIND IN M.P.H.
PRELIMINARY LOCAL CLIMATOLOGICAL DATA (WS FORM: F-6) , PAGE 2
STATION: TERRELL COUNTY AIRPORT
MONTH: DECEMBER
YEAR: 2023
LATITUDE: 30 2 N
LONGITUDE: 102 13 W
[TEMPERATURE DATA] [PRECIPITATION DATA] SYMBOLS USED IN COLUMN 16
AVERAGE MONTHLY: 53.5 TOTAL FOR MONTH: 0.80 1 = FOG OR MIST
DPTR FM NORMAL: 3.5 DPTR FM NORMAL: 0.38 2 = FOG REDUCING VISIBILITY
HIGHEST: 82 ON 8 GRTST 24HR 0.78 ON 23-23 TO 1/4 MILE OR LESS
LOWEST: 30 ON 29,11 3 = THUNDER
SNOW, ICE PELLETS, HAIL 4 = ICE PELLETS
TOTAL MONTH: M 5 = HAIL
GRTST 24HR M ON M 6 = FREEZING RAIN OR DRIZZLE
GRTST DEPTH: M ON M 7 = DUSTSTORM OR SANDSTORM:
VSBY 1/2 MILE OR LESS
8 = SMOKE OR HAZE
[NO. OF DAYS WITH] [WEATHER - DAYS WITH] 9 = BLOWING SNOW
X = TORNADO
MAX 32 OR BELOW: 0 0.01 INCH OR MORE: 3
MAX 90 OR ABOVE: 0 0.10 INCH OR MORE: 1
MIN 32 OR BELOW: 6 0.50 INCH OR MORE: 1
MIN 0 OR BELOW: 0 1.00 INCH OR MORE: 0
[HDD (BASE 65) ]
TOTAL THIS MO. 351 CLEAR (SCALE 0-3) 31
DPTR FM NORMAL -116 PTCLDY (SCALE 4-7) 0
TOTAL FM JUL 1 666 CLOUDY (SCALE 8-10) 0
DPTR FM NORMAL -80
[CDD (BASE 65) ]
TOTAL THIS MO. 0
DPTR FM NORMAL -2 [PRESSURE DATA]
TOTAL FM JAN 1 3330 HIGHEST SLP 30.49 ON 10
DPTR FM NORMAL 397 LOWEST SLP 29.70 ON 8
[REMARKS]
#FINAL-12-23#