000
CXUS53 KABR 011412
CLM8D3
CLIMATE REPORT
NATIONAL WEATHER SERVICE ABERDEEN SD
912 AM CDT SAT APR 01 2023
...................................
...THE SISSETON SD CLIMATE SUMMARY FOR THE MONTH OF MARCH 2023...
CLIMATE NORMAL PERIOD 1991 TO 2020
CLIMATE RECORD PERIOD 1900 TO 2023
WEATHER OBSERVED NORMAL DEPART LAST YEAR`S
VALUE DATE(S) VALUE FROM VALUE DATE(S)
NORMAL
................................................................
TEMPERATURE (F)
RECORD
HIGH 82 03/18/2012
03/31/1963
03/28/1946
LOW -22 03/10/1948
HIGHEST 44 03/03 MM MM 57 03/16
LOWEST -6 03/29 MM MM -2 03/12
AVG. MAXIMUM 30.1 39.5 -9.4 37.8
AVG. MINIMUM 9.0 20.4 -11.4 21.1
MEAN 19.5 29.9 -10.4 29.4
DAYS MAX >= 90 0 0.0 0.0 0
DAYS MAX <= 32 18 10.0 8.0 10
DAYS MIN <= 32 31 26.8 4.2 27
DAYS MIN <= 0 4 2.3 1.7 2
PRECIPITATION (INCHES)
RECORD
MAXIMUM 5.19 1977
MINIMUM 0.03 1959
TOTALS 2.40 1.11 1.29 1.01
DAYS >= .01 12 8.0 4.0 6
DAYS >= .10 6 2.7 3.3 3
DAYS >= .50 2 0.4 1.6 0
DAYS >= 1.00 0 0.0 0.0 0
SNOWFALL (INCHES)
RECORDS
TOTAL 22.5 1989
SNOW DEPTH 13 03/14/2022
TOTALS 31.3R 6.1 25.2 5.0
SINCE 7/1 74.1 30.7 43.4 MM
SNOWDEPTH AVG. 19 5
DAYS >= TRACE 14 3.0 11.0 11
DAYS >= 1.0 7 2.0 5.0 2
GREATEST
SNOW DEPTH 22R 03/13 13 03/14
03/14
03/22
DEGREE DAYS
HEATING TOTAL 1402 1087 315 1094
SINCE 7/1 7308 7221 87 MM
COOLING TOTAL 0 0 0 0
SINCE 1/1 0 0 0 MM
FREEZE DATES
RECORD
EARLIEST MM
LATEST MM
EARLIEST 09/28
LATEST 04/28
................................................................
WIND (MPH)
AVERAGE WIND SPEED 12.8
RESULTANT WIND SPEED/DIRECTION 6/330
HIGHEST WIND SPEED/DIRECTION 37/340 DATE 03/16
HIGHEST GUST SPEED/DIRECTION 47/230 DATE 03/19
SKY COVER
POSSIBLE SUNSHINE (PERCENT) MM
AVERAGE SKY COVER 0.00
NUMBER OF DAYS FAIR 31
NUMBER OF DAYS PC 0
NUMBER OF DAYS CLOUDY 0
AVERAGE RH (PERCENT) 73
WEATHER CONDITIONS. NUMBER OF DAYS WITH
THUNDERSTORM 0 MIXED PRECIP 0
HEAVY RAIN 0 RAIN 0
LIGHT RAIN 0 FREEZING RAIN 0
LT FREEZING RAIN 0 HAIL 0
HEAVY SNOW 0 SNOW 0
LIGHT SNOW 1 SLEET 0
FOG 0 FOG W/VIS <= 1/4 MILE 0
HAZE 0
- INDICATES NEGATIVE NUMBERS.
R INDICATES RECORD WAS SET OR TIED.
MM INDICATES DATA IS MISSING.
T INDICATES TRACE AMOUNT.
$$