000
CXUS56 KMFR 010930
CF6AAT
PRELIMINARY LOCAL CLIMATOLOGICAL DATA (WS FORM: F-6)
STATION: ALTURAS CA
MONTH: MAY
YEAR: 2021
LATITUDE: 41 29 N
LONGITUDE: 120 34 W
TEMPERATURE IN F: :PCPN: SNOW: WIND :SUNSHINE: SKY :PK WND
================================================================================
1 2 3 4 5 6A 6B 7 8 9 10 11 12 13 14 15 16 17 18
12Z AVG MX 2MIN
DY MAX MIN AVG DEP HDD CDD WTR SNW DPTH SPD SPD DIR MIN PSBL S-S WX SPD DR
================================================================================
1 71 38 55 7 10 0 0.00 M M 8.6 29 300 M M 3 37 300
2 65 39 52 3 13 0 0.00 M M 9.8 20 320 M M 6 24 340
3 68 31 50 1 15 0 0.00 M M 5.4 17 320 M M 0 22 300
4 73 32 53 4 12 0 0.00 M M 4.0 15 330 M M 0 18 10
5 81 32 57 7 8 0 0.00 M M 5.7 21 180 M M 0 29 200
6 78 38 58 8 7 0 0.00 M M 11.4 28 250 M M 0 37 250
7 62 38 50 0 15 0 0.00 M M 9.7 24 300 M M 4 29 300
8 65 26 46 -4 19 0 0.00 M M 5.2 18 350 M M 2 24 340
9 65 32 49 -2 16 0 0.00 M M 5.8 17 10 M M 2 22 10
10 67 33 50 -1 15 0 0.00 M M 5.0 15 80 M M 0 25 80
11 75 28 52 1 13 0 0.00 M M 2.8 10 20 M M 0 16 20
12 82 30 56 4 9 0 0.00 M M 5.5 17 290 M M 0 23 280
13 83 37 60 8 5 0 0.00 M M 5.4 21 260 M M 1 26 260
14 79 38 59 7 6 0 0.00 M M 5.8 18 10 M M 2 3 29 20
15 76 52 64 12 1 0 T M M 8.5 26 340 M M 6 36 20
16 80 46 63 10 2 0 0.00 M M 7.7 21 320 M M 2 27 320
17 80 39 60 7 5 0 0.00 M M 7.9 22 260 M M 2 8 30 260
18 73 42 58 5 7 0 0.00 M M 8.4 24 260 M M 1 30 280
19 59 35 47 -7 18 0 T M M 10.3 28 290 M M 9 36 300
20 45 31 38 -16 27 0 0.10 M M 9.5 20 320 M M 8 18 26 310
21 53 32 43 -11 22 0 0.03 M M 10.7 26 360 M M 8 37 360
22 50 36 43 -11 22 0 0.05 M M 4.5 16 320 M M 10 20 330
23 63 33 48 -6 17 0 T M M 6.2 15 300 M M 8 20 310
24 73 28 51 -4 14 0 0.02 M M 4.6 21 250 M M 3 3 28 230
25 67 33 50 -5 15 0 0.00 M M 6.8 20 320 M M 4 12 25 300
26 75 29 52 -3 13 0 0.00 M M 3.0 18 210 M M 0 24 210
27 77 32 55 0 10 0 0.00 M M 7.7 25 270 M M 0 31 250
28 77 38 58 2 7 0 0.00 M M 2.8 12 350 M M 0 14 320
29 83 37 60 4 5 0 0.00 M M 4.2 15 310 M M 0 22 310
30 86 36 61 5 4 0 0.00 M M 5.1 14 350 M M 0 18 320
31 89 41 65 9 0 0 0.00 M M 2.7 13 160 M M 0 17 160
================================================================================
SM 2220 1092 352 0 0.20 M 200.7 M 81
================================================================================
AV 71.6 35.2 6.5 FASTST M M 3 MAX(MPH)
MISC ----> 29 300 # 37 300
================================================================================
NOTES:
# LAST OF SEVERAL OCCURRENCES
COLUMN 17 PEAK WIND IN M.P.H.
PRELIMINARY LOCAL CLIMATOLOGICAL DATA (WS FORM: F-6) , PAGE 2
STATION: ALTURAS CA
MONTH: MAY
YEAR: 2021
LATITUDE: 41 29 N
LONGITUDE: 120 34 W
[TEMPERATURE DATA] [PRECIPITATION DATA] SYMBOLS USED IN COLUMN 16
AVERAGE MONTHLY: 53.4 TOTAL FOR MONTH: 0.20 1 = FOG OR MIST
DPTR FM NORMAL: 0.9 DPTR FM NORMAL: -1.06 2 = FOG REDUCING VISIBILITY
HIGHEST: 89 ON 31 GRTST 24HR 0.10 ON 20-20 TO 1/4 MILE OR LESS
LOWEST: 26 ON 8 3 = THUNDER
SNOW, ICE PELLETS, HAIL 4 = ICE PELLETS
TOTAL MONTH: M 5 = HAIL
GRTST 24HR M ON M 6 = FREEZING RAIN OR DRIZZLE
GRTST DEPTH: M ON M 7 = DUSTSTORM OR SANDSTORM:
VSBY 1/2 MILE OR LESS
8 = SMOKE OR HAZE
[NO. OF DAYS WITH] [WEATHER - DAYS WITH] 9 = BLOWING SNOW
X = TORNADO
MAX 32 OR BELOW: 0 0.01 INCH OR MORE: 4
MAX 90 OR ABOVE: 0 0.10 INCH OR MORE: 1
MIN 32 OR BELOW: 12 0.50 INCH OR MORE: 0
MIN 0 OR BELOW: 0 1.00 INCH OR MORE: 0
[HDD (BASE 65) ]
TOTAL THIS MO. 352 CLEAR (SCALE 0-3) 22
DPTR FM NORMAL -35 PTCLDY (SCALE 4-7) 5
TOTAL FM JUL 1 6200 CLOUDY (SCALE 8-10) 4
DPTR FM NORMAL -187
[CDD (BASE 65) ]
TOTAL THIS MO. 0
DPTR FM NORMAL -1 [PRESSURE DATA]
TOTAL FM JAN 1 0 HIGHEST SLP M ON M
DPTR FM NORMAL -1 LOWEST SLP 29.75 ON 19
[REMARKS]
#FINAL-05-21#