000
CXUS54 KFWD 110135
CF6ACT
PRELIMINARY LOCAL CLIMATOLOGICAL DATA (WS FORM: F-6)
STATION: WACO
MONTH: JUNE
YEAR: 2020
LATITUDE: 31 37 N
LONGITUDE: 97 13 W
TEMPERATURE IN F: :PCPN: SNOW: WIND :SUNSHINE: SKY :PK WND
================================================================================
1 2 3 4 5 6A 6B 7 8 9 10 11 12 13 14 15 16 17 18
12Z AVG MX 2MIN
DY MAX MIN AVG DEP HDD CDD WTR SNW DPTH SPD SPD DIR MIN PSBL S-S WX SPD DR
================================================================================
1 87 70 79 1 0 14 0.00 0.0 0 5.1 13 130 M M 3 15 130
2 91 67 79 0 0 14 0.00 0.0 0 6.2 14 150 M M 1 18 170
3 92 71 82 3 0 17 0.00 0.0 0 8.2 18 160 M M 0 24 160
4 94 74 84 5 0 19 0.00 0.0 0 10.5 18 140 M M 0 23 140
5 95 75 85 6 0 20 0.00 0.0 0 8.7 16 190 M M 0 21 190
6 97 72 85 5 0 20 0.00 0.0 0 4.8 10 80 M M 0 16 60
7 94 72 83 3 0 18 0.00 0.0 0 4.7 13 50 M M 1 18 30
8 97 72 85 5 0 20 0.00 0.0 0 5.6 17 180 M M 1 23 180
9 100 75 88 8 0 23 0.00 0.0 0 13.5 25 350 M M 2 8 35 350
10 91 59 75 -5 0 10 0.00 0.0 0 7.9 18 350 M M 0 25 340
11 93 55 74 -6 0 9 0.00 0.0 0 4.7 17 30 M M 0 22 10
12 92 58 75 -6 0 10 0.00 0.0 0 3.9 15 60 M M 0 19 60
13 93 61 77 -4 0 12 0.00 0.0 0 3.6 14 130 M M 0 18 110
14 91 62 77 -4 0 12 0.00 0.0 0 5.7 16 120 M M 0 22 140
15 94 68 81 0 0 16 0.00 0.0 0 7.1 17 110 M M 1 22 110
16 94 72 83 1 0 18 0.00 0.0 0 8.8 20 170 M M 1 22 170
17 94 73 84 2 0 19 0.00 0.0 0 12.3 20 160 M M 0 25 180
18 95 72 84 2 0 19 0.00 0.0 0 14.6 21 150 M M 1 27 140
19 96 76 86 4 0 21 0.00 0.0 0 14.6 25 140 M M 2 34 140
20 94 67 81 -1 0 16 1.09 0.0 0 9.0 24 340 M M 5 13 35 320
21 90 77 84 2 0 19 0.00 0.0 0 12.3 25 170 M M 2 36 160
22 92 70 81 -1 0 16 0.18 0.0 0 11.6 28 110 M M 3 13 36 110
23 86 72 79 -4 0 14 0.24 0.0 0 10.0 30 220 M M 8 13 42 240
24 89 72 81 -2 0 16 0.00 0.0 0 7.9 17 50 M M 6 1 23 50
25 89 70 80 -3 0 15 0.00 0.0 0 5.5 17 140 M M 4 1 23 160
26 91 74 83 0 0 18 0.02 0.0 0 15.3 30 170 M M 6 18 42 170
27 94 75 85 2 0 20 0.00 0.0 0 14.6 24 180 M M 7 8 34 170
28 92 78 85 2 0 20 0.00 0.0 0 17.7 28 180 M M 6 37 190
29 94 80 87 3 0 22 0.00 0.0 0 19.4 28 170 M M 5 37 180
30 94 80 87 3 0 22 0.00 0.0 0 17.5 26 190 M M 4 37 190
================================================================================
SM 2785 2119 0 509 1.53 0.0 291.3 M 69
================================================================================
AV 92.8 70.6 9.7 FASTST M M 2 MAX(MPH)
MISC ----> # 30 220 # 42 240
================================================================================
NOTES:
# LAST OF SEVERAL OCCURRENCES
COLUMN 17 PEAK WIND IN M.P.H.
PRELIMINARY LOCAL CLIMATOLOGICAL DATA (WS FORM: F-6) , PAGE 2
STATION: WACO
MONTH: JUNE
YEAR: 2020
LATITUDE: 31 37 N
LONGITUDE: 97 13 W
[TEMPERATURE DATA] [PRECIPITATION DATA] SYMBOLS USED IN COLUMN 16
AVERAGE MONTHLY: 81.7 TOTAL FOR MONTH: 1.53 1 = FOG OR MIST
DPTR FM NORMAL: 0.5 DPTR FM NORMAL: -1.90 2 = FOG REDUCING VISIBILITY
HIGHEST: 100 ON 9 GRTST 24HR 1.09 ON 20-20 TO 1/4 MILE OR LESS
LOWEST: 55 ON 11 3 = THUNDER
SNOW, ICE PELLETS, HAIL 4 = ICE PELLETS
TOTAL MONTH: 0.0 INCH 5 = HAIL
GRTST 24HR 0.0 6 = FREEZING RAIN OR DRIZZLE
GRTST DEPTH: 0 7 = DUSTSTORM OR SANDSTORM:
VSBY 1/2 MILE OR LESS
8 = SMOKE OR HAZE
[NO. OF DAYS WITH] [WEATHER - DAYS WITH] 9 = BLOWING SNOW
X = TORNADO
MAX 32 OR BELOW: 0 0.01 INCH OR MORE: 4
MAX 90 OR ABOVE: 26 0.10 INCH OR MORE: 3
MIN 32 OR BELOW: 0 0.50 INCH OR MORE: 1
MIN 0 OR BELOW: 0 1.00 INCH OR MORE: 1
[HDD (BASE 65) ]
TOTAL THIS MO. 0 CLEAR (SCALE 0-3) 20
DPTR FM NORMAL 0 PTCLDY (SCALE 4-7) 10
TOTAL FM JUL 1 1975 CLOUDY (SCALE 8-10) 0
DPTR FM NORMAL -167
[CDD (BASE 65) ]
TOTAL THIS MO. 509
DPTR FM NORMAL 21 [PRESSURE DATA]
TOTAL FM JAN 1 1018 HIGHEST SLP 30.29 ON 12
DPTR FM NORMAL 78 LOWEST SLP 29.56 ON 8
[REMARKS]
EDITED PRECIP ON 7TH, 8TH, 21ST, AND 28TH; EDITED WX ON 8TH
#FINAL-06-20#