000
CXAK58 PADQ 011012
CLMADQ
CLIMATE REPORT
NATIONAL WEATHER SERVICE ANCHORAGE, AK
112 AM AKST THU FEB 01 2024
...................................
...THE KODIAK CLIMATE SUMMARY FOR THE MONTH OF JANUARY 2024...
CLIMATE NORMAL PERIOD: 1991 TO 2020
CLIMATE RECORD PERIOD: 1913 TO 2024
WEATHER OBSERVED NORMAL DEPART LAST YEAR`S
VALUE DATE(S) VALUE FROM VALUE
NORMAL
..............................................................
TEMPERATURE (F)
RECORD
HIGH 54 01/31/1963
LOW -16 01/28/1989
HIGHEST 44 MM MM 43
LOWEST MM MM 17
AVG. MAXIMUM 34.6 36.1 -1.5 38.4
AVG. MINIMUM 24.4 26.2 -1.8 30.1
MEAN 29.5 31.2 -1.7 34.3
DAYS MAX >= 90 0 0.0 0.0 0
DAYS MAX <= 32 9 8.1 0.9 1
DAYS MIN <= 32 25 21.7 3.3 21
DAYS MIN <= 0 2 0.3 1.7 0
PRECIPITATION (INCHES)
RECORD
MAXIMUM 13.73 2021
MINIMUM 7.38 2023
TOTALS 5.26R 8.35 -3.09 7.38
DAILY AVG. 0.17 0.27 -0.10 0.24
DAYS >= .01 13 18.8 -5.8 20
DAYS >= .10 8 13.3 -5.3 16
DAYS >= .50 3 5.8 -2.8 5
DAYS >= 1.00 2 2.3 -0.3 2
GREATEST
24 HR. TOTAL 1.80 01/06 TO 01/07 1.64
STORM TOTAL 1.73 1.20
(MM/DD(HH))
DEGREE DAYS
HEATING TOTAL 1094 1049 45 946
SINCE 7/1 4862 4636 226 MM
COOLING TOTAL 0 0 0 0
SINCE 1/1 0 0 0 MM
FREEZE DATES
RECORD
EARLIEST MM
LATEST MM
EARLIEST 09/22
LATEST 05/17
..............................................................
WIND (MPH)
AVERAGE WIND SPEED 11.9
RESULTANT WIND SPEED/DIRECTION 3/330
HIGHEST WIND SPEED/DIRECTION 41/100 DATE 01/11
HIGHEST GUST SPEED/DIRECTION 52/100 DATE 01/11
SKY COVER
POSSIBLE SUNSHINE (PERCENT) MM
AVERAGE SKY COVER 0.48
NUMBER OF DAYS FAIR 14
NUMBER OF DAYS PC 9
NUMBER OF DAYS CLOUDY 8
AVERAGE RH (PERCENT) 74
WEATHER CONDITIONS. NUMBER OF DAYS WITH
THUNDERSTORM 0 MIXED PRECIP 0
HEAVY RAIN 0 RAIN 5
LIGHT RAIN 11 FREEZING RAIN 0
LT FREEZING RAIN 1 HAIL 0
HEAVY SNOW 0 SNOW 0
LIGHT SNOW 9 SLEET 0
FOG 15 FOG W/VIS <= 1/4 MILE 1
HAZE 3
- INDICATES NEGATIVE NUMBERS.
R INDICATES RECORD WAS SET OR TIED.
MM INDICATES DATA IS MISSING.
T INDICATES TRACE AMOUNT.
$$