000
CXUS54 KLCH 010930
CF6AEX
PRELIMINARY LOCAL CLIMATOLOGICAL DATA (WS FORM: F-6)
STATION: ALEXANDRIA
MONTH: FEBRUARY
YEAR: 2024
LATITUDE: 31 19 N
LONGITUDE: 92 33 W
TEMPERATURE IN F: :PCPN: SNOW: WIND :SUNSHINE: SKY :PK WND
================================================================================
1 2 3 4 5 6A 6B 7 8 9 10 11 12 13 14 15 16 17 18
12Z AVG MX 2MIN
DY MAX MIN AVG DEP HDD CDD WTR SNW DPTH SPD SPD DIR MIN PSBL S-S WX SPD DR
================================================================================
1 69 41 55 5 10 0 0.00 0.0 M 4.4 10 250 M M 0 15 240
2 71 42 57 7 8 0 0.00 0.0 M 4.8 16 140 M M 2 21 140
3 60 50 55 4 10 0 1.79 M M 6.1 21 70 M M 9 13 32 70
4 62 49 56 5 9 0 0.04 M M 6.1 22 330 M M 8 123 33 20
5 65 42 54 3 11 0 T M M 11.1 23 360 M M 3 18 31 20
6 68 35 52 1 13 0 0.00 0.0 M 4.0 12 360 M M 0 18 15 350
7 69 37 53 2 12 0 0.00 0.0 M 7.7 20 160 M M 0 1 26 170
8 66 55 61 10 4 0 0.08 0.0 M 8.3 15 180 M M 8 1 M M
9 71 59 65 13 0 0 0.18 0.0 M 4.8 12 150 M M 8 1 14 150
10 70 60 65 13 0 0 2.24 0.0 M 6.0 18 360 M M 10 13 25 320
11 69 55 62 10 3 0 1.60 0.0 M 6.2 26 280 M M 10 135 38 290
12 55 43 49 -3 16 0 0.00 0.0 M 13.4 26 280 M M 8 37 290
13 59 34 47 -5 18 0 0.00 0.0 M 2.5 9 320 M M 0 13 360
14 64 36 50 -3 15 0 0.00 0.0 M 3.5 12 210 M M 0 16 210
15 71 44 58 5 7 0 0.00 0.0 M 3.4 8 200 M M 3 11 220
16 68 55 62 9 3 0 0.01 0.0 M 5.7 13 220 M M 2 20 200
17 61 36 49 -4 16 0 0.00 0.0 M 13.4 23 30 M M 5 35 10
18 55 30 43 -11 22 0 0.00 0.0 M 5.1 13 340 M M 3 20 40
19 62 28 45 -9 20 0 0.00 0.0 M 4.6 14 210 M M 0 18 210
20 74 39 57 3 8 0 0.00 0.0 M 4.8 10 210 M M 0 18 15 210
21 75 49 62 8 3 0 M M M 8.9 21 190 M M 3 1 31 190
22 74 59 67 13 0 2 0.00 0.0 M 10.5 23 220 M M 8 37 230
23 74 46 60 5 5 0 0.00 0.0 M 8.9 20 320 M M 0 1 27 320
24 74 42 58 3 7 0 0.00 0.0 M 4.7 20 320 M M 0 8 26 330
25 78 41 60 5 5 0 0.00 0.0 M 8.9 23 220 M M 0 18 34 190
26 76 55 66 10 0 1 0.00 0.0 M 11.2 23 220 M M 8 8 34 220
27 82 67 75 19 0 10 0.00 0.0 M 15.4 28 210 M M 6 38 210
28 75 49 62 6 3 0 0.00 0.0 M 12.5 23 330 M M 5 18 37 360
29 53 47 50 -6 15 0 T M M 7.8 17 80 M M 7 28 80
================================================================================
SM 1970 1325 243 13 5.94 0.0 214.7 M 116
================================================================================
AV 67.9 45.7 7.4 FASTST M M 4 MAX(MPH)
MISC ----> 28 210 # 38 290
================================================================================
NOTES:
# LAST OF SEVERAL OCCURRENCES
COLUMN 17 PEAK WIND IN M.P.H.
PRELIMINARY LOCAL CLIMATOLOGICAL DATA (WS FORM: F-6) , PAGE 2
STATION: ALEXANDRIA
MONTH: FEBRUARY
YEAR: 2024
LATITUDE: 31 19 N
LONGITUDE: 92 33 W
[TEMPERATURE DATA] [PRECIPITATION DATA] SYMBOLS USED IN COLUMN 16
AVERAGE MONTHLY: 56.8 TOTAL FOR MONTH: 5.94 1 = FOG OR MIST
DPTR FM NORMAL: 3.9 DPTR FM NORMAL: 1.72 2 = FOG REDUCING VISIBILITY
HIGHEST: 82 ON 27 GRTST 24HR 2.89 ON 10-11 TO 1/4 MILE OR LESS
LOWEST: 28 ON 19 3 = THUNDER
SNOW, ICE PELLETS, HAIL 4 = ICE PELLETS
TOTAL MONTH: 0.0 INCH 5 = HAIL
GRTST 24HR 0.0 6 = FREEZING RAIN OR DRIZZLE
GRTST DEPTH: M ON M 7 = DUSTSTORM OR SANDSTORM:
VSBY 1/2 MILE OR LESS
8 = SMOKE OR HAZE
[NO. OF DAYS WITH] [WEATHER - DAYS WITH] 9 = BLOWING SNOW
X = TORNADO
MAX 32 OR BELOW: 0 0.01 INCH OR MORE: 7
MAX 90 OR ABOVE: 0 0.10 INCH OR MORE: 4
MIN 32 OR BELOW: 2 0.50 INCH OR MORE: 3
MIN 0 OR BELOW: 0 1.00 INCH OR MORE: 3
[HDD (BASE 65) ]
TOTAL THIS MO. 243 CLEAR (SCALE 0-3) 15
DPTR FM NORMAL -109 PTCLDY (SCALE 4-7) 10
TOTAL FM JUL 1 1509 CLOUDY (SCALE 8-10) 4
DPTR FM NORMAL -131
[CDD (BASE 65) ]
TOTAL THIS MO. 13
DPTR FM NORMAL -1 [PRESSURE DATA]
TOTAL FM JAN 1 13 HIGHEST SLP 30.38 ON 29
DPTR FM NORMAL -7 LOWEST SLP 29.47 ON 3
[REMARKS]
#FINAL-02-24#