000
CXUS52 KCAE 011400
CF6AGS
PRELIMINARY LOCAL CLIMATOLOGICAL DATA (WS FORM: F-6)
STATION: AUGUSTA BUSH FIELD GA
MONTH: MAY
YEAR: 2022
LATITUDE: 33 22 N
LONGITUDE: 81 58 W
TEMPERATURE IN F: :PCPN: SNOW: WIND :SUNSHINE: SKY :PK WND
================================================================================
1 2 3 4 5 6A 6B 7 8 9 10 11 12 13 14 15 16 17 18
12Z AVG MX 2MIN
DY MAX MIN AVG DEP HDD CDD WTR SNW DPTH SPD SPD DIR MIN PSBL S-S WX SPD DR
================================================================================
1 87 54 71 2 0 6 0.00 0.0 0 5.2 14 170 M M 2 1 18 160
2 89 61 75 6 0 10 0.00 0.0 0 4.9 13 260 M M 1 16 200
3 90 61 76 7 0 11 0.00 0.0 0 7.3 21 200 M M 1 13 27 190
4 89 62 76 7 0 11 0.00 0.0 0 4.9 14 260 M M 1 1 18 280
5 92 60 76 6 0 11 0.01 0.0 0 3.9 26 260 M M 2 123 32 260
6 88 63 76 6 0 11 0.02 0.0 0 8.7 32 230 M M 3 123 51 210
7 75 60 68 -2 0 3 0.00 0.0 0 12.0 23 300 M M 4 29 290
8 72 50 61 -9 4 0 0.00 0.0 0 8.0 17 80 M M 6 23 60
9 75 49 62 -9 3 0 0.00 0.0 0 7.1 16 60 M M 3 22 40
10 83 45 64 -7 1 0 0.00 0.0 0 5.7 18 360 M M 0 18 24 10
11 83 47 65 -6 0 0 0.00 0.0 0 6.4 17 30 M M 0 23 20
12 83 53 68 -4 0 3 0.04 0.0 0 9.3 24 90 M M 4 1 31 90
13 75 60 68 -4 0 3 1.40 0.0 0 5.4 20 120 M M 7 123 24 110
14 83 58 71 -1 0 6 0.00 0.0 0 2.1 8 50 M M 5 128 10 10
15 87 59 73 1 0 8 0.00 0.0 M 3.9 13 180 M M 2 12 17 180
16 91 60 76 3 0 11 0.00 0.0 M 6.5 15 310 M M 1 1 20 260
17 87 57 72 -1 0 7 0.00 0.0 M 4.6 14 20 M M 0 8 20 50
18 90 51 71 -2 0 6 0.00 0.0 M 4.0 14 190 M M 0 18 17 180
19 94 64 79 5 0 14 0.00 0.0 M 6.4 17 250 M M 1 1 24 250
20 93 65 79 5 0 14 0.00 0.0 0 7.0 17 180 M M 1 13 24 190
21 90 70 80 6 0 15 0.19 0.0 0 5.1 29 230 M M 3 13 36 240
22 89 68 79 5 0 14 0.12 0.0 0 4.6 36 220 M M 4 138 46 210
23 82 65 74 -1 0 9 1.42 0.0 0 5.1 23 260 M M 5 13 31 270
24 89 66 78 3 0 13 T 0.0 0 2.7 10 230 M M 2 12 14 220
25 86 67 77 2 0 12 0.00 0.0 0 7.1 16 110 M M 6 20 120
26 87 68 78 2 0 13 0.57 0.0 M 8.1 20 170 M M 7 138 26 150
27 86 67 77 1 0 12 0.02 0.0 0 7.1 16 260 M M 7 20 270
28 86 63 75 -1 0 10 0.00 0.0 0 3.6 13 220 M M 2 16 260
29 90 61 76 0 0 11 0.00 0.0 0 3.5 10 160 M M 1 1 13 150
30 89 66 78 2 0 13 T 0.0 0 3.3 28 190 M M 5 123 37 200
31 90 63 77 0 0 12 0.01 0.0 0 1.8 13 180 M M 4 128 15 190
================================================================================
SM 2670 1863 8 269 3.80 0.0 175.3 M 90
================================================================================
AV 86.1 60.1 5.7 FASTST M M 3 MAX(MPH)
MISC ----> 36 220 51 210
================================================================================
NOTES:
# LAST OF SEVERAL OCCURRENCES
COLUMN 17 PEAK WIND IN M.P.H.
PRELIMINARY LOCAL CLIMATOLOGICAL DATA (WS FORM: F-6) , PAGE 2
STATION: AUGUSTA BUSH FIELD GA
MONTH: MAY
YEAR: 2022
LATITUDE: 33 22 N
LONGITUDE: 81 58 W
[TEMPERATURE DATA] [PRECIPITATION DATA] SYMBOLS USED IN COLUMN 16
AVERAGE MONTHLY: 73.1 TOTAL FOR MONTH: 3.80 1 = FOG OR MIST
DPTR FM NORMAL: 0.4 DPTR FM NORMAL: 0.75 2 = FOG REDUCING VISIBILITY
HIGHEST: 94 ON 19 GRTST 24HR 1.44 ON 22-23 TO 1/4 MILE OR LESS
LOWEST: 45 ON 10 3 = THUNDER
SNOW, ICE PELLETS, HAIL 4 = ICE PELLETS
TOTAL MONTH: 0.0 INCH 5 = HAIL
GRTST 24HR 0.0 6 = FREEZING RAIN OR DRIZZLE
GRTST DEPTH: 0 7 = DUSTSTORM OR SANDSTORM:
VSBY 1/2 MILE OR LESS
8 = SMOKE OR HAZE
[NO. OF DAYS WITH] [WEATHER - DAYS WITH] 9 = BLOWING SNOW
X = TORNADO
MAX 32 OR BELOW: 0 0.01 INCH OR MORE: 10
MAX 90 OR ABOVE: 9 0.10 INCH OR MORE: 5
MIN 32 OR BELOW: 0 0.50 INCH OR MORE: 3
MIN 0 OR BELOW: 0 1.00 INCH OR MORE: 2
[HDD (BASE 65) ]
TOTAL THIS MO. 8 CLEAR (SCALE 0-3) 18
DPTR FM NORMAL -4 PTCLDY (SCALE 4-7) 13
TOTAL FM JUL 1 1953 CLOUDY (SCALE 8-10) 0
DPTR FM NORMAL -225
[CDD (BASE 65) ]
TOTAL THIS MO. 269
DPTR FM NORMAL 16 [PRESSURE DATA]
TOTAL FM JAN 1 372 HIGHEST SLP 30.26 ON 10
DPTR FM NORMAL 3 LOWEST SLP 29.62 ON 7
[REMARKS]
#FINAL-05-22#