000
CXUS52 KCAE 011400
CF6AGS
PRELIMINARY LOCAL CLIMATOLOGICAL DATA (WS FORM: F-6)
STATION: AUGUSTA BUSH FIELD GA
MONTH: APRIL
YEAR: 2022
LATITUDE: 33 22 N
LONGITUDE: 81 58 W
TEMPERATURE IN F: :PCPN: SNOW: WIND :SUNSHINE: SKY :PK WND
================================================================================
1 2 3 4 5 6A 6B 7 8 9 10 11 12 13 14 15 16 17 18
12Z AVG MX 2MIN
DY MAX MIN AVG DEP HDD CDD WTR SNW DPTH SPD SPD DIR MIN PSBL S-S WX SPD DR
================================================================================
1 76 43 60 -1 5 0 0.00 0.0 M 9.4 21 280 M M 0 27 290
2 74 37 56 -5 9 0 0.00 0.0 0 2.9 12 60 M M 0 15 70
3 77 38 58 -4 7 0 0.00 0.0 0 4.8 18 330 M M 0 24 320
4 79 36 58 -4 7 0 0.00 0.0 0 3.5 16 250 M M 0 21 230
5 70 45 58 -4 7 0 1.73 0.0 0 6.6 37 280 M M 5 13 47 260
6 80 63 72 10 0 7 1.05 0.0 0 5.9 21 200 M M 9 123 26 210
7 74 52 63 1 2 0 1.21 0.0 0 9.4 24 270 M M 6 13 30 280
8 67 44 56 -7 9 0 0.00 0.0 0 12.9 24 320 M M 6 33 240
9 55 34 45 -18 20 0 0.00 0.0 0 8.8 23 290 M M 4 31 290
10 74 31 53 -10 12 0 0.00 0.0 0 3.4 17 330 M M 1 1 21 340
11 82 38 60 -3 5 0 0.00 0.0 0 4.3 18 180 M M 0 1 23 180
12 85 48 67 3 0 2 0.00 0.0 0 5.9 17 180 M M 0 22 180
13 83 53 68 4 0 3 0.00 0.0 0 7.1 23 150 M M 0 1 29 150
14 81 60 71 7 0 6 0.00 0.0 0 7.9 16 240 M M 3 22 270
15 79 47 63 -1 2 0 0.00 0.0 0 7.6 18 60 M M 0 24 80
16 75 46 61 -4 4 0 0.27 0.0 0 3.9 13 290 M M 6 13 17 240
17 84 55 70 5 0 5 0.51 0.0 0 3.4 18 140 M M 4 1238 25 130
18 72 51 62 -3 3 0 0.13 0.0 0 8.6 22 340 M M 7 1 27 340
19 68 41 55 -10 10 0 0.00 0.0 0 6.9 18 330 M M 0 24 320
20 73 37 55 -11 10 0 0.00 0.0 0 6.0 13 130 M M 0 1 20 120
21 79 46 63 -3 2 0 0.00 M 0 3.4 13 160 M M 1 1 18 140
22 82 48 65 -1 0 0 0.00 M 0 2.0 10 190 M M 0 12 13 140
23 83 51 67 1 0 2 0.00 0.0 0 4.8 14 150 M M 1 1 17 180
24 83 50 67 0 0 2 0.00 0.0 0 2.8 12 190 M M 2 1 15 210
25 87 52 70 3 0 5 0.00 0.0 0 2.9 12 190 M M 3 12 14 230
26 87 61 74 7 0 9 T 0.0 0 8.2 31 300 M M 2 45 310
27 79 48 64 -3 1 0 0.00 0.0 0 5.8 15 30 M M 0 20 40
28 79 43 61 -7 4 0 0.00 0.0 0 1.8 12 80 M M 0 1 14 50
29 81 46 64 -4 1 0 0.00 0.0 0 3.9 15 190 M M 1 12 21 210
30 84 50 67 -1 0 2 0.00 0.0 0 4.9 13 180 M M 0 1 18 150
================================================================================
SM 2332 1394 120 43 4.90 0.0 169.7 M 61
================================================================================
AV 77.7 46.5 5.7 FASTST M M 2 MAX(MPH)
MISC ----> 37 280 47 260
================================================================================
NOTES:
# LAST OF SEVERAL OCCURRENCES
COLUMN 17 PEAK WIND IN M.P.H.
PRELIMINARY LOCAL CLIMATOLOGICAL DATA (WS FORM: F-6) , PAGE 2
STATION: AUGUSTA BUSH FIELD GA
MONTH: APRIL
YEAR: 2022
LATITUDE: 33 22 N
LONGITUDE: 81 58 W
[TEMPERATURE DATA] [PRECIPITATION DATA] SYMBOLS USED IN COLUMN 16
AVERAGE MONTHLY: 62.1 TOTAL FOR MONTH: 4.90 1 = FOG OR MIST
DPTR FM NORMAL: -2.5 DPTR FM NORMAL: 1.98 2 = FOG REDUCING VISIBILITY
HIGHEST: 87 ON 26,25 GRTST 24HR 2.26 ON 6- 7 TO 1/4 MILE OR LESS
LOWEST: 31 ON 10 3 = THUNDER
SNOW, ICE PELLETS, HAIL 4 = ICE PELLETS
TOTAL MONTH: 0.0 INCH 5 = HAIL
GRTST 24HR 0.0 6 = FREEZING RAIN OR DRIZZLE
GRTST DEPTH: 0 7 = DUSTSTORM OR SANDSTORM:
VSBY 1/2 MILE OR LESS
8 = SMOKE OR HAZE
[NO. OF DAYS WITH] [WEATHER - DAYS WITH] 9 = BLOWING SNOW
X = TORNADO
MAX 32 OR BELOW: 0 0.01 INCH OR MORE: 6
MAX 90 OR ABOVE: 0 0.10 INCH OR MORE: 6
MIN 32 OR BELOW: 1 0.50 INCH OR MORE: 4
MIN 0 OR BELOW: 0 1.00 INCH OR MORE: 3
[HDD (BASE 65) ]
TOTAL THIS MO. 120 CLEAR (SCALE 0-3) 22
DPTR FM NORMAL 27 PTCLDY (SCALE 4-7) 7
TOTAL FM JUL 1 1945 CLOUDY (SCALE 8-10) 1
DPTR FM NORMAL -225
[CDD (BASE 65) ]
TOTAL THIS MO. 43
DPTR FM NORMAL -37 [PRESSURE DATA]
TOTAL FM JAN 1 103 HIGHEST SLP 30.46 ON 21
DPTR FM NORMAL -13 LOWEST SLP 29.57 ON 5
[REMARKS]
#FINAL-04-22#