000
CXUS52 KFFC 011110
CF6AHN
PRELIMINARY LOCAL CLIMATOLOGICAL DATA (WS FORM: F-6)
STATION: ATHENS
MONTH: MARCH
YEAR: 2020
LATITUDE: 33 57 N
LONGITUDE: 83 19 W
TEMPERATURE IN F: :PCPN: SNOW: WIND :SUNSHINE: SKY :PK WND
================================================================================
1 2 3 4 5 6A 6B 7 8 9 10 11 12 13 14 15 16 17 18
12Z AVG MX 2MIN
DY MAX MIN AVG DEP HDD CDD WTR SNW DPTH SPD SPD DIR MIN PSBL S-S WX SPD DR
================================================================================
1 67 28 48 -3 17 0 0.00 0.0 0 2.8 10 280 M M 0 13 190
2 59 39 49 -2 16 0 0.41 M 0 3.8 10 200 M M 5 1 16 170
3 72 54 63 12 2 0 0.44 0.0 0 5.6 16 220 M M 8 123 29 220
4 62 54 58 7 7 0 0.59 0.0 0 2.7 10 340 M M 9 1 15 330
5 54 46 50 -2 15 0 1.49 0.0 0 7.5 18 80 M M 10 1 23 80
6 58 39 49 -3 16 0 0.00 0.0 0 9.4 23 320 M M 1 1 35 300
7 61 33 47 -5 18 0 0.00 0.0 0 4.9 12 70 M M 0 15 60
8 64 32 48 -4 17 0 0.00 0.0 0 3.9 9 180 M M 0 13 180
9 71 38 55 2 10 0 0.00 0.0 0 3.2 12 210 M M 2 18 220
10 68 55 62 9 3 0 0.03 0.0 0 4.3 12 220 M M 7 1 17 260
11 76 50 63 10 2 0 0.48 0.0 0 2.4 23 320 M M 6 1 32 320
12 73 53 63 10 2 0 0.00 0.0 0 3.3 10 180 M M 6 1 16 210
13 79 63 71 17 0 6 T 0.0 0 5.4 13 280 M M 6 17 310
14 71 54 63 9 2 0 T 0.0 0 5.6 15 60 M M 5 22 100
15 70 53 62 8 3 0 0.03 0.0 0 3.9 15 70 M M 7 18 19 340
16 58 51 55 1 10 0 T 0.0 0 7.6 15 90 M M 10 1 18 90
17 69 50 60 5 5 0 0.00 0.0 0 2.7 9 80 M M 6 18 11 50
18 74 49 62 7 3 0 0.14 0.0 0 5.4 13 70 M M 8 1238 16 60
19 84 60 72 17 0 7 0.00 0.0 0 2.6 12 240 M M 8 128 18 250
20 86 61 74 19 0 9 0.00 0.0 0 4.7 17 320 M M 1 25 310
21 81 58 70 14 0 5 0.03 0.0 0 6.7 15 300 M M 3 21 290
22 61 51 56 0 9 0 T 0.0 0 9.2 17 70 M M 8 1 25 70
23 56 50 53 -3 12 0 0.92 0.0 0 4.5 13 90 M M 10 1 17 80
24 60 54 57 1 8 0 0.23 0.0 0 4.5 13 70 M M 10 123 17 340
25 77 55 66 9 0 1 0.37 0.0 0 5.3 18 330 M M 4 123 26 330
26 79 46 63 6 2 0 0.00 0.0 0 4.5 12 100 M M 2 15 190
27 88 57 73 16 0 8 0.00 0.0 0 5.1 13 230 M M 1 1 20 240
28 89 63 76 19 0 11 0.00 0.0 0 4.8 13 230 M M 1 1 20 240
29 84 65 75 17 0 10 0.00 0.0 0 5.8 15 250 M M 2 25 260
30 82 61 72 14 0 7 0.00 0.0 0 6.5 14 290 M M 0 20 300
31 67 49 58 0 7 0 0.26 0.0 0 7.3 21 290 M M 8 32 300
================================================================================
SM 2200 1571 186 64 5.42 0.0 155.9 M 154
================================================================================
AV 71.0 50.7 5.0 FASTST M M 5 MAX(MPH)
MISC ----> # 23 320 # 35 300
================================================================================
NOTES:
# LAST OF SEVERAL OCCURRENCES
COLUMN 17 PEAK WIND IN M.P.H.
PRELIMINARY LOCAL CLIMATOLOGICAL DATA (WS FORM: F-6) , PAGE 2
STATION: ATHENS
MONTH: MARCH
YEAR: 2020
LATITUDE: 33 57 N
LONGITUDE: 83 19 W
[TEMPERATURE DATA] [PRECIPITATION DATA] SYMBOLS USED IN COLUMN 16
AVERAGE MONTHLY: 60.8 TOTAL FOR MONTH: 5.42 1 = FOG OR MIST
DPTR FM NORMAL: 6.5 DPTR FM NORMAL: 0.99 2 = FOG REDUCING VISIBILITY
HIGHEST: 89 ON 28 GRTST 24HR 1.49 ON 5- 5 TO 1/4 MILE OR LESS
LOWEST: 28 ON 1 3 = THUNDER
SNOW, ICE PELLETS, HAIL 4 = ICE PELLETS
TOTAL MONTH: 0.0 INCH 5 = HAIL
GRTST 24HR 0.0 6 = FREEZING RAIN OR DRIZZLE
GRTST DEPTH: 0 7 = DUSTSTORM OR SANDSTORM:
VSBY 1/2 MILE OR LESS
8 = SMOKE OR HAZE
[NO. OF DAYS WITH] [WEATHER - DAYS WITH] 9 = BLOWING SNOW
X = TORNADO
MAX 32 OR BELOW: 0 0.01 INCH OR MORE: 13
MAX 90 OR ABOVE: 0 0.10 INCH OR MORE: 10
MIN 32 OR BELOW: 2 0.50 INCH OR MORE: 3
MIN 0 OR BELOW: 0 1.00 INCH OR MORE: 1
[HDD (BASE 65) ]
TOTAL THIS MO. 186 CLEAR (SCALE 0-3) 12
DPTR FM NORMAL -154 PTCLDY (SCALE 4-7) 13
TOTAL FM JUL 1 1997 CLOUDY (SCALE 8-10) 6
DPTR FM NORMAL -598
[CDD (BASE 65) ]
TOTAL THIS MO. 64
DPTR FM NORMAL 54 [PRESSURE DATA]
TOTAL FM JAN 1 65 HIGHEST SLP 30.63 ON 8
DPTR FM NORMAL 54 LOWEST SLP 29.60 ON 31
[REMARKS]
#FINAL-03-20#