000
CXAK56 PAJK 011310
CF6AJN
PRELIMINARY LOCAL CLIMATOLOGICAL DATA (WS FORM: F-6)
STATION: JUNEAU
MONTH: APRIL
YEAR: 2023
LATITUDE: 58 22 N
LONGITUDE: 134 35 W
TEMPERATURE IN F: :PCPN: SNOW: WIND :SUNSHINE: SKY :PK WND
================================================================================
1 2 3 4 5 6A 6B 7 8 9 10 11 12 13 14 15 16 17 18
12Z AVG MX 2MIN
DY MAX MIN AVG DEP HDD CDD WTR SNW DPTH SPD SPD DIR MIN PSBL S-S WX SPD DR
================================================================================
1 44 29 37 1 28 0 0.11 T 0 4.8 15 120 M M 8 1 19 120
2 42 31 37 0 28 0 0.10 0.8 0 4.5 18 130 M M 9 1 23 120
3 43 26 35 -2 30 0 0.03 T 0 3.7 14 250 M M 5 14 17 230
4 42 25 34 -3 31 0 0.08 T 0 6.5 20 120 M M 8 1 23 140
5 40 36 38 0 27 0 0.52 T 0 13.5 21 110 M M 10 1 24 110
6 41 37 39 1 26 0 0.49 0.0 0 7.5 18 100 M M 10 1 22 70
7 42 35 39 1 26 0 0.44 0.0 0 5.7 14 70 M M 10 1 19 130
8 51 31 41 2 24 0 0.29 0.0 0 12.1 35 130 M M 9 12 42 130
9 44 36 40 1 25 0 0.31 0.0 0 16.2 52 110 M M 10 1 71 120
10 43 26 35 -4 30 0 0.04 T 0 6.5 18 110 M M 7 1 20 120
11 50 26 38 -2 27 0 0.00 0.0 0 3.5 13 280 M M 4 1 16 270
12 40 33 37 -3 28 0 0.03 T 0 13.0 26 120 M M 10 1 33 110
13 41 35 38 -2 27 0 0.21 T 0 11.6 23 120 M M 10 1 30 130
14 49 36 43 3 22 0 0.01 T 0 10.3 24 110 M M 10 1 29 120
15 49 35 42 1 23 0 0.23 0.0 0 14.5 26 110 M M 10 18 35 120
16 51 34 43 2 22 0 T 0.0 0 5.9 14 230 M M 7 1 19 50
17 46 37 42 1 23 0 0.10 0.0 0 5.8 24 130 M M 9 18 32 140
18 50 32 41 -1 24 0 T 0.0 0 4.4 14 240 M M 6 12 16 240
19 57 30 44 2 21 0 0.00 0.0 0 4.5 20 110 M M 6 23 110
20 58 32 45 3 20 0 0.00 0.0 0 6.2 21 80 M M 3 27 90
21 58 32 45 3 20 0 0.00 0.0 0 4.5 13 250 M M 6 18 150
22 48 37 43 0 22 0 0.08 0.0 0 4.6 13 80 M M 10 1 15 60
23 52 40 46 3 19 0 0.09 0.0 0 6.5 20 120 M M 8 1 23 130
24 45 34 40 -3 25 0 0.53 T 0 18.0 35 120 M M 9 1 42 130
25 43 33 38 -6 27 0 0.01 0.0 0 10.0 23 130 M M 9 1 27 130
26 47 34 41 -3 24 0 0.31 T 0 6.8 21 120 M M 9 18 24 120
27 42 38 40 -4 25 0 0.56 T 0 22.1 37 120 M M 10 1 45 100
28 52 40 46 2 19 0 0.04 0.0 0 8.6 18 130 M M 10 1 21 130
29 57 41 49 4 16 0 0.01 0.0 0 5.6 13 90 M M 10 12 18 220
30 54 45 50 5 15 0 0.08 0.0 0 9.2 18 130 M M 10 1 22 140
================================================================================
SM 1421 1016 724 0 4.70 0.8 256.6 M 252
================================================================================
AV 47.4 33.9 8.6 FASTST M M 8 MAX(MPH)
MISC ----> 52 110 71 120
================================================================================
NOTES:
# LAST OF SEVERAL OCCURRENCES
COLUMN 17 PEAK WIND IN M.P.H.
PRELIMINARY LOCAL CLIMATOLOGICAL DATA (WS FORM: F-6) , PAGE 2
STATION: JUNEAU
MONTH: APRIL
YEAR: 2023
LATITUDE: 58 22 N
LONGITUDE: 134 35 W
[TEMPERATURE DATA] [PRECIPITATION DATA] SYMBOLS USED IN COLUMN 16
AVERAGE MONTHLY: 40.6 TOTAL FOR MONTH: 4.70 1 = FOG OR MIST
DPTR FM NORMAL: -0.2 DPTR FM NORMAL: 1.23 2 = FOG REDUCING VISIBILITY
HIGHEST: 58 ON 21,20 GRTST 24HR 0.74 ON 5- 6 TO 1/4 MILE OR LESS
LOWEST: 25 ON 4 3 = THUNDER
SNOW, ICE PELLETS, HAIL 4 = ICE PELLETS
TOTAL MONTH: 0.8 INCH 5 = HAIL
GRTST 24HR 0.8 ON 2- 2 6 = FREEZING RAIN OR DRIZZLE
GRTST DEPTH: 0 7 = DUSTSTORM OR SANDSTORM:
VSBY 1/2 MILE OR LESS
8 = SMOKE OR HAZE
[NO. OF DAYS WITH] [WEATHER - DAYS WITH] 9 = BLOWING SNOW
X = TORNADO
MAX 32 OR BELOW: 0 0.01 INCH OR MORE: 24
MAX 90 OR ABOVE: 0 0.10 INCH OR MORE: 13
MIN 32 OR BELOW: 11 0.50 INCH OR MORE: 3
MIN 0 OR BELOW: 0 1.00 INCH OR MORE: 0
[HDD (BASE 65) ]
TOTAL THIS MO. 724 CLEAR (SCALE 0-3) 1
DPTR FM NORMAL -2 PTCLDY (SCALE 4-7) 8
TOTAL FM JUL 1 7280 CLOUDY (SCALE 8-10) 21
DPTR FM NORMAL -245
[CDD (BASE 65) ]
TOTAL THIS MO. 0
DPTR FM NORMAL 0 [PRESSURE DATA]
TOTAL FM JAN 1 0 HIGHEST SLP 30.23 ON 28
DPTR FM NORMAL 0 LOWEST SLP 28.98 ON 9
[REMARKS]
#FINAL-04-23#