000
CXAK56 PAFC 011029
CF6AKN
PRELIMINARY LOCAL CLIMATOLOGICAL DATA (WS FORM: F-6)
STATION: KING SALMON
MONTH: MAY
YEAR: 2022
LATITUDE: 58 41 N
LONGITUDE: 156 39 W
TEMPERATURE IN F: :PCPN: SNOW: WIND :SUNSHINE: SKY :PK WND
================================================================================
1 2 3 4 5 6A 6B 7 8 9 10 11 12 13 14 15 16 17 18
12Z AVG MX 2MIN
DY MAX MIN AVG DEP HDD CDD WTR SNW DPTH SPD SPD DIR MIN PSBL S-S WX SPD DR
================================================================================
1 52 34 43 0 22 0 0.06 M M 7.8 22 150 M M 8 1 26 140
2 50 30 40 -3 25 0 T M M 9.7 22 50 M M 9 30 40
3 53 33 43 0 22 0 0.01 M M 9.0 18 320 M M 8 23 320
4 50 33 42 -2 23 0 T M M 8.5 14 270 M M 8 1 17 260
5 53 30 42 -2 23 0 0.01 M M 5.6 17 210 M M 8 23 200
6 52 25 39 -5 26 0 0.37 M M 4.9 21 320 M M 8 12 28 320
7 47 29 38 -6 27 0 0.00 M M 11.2 21 220 M M 4 12 27 210
8 43 34 39 -5 26 0 T M M 16.3 26 240 M M 8 1 35 240
9 49 35 42 -2 23 0 0.01 M M 17.8 33 270 M M 8 40 270
10 51 30 41 -4 24 0 0.00 M M 13.9 28 350 M M 3 34 360
11 45 36 41 -4 24 0 T M M 9.9 22 210 M M 10 1 26 220
12 53 33 43 -2 22 0 0.00 M M 6.9 16 250 M M 8 12 20 250
13 50 31 41 -4 24 0 0.00 M M 13.2 26 340 M M 4 12 37 350
14 52 29 41 -4 24 0 0.00 M M 15.3 25 350 M M 2 34 350
15 55 22 39 -7 26 0 0.00 M M 5.7 15 300 M M 2 19 310
16 61 23 42 -4 23 0 0.00 M M 12.8 26 350 M M 3 1 36 330
17 63 32 48 2 17 0 T M M 10.0 22 320 M M 4 26 330
18 64 30 47 1 18 0 0.00 M M 8.0 18 280 M M 3 12 27 310
19 69 28 49 3 16 0 0.00 M M 6.0 20 200 M M 1 1 27 200
20 57 38 48 2 17 0 0.01 M M 17.7 32 90 M M 4 43 100
21 60 46 53 7 12 0 T M M 21.8 39 90 M M 8 55 100
22 66 44 55 8 10 0 0.01 M M 14.6 29 90 M M 6 37 100
23 62 37 50 3 15 0 0.00 M M 9.8 20 110 M M 3 26 110
24 56 43 50 3 15 0 0.02 M M 4.3 12 250 M M 9 14 250
25 64 41 53 6 12 0 0.01 M M 6.1 15 270 M M 5 20 80
26 72 34 53 6 12 0 T M M 7.1 21 320 M M 4 26 300
27 74 41 58 10 7 0 0.00 M M 10.5 21 360 M M 3 28 40
28 76 40 58 10 7 0 T M M 8.1 16 270 M M 3 22 280
29 69 43 56 8 9 0 0.00 M M 7.5 14 270 M M 4 8 19 210
30 71 33 52 4 13 0 T M M 5.9 21 100 M M 2 18 26 100
31 71 46 59 10 6 0 0.00 M M 12.0 24 90 M M 2 32 80
================================================================================
SM 1810 1063 570 0 0.51 M 317.9 M 162
================================================================================
AV 58.4 34.3 10.3 FASTST M M 5 MAX(MPH)
MISC ----> 39 90 55 100
================================================================================
NOTES:
# LAST OF SEVERAL OCCURRENCES
COLUMN 17 PEAK WIND IN M.P.H.
PRELIMINARY LOCAL CLIMATOLOGICAL DATA (WS FORM: F-6) , PAGE 2
STATION: KING SALMON
MONTH: MAY
YEAR: 2022
LATITUDE: 58 41 N
LONGITUDE: 156 39 W
[TEMPERATURE DATA] [PRECIPITATION DATA] SYMBOLS USED IN COLUMN 16
AVERAGE MONTHLY: 46.3 TOTAL FOR MONTH: 0.51 1 = FOG OR MIST
DPTR FM NORMAL: 0.7 DPTR FM NORMAL: -0.93 2 = FOG REDUCING VISIBILITY
HIGHEST: 76 ON 28 GRTST 24HR 0.37 ON 6- 6 TO 1/4 MILE OR LESS
LOWEST: 22 ON 15 3 = THUNDER
SNOW, ICE PELLETS, HAIL 4 = ICE PELLETS
TOTAL MONTH: M 5 = HAIL
GRTST 24HR M ON M 6 = FREEZING RAIN OR DRIZZLE
GRTST DEPTH: M ON M 7 = DUSTSTORM OR SANDSTORM:
VSBY 1/2 MILE OR LESS
8 = SMOKE OR HAZE
[NO. OF DAYS WITH] [WEATHER - DAYS WITH] 9 = BLOWING SNOW
X = TORNADO
MAX 32 OR BELOW: 0 0.01 INCH OR MORE: 9
MAX 90 OR ABOVE: 0 0.10 INCH OR MORE: 1
MIN 32 OR BELOW: 12 0.50 INCH OR MORE: 0
MIN 0 OR BELOW: 0 1.00 INCH OR MORE: 0
[HDD (BASE 65) ]
TOTAL THIS MO. 570 CLEAR (SCALE 0-3) 9
DPTR FM NORMAL -30 PTCLDY (SCALE 4-7) 17
TOTAL FM JUL 1 10650 CLOUDY (SCALE 8-10) 5
DPTR FM NORMAL 632
[CDD (BASE 65) ]
TOTAL THIS MO. 0
DPTR FM NORMAL 0 [PRESSURE DATA]
TOTAL FM JAN 1 0 HIGHEST SLP M ON M
DPTR FM NORMAL 0 LOWEST SLP 28.98 ON 2
[REMARKS]
#FINAL-05-22#