000
CXUS55 KBOU 010900
CF6AKO
PRELIMINARY LOCAL CLIMATOLOGICAL DATA (WS FORM: F-6)
STATION: AKRON CO
MONTH: SEPTEMBER
YEAR: 2023
LATITUDE: 40 10 N
LONGITUDE: 103 13 W
TEMPERATURE IN F: :PCPN: SNOW: WIND :SUNSHINE: SKY :PK WND
================================================================================
1 2 3 4 5 6A 6B 7 8 9 10 11 12 13 14 15 16 17 18
12Z AVG MX 2MIN
DY MAX MIN AVG DEP HDD CDD WTR SNW DPTH SPD SPD DIR MIN PSBL S-S WX SPD DR
================================================================================
1 100 64 82 13 0 17 0.00 M M 9.1 18 200 M M 0 25 210
2 95 61 78 9 0 13 0.00 M M 7.5 16 350 M M 0 23 350
3 94 64 79 10 0 14 T M M 9.3 33 280 M M 1 45 290
4 96 58 77 8 0 12 T M M 9.3 31 330 M M 0 49 300
5 74 51 63 -5 2 0 0.00 M M 13.0 30 350 M M 0 8 40 350
6 88 50 69 1 0 4 0.00 M M 8.4 21 190 M M 0 8 31 200
7 90 49 70 2 0 5 0.00 M M 10.3 23 340 M M 0 18 32 340
8 91 51 71 4 0 6 0.00 M M 8.1 21 120 M M 0 29 120
9 87 54 71 4 0 6 0.00 M M 10.2 18 60 M M 0 26 350
10 65 52 59 -8 6 0 0.05 M M 9.1 23 60 M M 6 13 31 50
11 70 50 60 -6 5 0 0.00 M M 7.0 15 70 M M 5 1 21 70
12 78 47 63 -3 2 0 0.00 M M 10.8 18 140 M M 0 28 180
13 79 50 65 -1 0 0 0.00 M M 9.5 14 180 M M 2 1 17 90
14 79 46 63 -2 2 0 1.57 M M 7.9 24 50 M M 4 12 31 40
15 67 52 60 -5 5 0 0.18 M M 7.5 16 350 M M 6 1 22 360
16 75 47 61 -3 4 0 0.00 M M 7.6 14 250 M M 0 18 280
17 84 49 67 3 0 2 0.00 M M 8.3 13 230 M M 0 19 210
18 70 56 63 0 2 0 0.00 M M 12.7 17 280 M M 1 M M
19 84 56 70 7 0 5 0.00 M M 9.9 20 350 M M 2 29 340
20 82 51 67 5 0 2 0.00 M M 7.8 14 170 M M 0 19 170
21 82 50 66 4 0 1 0.00 M M 8.5 20 80 M M 1 1 26 80
22 77 53 65 3 0 0 T M M 9.8 22 90 M M 4 12 28 120
23 74 41 58 -3 7 0 T M M 10.3 28 350 M M 1 12 36 330
24 77 43 60 -1 5 0 0.00 M M 8.1 16 310 M M 0 23 240
25 M 47 M M M M 0.00 M M M M M M M M M M
26 M M M M M M 0.00 M M M M M M M M M M
27 M M M M M M 0.00 M M M M M M M 0 M M
28 88 58 73 14 0 8 0.00 M M 9.5 16 360 M M 0 22 110
29 80 47 64 6 1 0 0.00 M M 12.5 21 340 M M 1 29 320
30 88 46 67 9 0 2 T M M 10.8 25 160 M M 0 3 37 150
================================================================================
SM 2214 1443 41 97 1.80 M 252.8 M 34
================================================================================
AV 82.0 51.5 9.4 FASTST M M 1 MAX(MPH)
MISC ----> 33 280 49 300
================================================================================
NOTES:
# LAST OF SEVERAL OCCURRENCES
COLUMN 17 PEAK WIND IN M.P.H.
PRELIMINARY LOCAL CLIMATOLOGICAL DATA (WS FORM: F-6) , PAGE 2
STATION: AKRON CO
MONTH: SEPTEMBER
YEAR: 2023
LATITUDE: 40 10 N
LONGITUDE: 103 13 W
[TEMPERATURE DATA] [PRECIPITATION DATA] SYMBOLS USED IN COLUMN 16
AVERAGE MONTHLY: 66.8 TOTAL FOR MONTH: 1.80 1 = FOG OR MIST
DPTR FM NORMAL: 2.7 DPTR FM NORMAL: 0.56 2 = FOG REDUCING VISIBILITY
HIGHEST: 100 ON 1 GRTST 24HR 1.75 ON 14-15 TO 1/4 MILE OR LESS
LOWEST: 41 ON 23 3 = THUNDER
SNOW, ICE PELLETS, HAIL 4 = ICE PELLETS
TOTAL MONTH: M 5 = HAIL
GRTST 24HR M ON M 6 = FREEZING RAIN OR DRIZZLE
GRTST DEPTH: M ON M 7 = DUSTSTORM OR SANDSTORM:
VSBY 1/2 MILE OR LESS
8 = SMOKE OR HAZE
[NO. OF DAYS WITH] [WEATHER - DAYS WITH] 9 = BLOWING SNOW
X = TORNADO
MAX 32 OR BELOW: 0 0.01 INCH OR MORE: 3
MAX 90 OR ABOVE: 6 0.10 INCH OR MORE: 2
MIN 32 OR BELOW: 0 0.50 INCH OR MORE: 1
MIN 0 OR BELOW: 0 1.00 INCH OR MORE: 1
[HDD (BASE 65) ]
TOTAL THIS MO. 41 CLEAR (SCALE 0-3) 23
DPTR FM NORMAL -80 PTCLDY (SCALE 4-7) 5
TOTAL FM JUL 1 56 CLOUDY (SCALE 8-10) 2
DPTR FM NORMAL -82
[CDD (BASE 65) ]
TOTAL THIS MO. 97
DPTR FM NORMAL 3 [PRESSURE DATA]
TOTAL FM JAN 1 707 HIGHEST SLP M ON M
DPTR FM NORMAL -107 LOWEST SLP 29.47 ON 4
[REMARKS]
#FINAL-09-23#