000
CXUS51 KALY 010634
CLMALB
CLIMATE REPORT
NATIONAL WEATHER SERVICE ALBANY NY
234 AM EDT THU JUN 01 2023
...................................
...THE ALBANY NY CLIMATE SUMMARY FOR THE MONTH OF MAY 2023...
CLIMATE NORMAL PERIOD: 1991 TO 2020
CLIMATE RECORD PERIOD: 1874 TO 2023
WEATHER OBSERVED NORMAL DEPART LAST YEAR`S
VALUE DATE(S) VALUE FROM VALUE DATE(S)
NORMAL
................................................................
TEMPERATURE (F)
RECORD
HIGH 97 05/22/1911
LOW 26 05/08/1968
HIGHEST 90 05/28 92 05/31
LOWEST 32 05/18 35 05/01
05/09
AVG. MAXIMUM 72.5 71.2 1.3 75.1
AVG. MINIMUM 45.2 48.1 -2.9 51.5
MEAN 58.8 59.6 -0.8 63.3
DAYS MAX >= 90 1 0.4 0.6 3
DAYS MAX <= 32 0 0.0 0.0 0
DAYS MIN <= 32 1 0.7 0.3 0
DAYS MIN <= 0 0 0.0 0.0 0
PRECIPITATION (INCHES)
RECORD
MAXIMUM 8.96 1953
MINIMUM 0.15 1903
TOTALS 1.16 3.41 -2.25 1.85
DAILY AVG. 0.04 0.06
DAYS >= .01 6 12.7 -6.7 10
DAYS >= .10 3 7.7 -4.7 5
DAYS >= .50 1 2.4 -1.4 0
DAYS >= 1.00 0 0.6 -0.6 0
GREATEST
24 HR. TOTAL 0.50 04/30 TO 05/01
SNOWFALL (INCHES)
RECORDS
TOTAL 5.4 1945
24 HR TOTAL 5.4 05/10/1945 TO 05/11/1945
SNOW DEPTH 4 05/10/1945
TOTALS 0.0 0.1 -0.1 0.0
SINCE 7/1 55.0 59.2 -4.2 36.4
SNOWDEPTH AVG. 0
DAYS >= TRACE 0 0.0 0.0 0
DAYS >= 1.0 0 0.0 0.0 0
GREATEST
SNOW DEPTH 0 0
24 HR TOTAL 0.0
DEGREE DAYS
HEATING TOTAL 207 204 3 135
SINCE 7/1 5494 6321 -827 5988
COOLING TOTAL 24 38 -14 87
SINCE 1/1 46 43 3 87
................................................................
WIND (MPH)
AVERAGE WIND SPEED 6.7
HIGHEST WIND SPEED/DIRECTION 26/260 DATE 05/01
26/290 05/12
HIGHEST GUST SPEED/DIRECTION 41/260 DATE 05/01
SKY COVER
AVERAGE SKY COVER 0.53
AVERAGE RH (PERCENT) 56
WEATHER CONDITIONS. NUMBER OF DAYS WITH
THUNDERSTORM 0 MIXED PRECIP 0
HEAVY RAIN 0 RAIN 2
LIGHT RAIN 9 FREEZING RAIN 0
LT FREEZING RAIN 0 HAIL 0
HEAVY SNOW 0 SNOW 0
LIGHT SNOW 0 SLEET 0
FOG 5 FOG W/VIS <= 1/4 MILE 0
HAZE 0
- INDICATES NEGATIVE NUMBERS.
R INDICATES RECORD WAS SET OR TIED.
MM INDICATES DATA IS MISSING.
T INDICATES TRACE AMOUNT.
$$