000
CXUS51 KALY 012048
CLSALB
CLIMATE REPORT
NATIONAL WEATHER SERVICE ALBANY NY
448 PM EDT WED JUN 01 2022
...................................
...THE ALBANY NY CLIMATE SUMMARY FOR THE SEASON, FROM
3/1/2022 TO 5/31/2022...
CLIMATE NORMAL PERIOD: 1991 TO 2020
CLIMATE RECORD PERIOD: 1874 TO 2022
WEATHER OBSERVED NORMAL DEPART LAST YEAR`S
VALUE DATE(S) VALUE FROM VALUE DATE(S)
NORMAL
................................................................
TEMPERATURE (F)
RECORD
HIGH 97 05/22/1911
LOW -21 03/06/1948
HIGHEST 92 05/31 87 05/26
LOWEST 6 03/04 9 03/02
AVG. MAXIMUM 60.2 58.6 1.6 57.4
AVG. MINIMUM 38.7 37.0 1.7 35.1
MEAN 49.5 47.8 1.7 46.3
DAYS MAX >= 90 3 0.5 2.5 0
DAYS MAX <= 32 3 4.3 -1.3 4
DAYS MIN <= 32 26 33.4 -7.4 34
DAYS MIN <= 0 0 0.3 -0.3 0
PRECIPITATION (INCHES)
RECORD
MAXIMUM 19.54 1983
MINIMUM 3.46 1860
TOTALS 10.20 9.61 0.59 8.78
DAILY AVG. 0.11 0.10
DAYS >= .01 38 36.7 1.3 29
DAYS >= .10 22 21.3 0.7 18
DAYS >= .50 4 6.6 -2.6 6
DAYS >= 1.00 2 1.5 0.5 2
GREATEST
24 HR. TOTAL 2.24 04/07 TO 04/08
SNOWFALL (INCHES)
RECORDS
24 HR TOTAL 30.4 03/12/1888 TO 03/12/1888
SNOW DEPTH 28 03/28/1993
TOTALS 11.9 13.7 -1.8 1.3
SNOWDEPTH AVG. 0
DAYS >= TRACE 10 7.0 3.0
DAYS >= 1.0 3 3.1 -0.1
GREATEST
SNOW DEPTH 4 03/01 1 03/02
03/10
03/13
24 HR TOTAL 9.1
DEGREE DAYS
HEATING TOTAL 1495 1627 -132 1731
SINCE 7/1 5988 6321 -333 6648
COOLING TOTAL 87 44 43 28
SINCE 1/1 87 43 44 28
................................................................
WIND (MPH)
AVERAGE WIND SPEED 8.6
HIGHEST WIND SPEED/DIRECTION 44/270 DATE 03/07
HIGHEST GUST SPEED/DIRECTION 56/270 DATE 03/07
WEATHER CONDITIONS. NUMBER OF DAYS WITH
THUNDERSTORM 6 MIXED PRECIP 0
HEAVY RAIN 4 RAIN 12
LIGHT RAIN 43 FREEZING RAIN 0
LT FREEZING RAIN 0 HAIL 1
HEAVY SNOW 2 SNOW 3
LIGHT SNOW 10 SLEET 2
FOG 36 FOG W/VIS <= 1/4 MILE 5
HAZE 2
- INDICATES NEGATIVE NUMBERS.
R INDICATES RECORD WAS SET OR TIED.
MM INDICATES DATA IS MISSING.
T INDICATES TRACE AMOUNT.
$$