034
CXUS55 KPUB 011826
CF6ALS
PRELIMINARY LOCAL CLIMATOLOGICAL DATA (WS FORM: F-6)
STATION: ALAMOSA CO
MONTH: DECEMBER
YEAR: 2020
LATITUDE: 37 27 N
LONGITUDE: 105 52 W
TEMPERATURE IN F: :PCPN: SNOW: WIND :SUNSHINE: SKY :PK WND
================================================================================
1 2 3 4 5 6A 6B 7 8 9 10 11 12 13 14 15 16 17 18
12Z AVG MX 2MIN
DY MAX MIN AVG DEP HDD CDD WTR SNW DPTH SPD SPD DIR MIN PSBL S-S WX SPD DR
================================================================================
1 38 5 22 0 43 0 0.01 0.4 0 7.7 25 360 M M 5 1 33 10
2 33 7 20 -2 45 0 0.00 0.0 T 4.8 15 350 M M 4 23 340
3 43 0 22 1 43 0 0.00 0.0 0 3.8 10 170 M M 0 13 50
4 50 2 26 5 39 0 0.00 0.0 0 4.0 10 310 M M 0 12 310
5 52 4 28 8 37 0 0.00 0.0 0 3.3 8 200 M M 0 9 40
6 49 3 26 6 39 0 0.00 0.0 0 2.3 8 280 M M 0 9 130
7 50 4 27 7 38 0 0.00 0.0 0 1.4 8 250 M M 0 9 280
8 52 5 29 10 36 0 0.00 0.0 0 2.2 8 270 M M 0 9 270
9 50 4 27 8 38 0 0.00 0.0 0 1.9 7 300 M M 0 7 310
10 35 7 21 2 44 0 0.13 1.5 0 3.7 14 270 M M 6 1 16 270
11 35 4 20 2 45 0 0.02 0.3 2 5.9 24 320 M M 8 1 32 330
12 32 -5 14 -4 51 0 0.07 1.1 1 7.0 21 10 M M 6 18 30 350
13 25 -9 8 -10 57 0 T T 2 7.3 30 350 M M 2 8 41 350
14 25 -9 8 -10 57 0 T T T 2.8 12 320 M M 2 1 14 320
15 28 -6 11 -7 54 0 0.03 0.6 1 5.6 21 10 M M 5 1 29 330
16 29 -11 9 -8 56 0 0.00 0.0 1 4.2 12 220 M M 0 12 240
17 27 -11 8 -9 57 0 0.00 0.0 1 2.8 9 250 M M 0 10 30
18 32 -4 14 -3 51 0 0.00 0.0 1 3.2 10 90 M M 4 1 12 80
19 33 -5 14 -3 51 0 0.00 0.0 T 2.8 9 230 M M 2 12 13 230
20 34 -3 16 -1 49 0 0.00 0.0 T 4.5 13 200 M M 0 16 200
21 37 -1 18 2 47 0 0.00 0.0 0 3.9 8 280 M M 0 9 310
22 44 -1 22 6 43 0 0.00 0.0 0 9.3 31 250 M M 3 12 42 260
23 25 4 15 -1 50 0 0.00 0.0 0 17.3 31 340 M M 1 45 340
24 28 -6 11 -5 54 0 0.00 0.0 0 5.7 12 250 M M 0 15 20
25 37 -7 15 -1 50 0 0.00 0.0 0 1.6 8 290 M M 0 9 290
26 39 -4 18 2 47 0 0.00 0.0 0 3.7 10 160 M M 0 12 350
27 37 2 20 4 45 0 0.00 0.0 0 4.1 12 350 M M 1 16 40
28 34 11 23 7 42 0 0.10 1.0 0 5.2 23 190 M M 7 18 31 180
29 33 -1 16 0 49 0 0.00 0.0 1 7.2 18 180 M M 4 24 180
30 25 -15 5 -11 60 0 0.00 0.0 1 2.7 9 260 M M 0 10 290
31 31 -11 10 -6 55 0 0.00 0.0 T 2.9 10 270 M M 1 14 340
================================================================================
SM 1122-47 1472 0 0.36 4.9 144.8 M 61
================================================================================
AV 36.2 -1.5 4.7 FASTST M M 2 MAX(MPH)
MISC ----> # 31 250 45 340
================================================================================
NOTES:
# LAST OF SEVERAL OCCURRENCES
COLUMN 17 PEAK WIND IN M.P.H.
PRELIMINARY LOCAL CLIMATOLOGICAL DATA (WS FORM: F-6) , PAGE 2
STATION: ALAMOSA CO
MONTH: DECEMBER
YEAR: 2020
LATITUDE: 37 27 N
LONGITUDE: 105 52 W
[TEMPERATURE DATA] [PRECIPITATION DATA] SYMBOLS USED IN COLUMN 16
AVERAGE MONTHLY: 17.3 TOTAL FOR MONTH: 0.36 1 = FOG OR MIST
DPTR FM NORMAL: -0.6 DPTR FM NORMAL: 0.01 2 = FOG REDUCING VISIBILITY
HIGHEST: 52 ON 8, 5 GRTST 24HR 0.14 ON 10-11 TO 1/4 MILE OR LESS
LOWEST: -15 ON 30 3 = THUNDER
SNOW, ICE PELLETS, HAIL 4 = ICE PELLETS
TOTAL MONTH: 4.9 INCHES 5 = HAIL
GRTST 24HR 1.8 ON 10-11 6 = FREEZING RAIN OR DRIZZLE
GRTST DEPTH: 2 ON 13,14# 7 = DUSTSTORM OR SANDSTORM:
VSBY 1/2 MILE OR LESS
8 = SMOKE OR HAZE
[NO. OF DAYS WITH] [WEATHER - DAYS WITH] 9 = BLOWING SNOW
X = TORNADO
MAX 32 OR BELOW: 11 0.01 INCH OR MORE: 6
MAX 90 OR ABOVE: 0 0.10 INCH OR MORE: 2
MIN 32 OR BELOW: 31 0.50 INCH OR MORE: 0
MIN 0 OR BELOW: 18 1.00 INCH OR MORE: 0
[HDD (BASE 65) ]
TOTAL THIS MO. 1472 CLEAR (SCALE 0-3) 22
DPTR FM NORMAL 10 PTCLDY (SCALE 4-7) 8
TOTAL FM JUL 1 3346 CLOUDY (SCALE 8-10) 1
DPTR FM NORMAL -291
[CDD (BASE 65) ]
TOTAL THIS MO. 0
DPTR FM NORMAL 0 [PRESSURE DATA]
TOTAL FM JAN 1 92 HIGHEST SLP 30.76 ON 24
DPTR FM NORMAL 41 LOWEST SLP 29.76 ON 29
[REMARKS]
#FINAL-12-20#