000
CXUS56 KPDT 011810
CF6ALW
PRELIMINARY LOCAL CLIMATOLOGICAL DATA (WS FORM: F-6)
STATION: WALLA WALLA WA
MONTH: OCTOBER
YEAR: 2022
LATITUDE: 46 5 N
LONGITUDE: 118 17 W
TEMPERATURE IN F: :PCPN: SNOW: WIND :SUNSHINE: SKY :PK WND
================================================================================
1 2 3 4 5 6A 6B 7 8 9 10 11 12 13 14 15 16 17 18
12Z AVG MX 2MIN
DY MAX MIN AVG DEP HDD CDD WTR SNW DPTH SPD SPD DIR MIN PSBL S-S WX SPD DR
================================================================================
1 73 47 60 0 5 0 0.00 M M 5.5 12 60 M M 0 17 240
2 79 53 66 6 0 1 0.00 M M 5.2 14 80 M M 0 17 80
3 82 53 68 8 0 3 0.00 M M 5.4 10 200 M M 0 19 250
4 82 55 69 10 0 4 0.00 M M 3.8 9 260 M M 0 13 270
5 80 53 67 9 0 2 0.00 M M 4.0 9 260 M M 0 8 13 260
6 79 52 66 8 0 1 0.00 M M 4.1 8 100 M M 0 11 260
7 74 52 63 5 2 0 0.00 M M 4.5 9 80 M M 0 11 220
8 76 51 64 7 1 0 0.00 M M 5.0 9 90 M M 0 12 260
9 76 51 64 7 1 0 0.00 M M 4.8 9 110 M M 0 12 230
10 80 53 67 11 0 2 0.00 M M 9.3 21 250 M M 0 27 250
11 72 55 64 8 1 0 0.00 M M 8.1 14 230 M M 0 19 210
12 75 49 62 7 3 0 0.00 M M 4.4 9 230 M M 0 13 260
13 73 47 60 5 5 0 0.00 M M 4.5 9 90 M M 0 11 260
14 74 46 60 6 5 0 0.00 M M 4.8 10 80 M M 0 12 80
15 70 47 59 5 6 0 0.00 M M 4.6 10 90 M M 0 13 200
16 73 44 59 5 6 0 0.00 M M 4.3 9 160 M M 0 10 150
17 70 44 57 4 8 0 0.00 M M 4.2 9 90 M M 0 11 240
18 71 45 58 5 7 0 0.00 M M 5.0 9 90 M M 0 8 12 270
19 72 45 59 7 6 0 0.00 M M 4.6 12 90 M M 0 8 13 90
20 74 46 60 8 5 0 0.00 M M 6.6 15 190 M M 2 8 19 200
21 58 46 52 1 13 0 0.57 M M 11.5 21 210 M M 7 8 30 210
22 50 42 46 -5 19 0 0.85 M M 8.8 15 190 M M 7 8 20 190
23 53 41 47 -3 18 0 0.00 M M 8.5 13 210 M M 6 18 180
24 52 44 48 -2 17 0 0.18 M M 13.8 24 180 M M 6 1 38 190
25 55 43 49 -1 16 0 0.01 M M 11.9 26 230 M M 5 36 230
26 54 42 48 -1 17 0 0.01 M M 12.8 21 220 M M 6 27 230
27 61 40 51 2 14 0 0.00 M M 12.5 23 160 M M 0 30 160
28 62 48 55 7 10 0 0.00 M M 10.7 29 160 M M 4 8 41 150
29 63 47 55 7 10 0 0.00 M M 5.9 10 250 M M 6 8 17 290
30 62 47 55 7 10 0 0.00 M M 9.0 21 210 M M 8 27 220
31 56 48 52 5 13 0 0.23 M M 7.7 16 170 M M 10 1 24 200
================================================================================
SM 2131 1476 218 13 1.85 M 215.8 M 67
================================================================================
AV 68.7 47.6 7.0 FASTST M M 2 MAX(MPH)
MISC ----> 29 160 41 150
================================================================================
NOTES:
# LAST OF SEVERAL OCCURRENCES
COLUMN 17 PEAK WIND IN M.P.H.
PRELIMINARY LOCAL CLIMATOLOGICAL DATA (WS FORM: F-6) , PAGE 2
STATION: WALLA WALLA WA
MONTH: OCTOBER
YEAR: 2022
LATITUDE: 46 5 N
LONGITUDE: 118 17 W
[TEMPERATURE DATA] [PRECIPITATION DATA] SYMBOLS USED IN COLUMN 16
AVERAGE MONTHLY: 58.2 TOTAL FOR MONTH: 1.85 1 = FOG OR MIST
DPTR FM NORMAL: 4.5 DPTR FM NORMAL: 0.19 2 = FOG REDUCING VISIBILITY
HIGHEST: 82 ON 4, 3 GRTST 24HR 1.42 ON 21-22 TO 1/4 MILE OR LESS
LOWEST: 40 ON 27 3 = THUNDER
SNOW, ICE PELLETS, HAIL 4 = ICE PELLETS
TOTAL MONTH: M 5 = HAIL
GRTST 24HR M ON M 6 = FREEZING RAIN OR DRIZZLE
GRTST DEPTH: M ON M 7 = DUSTSTORM OR SANDSTORM:
VSBY 1/2 MILE OR LESS
8 = SMOKE OR HAZE
[NO. OF DAYS WITH] [WEATHER - DAYS WITH] 9 = BLOWING SNOW
X = TORNADO
MAX 32 OR BELOW: 0 0.01 INCH OR MORE: 6
MAX 90 OR ABOVE: 0 0.10 INCH OR MORE: 4
MIN 32 OR BELOW: 0 0.50 INCH OR MORE: 2
MIN 0 OR BELOW: 0 1.00 INCH OR MORE: 0
[HDD (BASE 65) ]
TOTAL THIS MO. 218 CLEAR (SCALE 0-3) 21
DPTR FM NORMAL -140 PTCLDY (SCALE 4-7) 9
TOTAL FM JUL 1 238 CLOUDY (SCALE 8-10) 1
DPTR FM NORMAL -196
[CDD (BASE 65) ]
TOTAL THIS MO. 13
DPTR FM NORMAL 7 [PRESSURE DATA]
TOTAL FM JAN 1 1017 HIGHEST SLP 30.36 ON 19
DPTR FM NORMAL 80 LOWEST SLP 29.48 ON 22
[REMARKS]
#FINAL-10-22#