000
CXUS54 KAMA 011618
CF6AMA
PRELIMINARY LOCAL CLIMATOLOGICAL DATA (WS FORM: F-6)
STATION: AMARILLO
MONTH: NOVEMBER
YEAR: 2021
LATITUDE: 35 13 N
LONGITUDE: 101 42 W
TEMPERATURE IN F: :PCPN: SNOW: WIND :SUNSHINE: SKY :PK WND
================================================================================
1 2 3 4 5 6A 6B 7 8 9 10 11 12 13 14 15 16 17 18
12Z AVG MX 2MIN
DY MAX MIN AVG DEP HDD CDD WTR SNW DPTH SPD SPD DIR MIN PSBL S-S WX SPD DR
================================================================================
1 67 34 51 -2 14 0 0.00 0.0 0 9.7 21 90 M M 0 26 80
2 44 37 41 -12 24 0 0.00 0.0 0 8.9 18 60 M M 10 1 22 60
3 47 32 40 -12 25 0 0.00 0.0 0 5.8 12 360 M M 8 1 15 80
4 65 28 47 -5 18 0 0.00 0.0 0 11.8 18 190 M M 0 1 24 200
5 72 37 55 4 10 0 0.00 0.0 0 14.4 22 180 M M 0 1 28 160
6 81 37 59 8 6 0 0.00 0.0 0 14.9 25 180 M M 0 35 180
7 85 47 66 15 0 1 0.00 0.0 0 15.8 23 200 M M 0 29 190
8 83 46 65 15 0 0 0.00 0.0 0 10.7 22 230 M M 0 30 250
9 66 41 54 4 11 0 0.00 0.0 0 10.6 18 170 M M 2 12 24 170
10 71 42 57 7 8 0 0.00 0.0 0 14.1 31 360 M M 1 40 360
11 62 38 50 1 15 0 0.00 0.0 0 8.7 17 190 M M 2 18 210
12 56 33 45 -4 20 0 0.00 0.0 0 11.1 30 20 M M 0 42 10
13 73 33 53 5 12 0 0.00 0.0 0 10.7 26 230 M M 0 32 220
14 63 36 50 2 15 0 0.00 0.0 0 8.6 23 360 M M 0 30 350
15 84 36 60 12 5 0 0.00 0.0 0 7.2 15 310 M M 0 20 300
16 85 40 63 16 2 0 0.00 0.0 0 12.9 21 250 M M 0 8 29 240
17 65 30 48 1 17 0 0.00 0.0 0 18.1 35 10 M M 0 45 10
18 52 26 39 -7 26 0 0.00 0.0 0 10.7 25 190 M M 0 35 180
19 66 35 51 5 14 0 0.00 0.0 0 20.6 35 210 M M 0 45 210
20 76 40 58 12 7 0 0.00 0.0 0 9.8 18 230 M M 0 24 240
21 60 33 47 2 18 0 0.00 0.0 0 12.7 28 10 M M 0 37 20
22 69 30 50 5 15 0 0.00 0.0 0 9.0 20 260 M M 0 25 250
23 72 34 53 9 12 0 0.00 0.0 0 17.1 29 210 M M 0 37 220
24 67 41 54 10 11 0 0.00 0.0 0 17.3 26 10 M M 0 38 10
25 52 29 41 -3 24 0 0.00 0.0 0 12.7 28 360 M M 0 36 10
26 69 27 48 5 17 0 0.00 0.0 0 14.1 22 230 M M 0 29 240
27 66 33 50 7 15 0 0.00 0.0 0 12.5 28 30 M M 0 36 30
28 65 32 49 6 16 0 0.00 0.0 0 10.0 22 220 M M 0 33 220
29 79 36 58 16 7 0 0.00 0.0 0 7.5 15 230 M M 0 20 230
30 62 36 49 7 16 0 0.00 0.0 0 11.5 26 360 M M 0 37 340
================================================================================
SM 2024 1059 400 1 0.00 0.0 359.5 M 23
================================================================================
AV 67.5 35.3 12.0 FASTST M M 1 MAX(MPH)
MISC ----> # 35 10 # 45 10
================================================================================
NOTES:
# LAST OF SEVERAL OCCURRENCES
COLUMN 17 PEAK WIND IN M.P.H.
PRELIMINARY LOCAL CLIMATOLOGICAL DATA (WS FORM: F-6) , PAGE 2
STATION: AMARILLO
MONTH: NOVEMBER
YEAR: 2021
LATITUDE: 35 13 N
LONGITUDE: 101 42 W
[TEMPERATURE DATA] [PRECIPITATION DATA] SYMBOLS USED IN COLUMN 16
AVERAGE MONTHLY: 51.4 TOTAL FOR MONTH: 0.00 1 = FOG OR MIST
DPTR FM NORMAL: 4.0 DPTR FM NORMAL: -0.75 2 = FOG REDUCING VISIBILITY
HIGHEST: 85 ON 16, 7 GRTST 24HR T ON 21-21 TO 1/4 MILE OR LESS
LOWEST: 26 ON 18 3 = THUNDER
SNOW, ICE PELLETS, HAIL 4 = ICE PELLETS
TOTAL MONTH: 0.0 INCH 5 = HAIL
GRTST 24HR 0.0 6 = FREEZING RAIN OR DRIZZLE
GRTST DEPTH: 0 7 = DUSTSTORM OR SANDSTORM:
VSBY 1/2 MILE OR LESS
8 = SMOKE OR HAZE
[NO. OF DAYS WITH] [WEATHER - DAYS WITH] 9 = BLOWING SNOW
X = TORNADO
MAX 32 OR BELOW: 0 0.01 INCH OR MORE: 0
MAX 90 OR ABOVE: 0 0.10 INCH OR MORE: 0
MIN 32 OR BELOW: 8 0.50 INCH OR MORE: 0
MIN 0 OR BELOW: 0 1.00 INCH OR MORE: 0
[HDD (BASE 65) ]
TOTAL THIS MO. 400 CLEAR (SCALE 0-3) 28
DPTR FM NORMAL -130 PTCLDY (SCALE 4-7) 1
TOTAL FM JUL 1 537 CLOUDY (SCALE 8-10) 1
DPTR FM NORMAL -244
[CDD (BASE 65) ]
TOTAL THIS MO. 1
DPTR FM NORMAL -1 [PRESSURE DATA]
TOTAL FM JAN 1 1664 HIGHEST SLP 30.58 ON 18
DPTR FM NORMAL 57 LOWEST SLP 29.60 ON 16
[REMARKS]
#FINAL-11-21#