000
CXUS54 KAMA 021437
CF6AMA
PRELIMINARY LOCAL CLIMATOLOGICAL DATA (WS FORM: F-6)
STATION: AMARILLO
MONTH: NOVEMBER
YEAR: 2023
LATITUDE: 35 13 N
LONGITUDE: 101 42 W
TEMPERATURE IN F: :PCPN: SNOW: WIND :SUNSHINE: SKY :PK WND
================================================================================
1 2 3 4 5 6A 6B 7 8 9 10 11 12 13 14 15 16 17 18
12Z AVG MX 2MIN
DY MAX MIN AVG DEP HDD CDD WTR SNW DPTH SPD SPD DIR MIN PSBL S-S WX SPD DR
================================================================================
1 64 29 47 -6 18 0 0.00 0.0 0 16.4 25 220 M M 0 34 230
2 70 34 52 -1 13 0 0.00 0.0 0 11.7 20 200 M M 0 25 210
3 82 35 59 7 6 0 0.00 0.0 0 7.9 16 190 M M 0 21 190
4 73 38 56 4 9 0 0.00 0.0 0 7.5 15 40 M M 0 21 30
5 83 36 60 9 5 0 0.00 0.0 0 12.0 26 220 M M 0 12 35 220
6 84 41 63 12 2 0 0.00 0.0 0 9.8 18 310 M M 0 26 320
7 88 51 70 19 0 5 0.00 0.0 0 15.3 29 240 M M 0 8 43 240
8 82 47 65 15 0 0 0.00 0.0 0 14.6 26 270 M M 0 37 270
9 55 42 49 -1 16 0 0.00 0.0 0 11.7 20 60 M M 7 25 60
10 57 36 47 -3 18 0 0.02 0.0 0 7.8 20 190 M M 8 29 200
11 61 40 51 2 14 0 0.00 0.0 0 10.8 18 220 M M 4 24 230
12 69 37 53 4 12 0 0.00 0.0 0 8.0 14 130 M M 0 19 250
13 65 36 51 3 14 0 0.00 0.0 0 7.3 18 190 M M 0 23 150
14 67 42 55 7 10 0 0.00 0.0 0 13.8 22 190 M M 0 1 30 190
15 67 43 55 7 10 0 0.00 0.0 0 9.6 18 190 M M 3 1 24 140
16 75 45 60 13 5 0 0.00 0.0 0 16.4 29 220 M M 3 1 36 220
17 67 42 55 8 10 0 0.00 0.0 0 10.7 20 10 M M 0 27 360
18 71 37 54 8 11 0 0.08 0.0 0 14.9 25 180 M M 3 3 34 190
19 68 47 58 12 7 0 T 0.0 0 8.9 24 190 M M 4 1 31 170
20 58 41 50 4 15 0 0.01 0.0 0 19.7 36 350 M M 6 1 52 360
21 55 34 45 0 20 0 T 0.0 0 16.4 28 360 M M 2 1 40 350
22 68 30 49 4 16 0 0.00 0.0 0 8.7 16 250 M M 0 20 250
23 69 32 51 7 14 0 0.00 0.0 0 11.1 25 20 M M 0 30 20
24 35 27 31 -13 34 0 0.00 0.0 0 15.8 25 30 M M 7 33 30
25 31 23 27 -17 38 0 0.03 T 0 6.9 21 360 M M 10 1246 29 360
26 46 21 34 -9 31 0 0.00 0.0 0 10.4 18 10 M M 0 25 340
27 51 23 37 -6 28 0 0.00 0.0 0 8.4 15 260 M M 0 20 270
28 60 20 40 -3 25 0 0.00 0.0 0 8.1 18 230 M M 0 28 240
29 64 23 44 2 21 0 0.00 0.0 0 12.2 25 200 M M 0 31 200
30 47 31 39 -3 26 0 0.21 T 0 13.3 23 10 M M 7 18 30 20
================================================================================
SM 1932 1063 448 5 0.35 T 346.1 M 64
================================================================================
AV 64.4 35.4 11.5 FASTST M M 2 MAX(MPH)
MISC ----> 36 350 52 360
================================================================================
NOTES:
# LAST OF SEVERAL OCCURRENCES
COLUMN 17 PEAK WIND IN M.P.H.
PRELIMINARY LOCAL CLIMATOLOGICAL DATA (WS FORM: F-6) , PAGE 2
STATION: AMARILLO
MONTH: NOVEMBER
YEAR: 2023
LATITUDE: 35 13 N
LONGITUDE: 101 42 W
[TEMPERATURE DATA] [PRECIPITATION DATA] SYMBOLS USED IN COLUMN 16
AVERAGE MONTHLY: 49.9 TOTAL FOR MONTH: 0.35 1 = FOG OR MIST
DPTR FM NORMAL: 2.5 DPTR FM NORMAL: -0.40 2 = FOG REDUCING VISIBILITY
HIGHEST: 88 ON 7 GRTST 24HR 0.21 ON 30-30 TO 1/4 MILE OR LESS
LOWEST: 20 ON 28 3 = THUNDER
SNOW, ICE PELLETS, HAIL 4 = ICE PELLETS
TOTAL MONTH: T 5 = HAIL
GRTST 24HR T ON 25-25 6 = FREEZING RAIN OR DRIZZLE
GRTST DEPTH: 0 7 = DUSTSTORM OR SANDSTORM:
VSBY 1/2 MILE OR LESS
8 = SMOKE OR HAZE
[NO. OF DAYS WITH] [WEATHER - DAYS WITH] 9 = BLOWING SNOW
X = TORNADO
MAX 32 OR BELOW: 1 0.01 INCH OR MORE: 5
MAX 90 OR ABOVE: 0 0.10 INCH OR MORE: 1
MIN 32 OR BELOW: 10 0.50 INCH OR MORE: 0
MIN 0 OR BELOW: 0 1.00 INCH OR MORE: 0
[HDD (BASE 65) ]
TOTAL THIS MO. 448 CLEAR (SCALE 0-3) 21
DPTR FM NORMAL -82 PTCLDY (SCALE 4-7) 8
TOTAL FM JUL 1 649 CLOUDY (SCALE 8-10) 1
DPTR FM NORMAL -132
[CDD (BASE 65) ]
TOTAL THIS MO. 5
DPTR FM NORMAL 3 [PRESSURE DATA]
TOTAL FM JAN 1 1833 HIGHEST SLP 30.44 ON 21
DPTR FM NORMAL 226 LOWEST SLP 29.51 ON 19
[REMARKS]
#FINAL-11-23#