000
CXUS53 KDMX 081641
CF6AMW
PRELIMINARY LOCAL CLIMATOLOGICAL DATA (WS FORM: F-6)
STATION: AMES IA
MONTH: APRIL
YEAR: 2023
LATITUDE: 41 59 N
LONGITUDE: 93 37 W
TEMPERATURE IN F: :PCPN: SNOW: WIND :SUNSHINE: SKY :PK WND
================================================================================
1 2 3 4 5 6A 6B 7 8 9 10 11 12 13 14 15 16 17 18
12Z AVG MX 2MIN
DY MAX MIN AVG DEP HDD CDD WTR SNW DPTH SPD SPD DIR MIN PSBL S-S WX SPD DR
================================================================================
1 51 30 41 -3 24 0 0.02 M M 15.9 39 330 M M 3 1 53 320
2 73 30 52 8 13 0 0.00 0.0 M 13.6 30 210 M M 0 46 220
3 54 31 43 -2 22 0 0.02 0.0 M 9.3 20 40 M M 9 27 40
4 64 41 53 8 12 0 0.04 0.0 M 13.3 25 290 M M 8 13 37 280
5 45 30 38 -8 27 0 0.00 0.0 M 19.2 30 290 M M 6 1 41 270
6 55 21 38 -8 27 0 0.00 0.0 M 8.8 16 270 M M 1 22 260
7 68 27 48 2 17 0 0.00 0.0 M 10.9 24 190 M M 0 47 180
8 71 40 56 9 9 0 0.00 0.0 M 12.6 23 190 M M 0 8 31 180
9 73 37 55 8 10 0 0.00 0.0 M 11.4 23 170 M M 0 30 170
10 73 45 59 11 6 0 T 0.0 M 7.1 16 160 M M 3 22 200
11 81 41 61 13 4 0 0.00 0.0 M 10.9 25 210 M M 0 34 220
12 86 58 72 24 0 7 0.00 0.0 M 17.8 30 220 M M 0 42 220
13 84 55 70 22 0 5 0.00 0.0 M 11.0 13 190 M M 0 M M
14 83 47 65 16 0 0 0.01 0.0 M 13.8 29 270 M M M 41 280
15 60 38 49 0 16 0 0.44 0.0 M 14.3 24 330 M M 10 13 39 330
16 41 33 37 -13 28 0 0.10 M M 20.8 32 310 M M 10 18 49 300
17 60 35 48 -2 17 0 0.00 0.0 M 16.6 28 330 M M 0 39 320
18 65 27 46 -4 19 0 0.00 0.0 M 9.8 23 120 M M 1 32 130
19 75 52 64 13 1 0 1.21 0.0 M 11.4 28 130 M M 8 13 41 130
20 62 37 50 -1 15 0 0.83 0.0 M 13.1 30 290 M M 6 13 45 300
21 47 35 41 -10 24 0 T 0.0 M 16.1 29 250 M M 5 37 260
22 41 32 37 -15 28 0 T M M 13.6 24 330 M M 9 32 310
23 51 28 40 -12 25 0 0.00 0.0 M 8.0 21 320 M M 2 26 300
24 62 26 44 -8 21 0 0.00 0.0 M 4.9 17 40 M M 3 24 40
25 60 37 49 -4 16 0 0.00 0.0 M 8.1 15 40 M M 3 21 60
26 62 34 48 -5 17 0 0.00 0.0 M 6.5 16 150 M M 1 23 150
27 72 37 55 2 10 0 0.00 0.0 M 9.6 20 210 M M 0 26 180
28 74 42 58 4 7 0 0.01 0.0 M 8.9 26 340 M M 6 34 330
29 57 36 47 -7 18 0 0.21 0.0 M 10.8 31 330 M M 5 1 40 330
30 60 40 50 -4 15 0 0.00 0.0 M 20.8 35 330 M M 7 48 330
================================================================================
SM 1910 1102 448 12 2.89 0.0 368.9 M 106
================================================================================
AV 63.7 36.7 12.3 FASTST M M 4 MAX(MPH)
MISC ----> 39 330 53 320
================================================================================
NOTES:
# LAST OF SEVERAL OCCURRENCES
COLUMN 17 PEAK WIND IN M.P.H.
PRELIMINARY LOCAL CLIMATOLOGICAL DATA (WS FORM: F-6) , PAGE 2
STATION: AMES IA
MONTH: APRIL
YEAR: 2023
LATITUDE: 41 59 N
LONGITUDE: 93 37 W
[TEMPERATURE DATA] [PRECIPITATION DATA] SYMBOLS USED IN COLUMN 16
AVERAGE MONTHLY: 50.2 TOTAL FOR MONTH: 2.89 1 = FOG OR MIST
DPTR FM NORMAL: 0.8 DPTR FM NORMAL: -1.00 2 = FOG REDUCING VISIBILITY
HIGHEST: 86 ON 12 GRTST 24HR 2.04 ON 19-20 TO 1/4 MILE OR LESS
LOWEST: 21 ON 6 3 = THUNDER
SNOW, ICE PELLETS, HAIL 4 = ICE PELLETS
TOTAL MONTH: 0.0 INCH 5 = HAIL
GRTST 24HR 0.0 6 = FREEZING RAIN OR DRIZZLE
GRTST DEPTH: M ON M 7 = DUSTSTORM OR SANDSTORM:
VSBY 1/2 MILE OR LESS
8 = SMOKE OR HAZE
[NO. OF DAYS WITH] [WEATHER - DAYS WITH] 9 = BLOWING SNOW
X = TORNADO
MAX 32 OR BELOW: 0 0.01 INCH OR MORE: 10
MAX 90 OR ABOVE: 0 0.10 INCH OR MORE: 5
MIN 32 OR BELOW: 10 0.50 INCH OR MORE: 2
MIN 0 OR BELOW: 0 1.00 INCH OR MORE: 1
[HDD (BASE 65) ]
TOTAL THIS MO. 448 CLEAR (SCALE 0-3) 15
DPTR FM NORMAL -26 PTCLDY (SCALE 4-7) 9
TOTAL FM JUL 1 6331 CLOUDY (SCALE 8-10) 6
DPTR FM NORMAL -212
[CDD (BASE 65) ]
TOTAL THIS MO. 12
DPTR FM NORMAL 8 [PRESSURE DATA]
TOTAL FM JAN 1 12 HIGHEST SLP 30.45 ON 7
DPTR FM NORMAL 7 LOWEST SLP 29.23 ON 4
[REMARKS]
#FINAL-04-23#