000
CXUS54 KBMX 011010
CF6ANB
PRELIMINARY LOCAL CLIMATOLOGICAL DATA (WS FORM: F-6)
STATION: ANNISTON
MONTH: OCTOBER
YEAR: 2021
LATITUDE: 33 35 N
LONGITUDE: 85 51 W
TEMPERATURE IN F: :PCPN: SNOW: WIND :SUNSHINE: SKY :PK WND
================================================================================
1 2 3 4 5 6A 6B 7 8 9 10 11 12 13 14 15 16 17 18
12Z AVG MX 2MIN
DY MAX MIN AVG DEP HDD CDD WTR SNW DPTH SPD SPD DIR MIN PSBL S-S WX SPD DR
================================================================================
1 87 63 75 5 0 10 0.00 0.0 0 3.0 9 180 M M 2 12 13 90
2 83 67 75 6 0 10 0.00 0.0 0 4.7 12 130 M M 2 15 120
3 76 70 73 4 0 8 0.48 0.0 0 2.0 13 210 M M 9 1 17 230
4 82 68 75 6 0 10 0.55 0.0 0 3.3 12 150 M M 8 13 17 130
5 79 68 74 6 0 9 T 0.0 0 5.7 13 90 M M 9 18 120
6 82 69 76 8 0 11 0.22 0.0 0 5.2 15 140 M M 8 138 21 160
7 86 67 77 9 0 12 0.02 0.0 0 1.7 12 240 M M 5 1 14 230
8 83 62 73 6 0 8 0.00 0.0 0 3.1 13 340 M M 4 12 17 310
9 85 62 74 7 0 9 0.00 0.0 0 2.3 12 20 M M 3 12 15 360
10 85 64 75 9 0 10 T 0.0 0 2.2 9 70 M M 0 13 60
11 83 63 73 7 0 8 0.00 0.0 0 4.8 13 120 M M 1 17 130
12 78 64 71 5 0 6 0.00 0.0 0 3.8 9 60 M M 5 1 12 140
13 86 62 74 9 0 9 0.00 0.0 0 2.0 8 100 M M 4 12 11 80
14 86 63 75 10 0 10 0.00 0.0 0 1.3 6 50 M M 1 1 8 80
15 86 61 74 10 0 9 0.00 0.0 0 2.6 10 250 M M 1 1 13 240
16 71 45 58 -6 7 0 0.07 0.0 0 6.6 18 360 M M 4 1 26 360
17 69 40 55 -9 10 0 0.00 0.0 0 4.0 18 10 M M 0 24 10
18 75 41 58 -5 7 0 0.00 0.0 0 2.7 10 70 M M 0 16 50
19 78 44 61 -2 4 0 0.00 0.0 0 1.7 7 80 M M 0 9 40
20 80 49 65 3 0 0 0.00 0.0 0 2.1 8 180 M M 1 10 150
21 78 60 69 7 0 4 1.17 0.0 0 3.5 18 270 M M 7 13 26 270
22 74 50 62 0 3 0 0.00 0.0 0 3.0 13 230 M M 4 12 17 270
23 76 47 62 1 3 0 0.00 0.0 0 1.3 8 360 M M 3 12 10 10
24 75 51 63 2 2 0 0.00 0.0 0 3.6 9 40 M M 0 12 50
25 78 57 68 8 0 3 0.00 0.0 0 6.5 18 250 M M 4 1 25 240
26 68 50 59 -1 6 0 0.00 0.0 0 6.2 15 10 M M 4 22 360
27 76 45 61 1 4 0 0.02 0.0 0 5.3 14 100 M M 0 21 90
28 72 53 63 4 2 0 0.13 0.0 0 7.6 21 230 M M 9 1 29 90
29 55 52 54 -5 11 0 0.12 0.0 0 9.2 15 220 M M 10 1 21 220
30 59 53 56 -2 9 0 0.02 0.0 0 8.1 16 260 M M 10 1 23 250
31 69 45 57 -1 8 0 T 0.0 0 4.6 14 360 M M 5 1 19 340
================================================================================
SM 2400 1755 76 146 2.80 0.0 123.7 M 123
================================================================================
AV 77.4 56.6 4.0 FASTST M M 4 MAX(MPH)
MISC ----> 21 230 29 90
================================================================================
NOTES:
# LAST OF SEVERAL OCCURRENCES
COLUMN 17 PEAK WIND IN M.P.H.
PRELIMINARY LOCAL CLIMATOLOGICAL DATA (WS FORM: F-6) , PAGE 2
STATION: ANNISTON
MONTH: OCTOBER
YEAR: 2021
LATITUDE: 33 35 N
LONGITUDE: 85 51 W
[TEMPERATURE DATA] [PRECIPITATION DATA] SYMBOLS USED IN COLUMN 16
AVERAGE MONTHLY: 67.0 TOTAL FOR MONTH: 2.80 1 = FOG OR MIST
DPTR FM NORMAL: 3.1 DPTR FM NORMAL: -0.45 2 = FOG REDUCING VISIBILITY
HIGHEST: 87 ON 1 GRTST 24HR 1.17 ON 21-21 TO 1/4 MILE OR LESS
LOWEST: 40 ON 17 3 = THUNDER
SNOW, ICE PELLETS, HAIL 4 = ICE PELLETS
TOTAL MONTH: 0.0 INCH 5 = HAIL
GRTST 24HR 0.0 6 = FREEZING RAIN OR DRIZZLE
GRTST DEPTH: 0 7 = DUSTSTORM OR SANDSTORM:
VSBY 1/2 MILE OR LESS
8 = SMOKE OR HAZE
[NO. OF DAYS WITH] [WEATHER - DAYS WITH] 9 = BLOWING SNOW
X = TORNADO
MAX 32 OR BELOW: 0 0.01 INCH OR MORE: 10
MAX 90 OR ABOVE: 0 0.10 INCH OR MORE: 6
MIN 32 OR BELOW: 0 0.50 INCH OR MORE: 2
MIN 0 OR BELOW: 0 1.00 INCH OR MORE: 1
[HDD (BASE 65) ]
TOTAL THIS MO. 76 CLEAR (SCALE 0-3) 14
DPTR FM NORMAL -42 PTCLDY (SCALE 4-7) 12
TOTAL FM JUL 1 81 CLOUDY (SCALE 8-10) 5
DPTR FM NORMAL -44
[CDD (BASE 65) ]
TOTAL THIS MO. 146
DPTR FM NORMAL 62 [PRESSURE DATA]
TOTAL FM JAN 1 1987 HIGHEST SLP 30.30 ON 20
DPTR FM NORMAL 29 LOWEST SLP 29.48 ON 29
[REMARKS]
#FINAL-10-21#