000
CXAK56 PAFC 011548
CF6ANC
PRELIMINARY LOCAL CLIMATOLOGICAL DATA (WS FORM: F-6)
STATION: ANCHORAGE AK
MONTH: DECEMBER
YEAR: 2023
LATITUDE: 61 10 N
LONGITUDE: 150 2 W
TEMPERATURE IN F: :PCPN: SNOW: WIND :SUNSHINE: SKY :PK WND
================================================================================
1 2 3 4 5 6A 6B 7 8 9 10 11 12 13 14 15 16 17 18
12Z AVG MX 2MIN
DY MAX MIN AVG DEP HDD CDD WTR SNW DPTH SPD SPD DIR MIN PSBL S-S WX SPD DR
================================================================================
1 29 15 22 1 43 0 0.00 0.0 10 4.4 13 360 M M 5 17 30
2 20 14 17 -4 48 0 0.00 0.0 10 3.7 9 30 M M 5 12 19 140
3 21 16 19 -2 46 0 0.00 0.0 9 5.1 15 360 M M 5 20 360
4 27 17 22 1 43 0 0.00 0.0 9 7.2 15 360 M M 7 23 360
5 30 23 27 6 38 0 0.05 0.2 9 7.1 13 350 M M 9 6 18 10
6 29 13 21 0 44 0 0.00 0.0 9 4.1 12 20 M M 8 16 360
7 23 9 16 -5 49 0 0.28 5.1 9 3.8 15 180 M M 7 12 22 190
8 24 14 19 -1 46 0 0.11 2.5 15 10.0 20 190 M M 8 18 37 160
9 20 12 16 -4 49 0 0.14 4.0 16 9.2 18 350 M M 10 18 29 160
10 23 14 19 -1 46 0 0.01 0.2 19 9.6 21 350 M M 9 18 29 360
11 31 21 26 6 39 0 0.03 0.5 17 6.1 20 340 M M 9 14 26 330
12 31 16 24 4 41 0 0.40 5.7 22 7.7 17 350 M M 10 12 26 150
13 21 10 16 -4 49 0 0.05 1.8 21 7.4 12 360 M M 9 18 19 60
14 14 1 8 -12 57 0 0.00 0.0 22 4.7 12 80 M M 3 1 14 20
15 18 7 13 -7 52 0 0.21 5.8 20 3.8 10 60 M M 10 1 13 50
16 24 15 20 0 45 0 0.15 2.4 25 8.4 17 320 M M 10 1 23 330
17 35 23 29 9 36 0 0.14 1.3 26 10.4 18 170 M M 9 12 35 190
18 32 22 27 8 38 0 0.02 0.3 24 6.8 17 170 M M 8 1 33 160
19 23 19 21 2 44 0 0.25 4.3 23 4.0 12 350 M M 10 1 16 350
20 24 18 21 2 44 0 0.00 0.0 26 3.8 13 360 M M 10 1 15 360
21 22 8 15 -4 50 0 T T 26 4.2 13 30 M M 8 1 20 10
22 18 8 13 -6 52 0 T T 25 6.7 13 20 M M 10 1 22 130
23 32 18 25 7 40 0 0.02 0.7 24 10.9 22 360 M M 9 1 30 360
24 33 17 25 7 40 0 0.15 3.0 25 9.3 24 190 M M 10 18 36 200
25 18 8 13 -5 52 0 T 0.3 26 4.6 12 210 M M 10 18 22 210
26 10 -1 5 -13 60 0 0.04 0.6 25 5.4 15 360 M M 6 128 21 340
27 16 6 11 -7 54 0 0.02 0.3 25 2.8 9 40 M M 7 1 M M
28 10 -5 3 -15 62 0 T T 24 1.7 5 330 M M 4 12 M M
29 4 -2 1 -17 64 0 T T 24 2.4 5 110 M M 6 1 M M
30 4 -6 -1 -18 66 0 0.00 0.0 24 6.7 69 30 M M 6 1 M M
31 22 4 13 -4 52 0 0.00 0.0 24 8.4 10 350 M M 9 M M
================================================================================
SM 688 354 1489 0 2.07 39.0 190.4 M 246
================================================================================
AV 22.2 11.4 6.1 FASTST M M 8 MAX(MPH)
MISC ----> 69 30 37 160
================================================================================
NOTES:
# LAST OF SEVERAL OCCURRENCES
COLUMN 17 PEAK WIND IN M.P.H.
PRELIMINARY LOCAL CLIMATOLOGICAL DATA (WS FORM: F-6) , PAGE 2
STATION: ANCHORAGE AK
MONTH: DECEMBER
YEAR: 2023
LATITUDE: 61 10 N
LONGITUDE: 150 2 W
[TEMPERATURE DATA] [PRECIPITATION DATA] SYMBOLS USED IN COLUMN 16
AVERAGE MONTHLY: 16.8 TOTAL FOR MONTH: 2.07 1 = FOG OR MIST
DPTR FM NORMAL: -2.6 DPTR FM NORMAL: 0.91 2 = FOG REDUCING VISIBILITY
HIGHEST: 35 ON 17 GRTST 24HR 0.40 ON 12-12 TO 1/4 MILE OR LESS
LOWEST: -6 ON 30 3 = THUNDER
SNOW, ICE PELLETS, HAIL 4 = ICE PELLETS
TOTAL MONTH: 39.0 INCHES 5 = HAIL
GRTST 24HR 5.8 ON 15-15 6 = FREEZING RAIN OR DRIZZLE
GRTST DEPTH: 26 ON 25,21 7 = DUSTSTORM OR SANDSTORM:
VSBY 1/2 MILE OR LESS
8 = SMOKE OR HAZE
[NO. OF DAYS WITH] [WEATHER - DAYS WITH] 9 = BLOWING SNOW
X = TORNADO
MAX 32 OR BELOW: 29 0.01 INCH OR MORE: 17
MAX 90 OR ABOVE: 0 0.10 INCH OR MORE: 9
MIN 32 OR BELOW: 31 0.50 INCH OR MORE: 0
MIN 0 OR BELOW: 4 1.00 INCH OR MORE: 0
[HDD (BASE 65) ]
TOTAL THIS MO. 1489 CLEAR (SCALE 0-3) 0
DPTR FM NORMAL 75 PTCLDY (SCALE 4-7) 14
TOTAL FM JUL 1 4361 CLOUDY (SCALE 8-10) 17
DPTR FM NORMAL -63
[CDD (BASE 65) ]
TOTAL THIS MO. 0
DPTR FM NORMAL 0 [PRESSURE DATA]
TOTAL FM JAN 1 0 HIGHEST SLP M ON M
DPTR FM NORMAL -8 LOWEST SLP 28.33 ON 24
[REMARKS]
#FINAL-12-23#