000
CXUS53 KAPX 010730
CF6ANJ
PRELIMINARY LOCAL CLIMATOLOGICAL DATA (WS FORM: F-6)
STATION: SAULT STE MARIE MI
MONTH: OCTOBER
YEAR: 2021
LATITUDE: 46 28 N
LONGITUDE: 84 21 W
TEMPERATURE IN F: :PCPN: SNOW: WIND :SUNSHINE: SKY :PK WND
================================================================================
1 2 3 4 5 6A 6B 7 8 9 10 11 12 13 14 15 16 17 18
12Z AVG MX 2MIN
DY MAX MIN AVG DEP HDD CDD WTR SNW DPTH SPD SPD DIR MIN PSBL S-S WX SPD DR
================================================================================
1 76 54 65 13 0 0 0.00 0.0 0 4.3 12 200 M M 5 16 210
2 72 60 66 14 0 1 0.68 0.0 0 2.3 9 340 M M 7 18 13 340
3 65 62 64 12 1 0 0.06 0.0 0 3.0 8 110 M M 10 1 15 90
4 71 59 65 14 0 0 0.01 0.0 0 4.4 10 310 M M 8 18 16 300
5 71 52 62 11 3 0 0.00 0.0 0 2.3 8 190 M M 1 128 12 190
6 71 49 60 10 5 0 0.00 0.0 0 2.1 9 150 M M 1 18 14 150
7 70 52 61 11 4 0 0.00 0.0 0 3.7 12 150 M M 4 12 17 160
8 65 60 63 13 2 0 0.07 0.0 0 5.1 12 120 M M 10 1 17 110
9 68 62 65 16 0 0 0.45 0.0 0 5.3 9 130 M M 9 1 14 140
10 67 61 64 15 1 0 0.08 0.0 0 8.2 15 120 M M 9 138 25 110
11 77 65 71 23 0 6 T 0.0 0 7.0 21 200 M M 6 18 33 190
12 70 62 66 18 0 1 0.16 0.0 0 4.8 12 110 M M 9 1 22 100
13 66 61 64 17 1 0 0.00 0.0 0 4.5 9 220 M M 9 18 14 210
14 69 51 60 13 5 0 T 0.0 0 6.4 15 200 M M 7 24 190
15 63 47 55 8 10 0 0.05 0.0 0 2.6 10 290 M M 4 128 14 290
16 58 47 53 7 12 0 0.46 0.0 0 8.0 23 310 M M 8 1 39 310
17 59 43 51 5 14 0 0.13 0.0 0 10.8 23 300 M M 7 36 300
18 61 37 49 4 16 0 0.00 0.0 0 3.6 13 310 M M 0 18 310
19 75 41 58 13 7 0 0.00 0.0 0 3.0 14 230 M M 1 12 20 220
20 62 48 55 10 10 0 0.03 0.0 0 3.8 13 290 M M 6 128 17 300
21 48 31 40 -4 25 0 0.21 0.0 0 6.8 15 310 M M 8 1 24 20
22 49 32 41 -3 24 0 0.04 T 0 3.2 10 310 M M 8 14 320
23 53 32 43 -1 22 0 0.20 0.0 0 3.4 17 270 M M 6 12 24 290
24 49 38 44 1 21 0 0.30 0.0 0 3.8 12 320 M M 6 1 17 40
25 51 38 45 2 20 0 0.00 0.0 0 7.9 16 60 M M 5 28 50
26 54 35 45 3 20 0 0.00 0.0 0 7.0 12 30 M M 4 18 20
27 52 42 47 5 18 0 0.00 0.0 0 2.7 8 120 M M 8 12 70
28 57 43 50 8 15 0 0.00 0.0 0 6.1 16 110 M M 0 25 120
29 57 46 52 11 13 0 0.00 0.0 0 4.3 8 40 M M 5 15 30
30 61 39 50 9 15 0 0.00 0.0 0 5.3 12 300 M M 0 17 70
31 53 42 48 8 17 0 0.10 0.0 0 10.4 25 300 M M 8 1 40 310
================================================================================
SM 1940 1491 301 8 3.03 T 156.1 M 179
================================================================================
AV 62.6 48.1 5.0 FASTST M M 6 MAX(MPH)
MISC ----> 25 300 40 310
================================================================================
NOTES:
# LAST OF SEVERAL OCCURRENCES
COLUMN 17 PEAK WIND IN M.P.H.
PRELIMINARY LOCAL CLIMATOLOGICAL DATA (WS FORM: F-6) , PAGE 2
STATION: SAULT STE MARIE MI
MONTH: OCTOBER
YEAR: 2021
LATITUDE: 46 28 N
LONGITUDE: 84 21 W
[TEMPERATURE DATA] [PRECIPITATION DATA] SYMBOLS USED IN COLUMN 16
AVERAGE MONTHLY: 55.3 TOTAL FOR MONTH: 3.03 1 = FOG OR MIST
DPTR FM NORMAL: 9.0 DPTR FM NORMAL: -1.35 2 = FOG REDUCING VISIBILITY
HIGHEST: 77 ON 11 GRTST 24HR 0.74 ON 2- 3 TO 1/4 MILE OR LESS
LOWEST: 31 ON 21 3 = THUNDER
SNOW, ICE PELLETS, HAIL 4 = ICE PELLETS
TOTAL MONTH: T 5 = HAIL
GRTST 24HR T ON 22-22 6 = FREEZING RAIN OR DRIZZLE
GRTST DEPTH: 0 7 = DUSTSTORM OR SANDSTORM:
VSBY 1/2 MILE OR LESS
8 = SMOKE OR HAZE
[NO. OF DAYS WITH] [WEATHER - DAYS WITH] 9 = BLOWING SNOW
X = TORNADO
MAX 32 OR BELOW: 0 0.01 INCH OR MORE: 16
MAX 90 OR ABOVE: 0 0.10 INCH OR MORE: 9
MIN 32 OR BELOW: 3 0.50 INCH OR MORE: 1
MIN 0 OR BELOW: 0 1.00 INCH OR MORE: 0
[HDD (BASE 65) ]
TOTAL THIS MO. 301 CLEAR (SCALE 0-3) 6
DPTR FM NORMAL -280 PTCLDY (SCALE 4-7) 17
TOTAL FM JUL 1 475 CLOUDY (SCALE 8-10) 8
DPTR FM NORMAL -451
[CDD (BASE 65) ]
TOTAL THIS MO. 8
DPTR FM NORMAL 7 [PRESSURE DATA]
TOTAL FM JAN 1 433 HIGHEST SLP 30.39 ON 6
DPTR FM NORMAL 197 LOWEST SLP 29.62 ON 31
[REMARKS]
#FINAL-10-21#