000
CXUS53 KAPX 011750
CLAANJ
CLIMATE REPORT
NATIONAL WEATHER SERVICE
1250 PM EST SUN JAN 01 2023
...................................
...THE SAULT STE MARIE MI CLIMATE SUMMARY FOR THE YEAR OF 2022...
CLIMATE NORMAL PERIOD: 1991 TO 2020
CLIMATE RECORD PERIOD: 1888 TO 2022
WEATHER OBSERVED NORMAL DEPART LAST YEAR`S
VALUE DATE(S) VALUE FROM VALUE DATE(S)
NORMAL
................................................................
TEMPERATURE (F)
RECORD
HIGH 98 08/06/1947
08/05/1947
07/03/1921
LOW -37 02/08/1934
02/10/1899
HIGHEST 87 06/21 MM MM MM
LOWEST -15 01/15 MM MM MM
AVG. MAXIMUM 48.5 51.4 -2.9 MM
AVG. MINIMUM 31.3 33.3 -2.0 MM
MEAN 39.9 42.3 -2.4 MM
DAYS MAX >= 90 0 1.4 -1.4 MM
DAYS MAX <= 32 74
DAYS MIN <= 32 130 164.0 -34.0 MM
DAYS MIN <= 0 28 22.8 5.2 MM
PRECIPITATION (INCHES)
RECORD
MAXIMUM 40.17 2017
MINIMUM 21.75 2010
TOTALS 29.38 34.46 -5.08 MM
DAILY AVG. 0.11 0.09 0.02 MM
DAYS >= .01 133 164.9 -31.9 MM
DAYS >= .10 76 84.3 -8.3 MM
DAYS >= .50 19 18.3 0.7 MM
DAYS >= 1.00 1 4.6 -3.6 MM
DAYS >= %-5.2F 0 MM
DAYS >= %-5.2F 0 MM
GREATEST
24 HR. TOTAL 1.34 MM
STORM TOTAL 1.32 MM
(MM/DD(HH))
DEGREE DAYS
HEATING TOTAL 6865 8456 -1591 MM
SINCE 7/1 1571 3111 -1540 MM
COOLING TOTAL 141 236 -95 MM
SINCE 1/1 141 236 -95 MM
FREEZE DATES
RECORD
EARLIEST MM
LATEST MM
EARLIEST 10/21
LATEST 05/09
................................................................
WIND (MPH)
AVERAGE WIND SPEED 7.1
RESULTANT WIND SPEED/DIRECTION 1/280
HIGHEST WIND SPEED/DIRECTION 31/270 DATE 01/09
HIGHEST GUST SPEED/DIRECTION 49/280 DATE 01/09
SKY COVER
POSSIBLE SUNSHINE (PERCENT) MM
AVERAGE SKY COVER 0.56
NUMBER OF DAYS FAIR 86
NUMBER OF DAYS PC 78
NUMBER OF DAYS CLOUDY 108
AVERAGE RH (PERCENT) 70
- INDICATES NEGATIVE NUMBERS.
R INDICATES RECORD WAS SET OR TIED.
MM INDICATES DATA IS MISSING.
T INDICATES TRACE AMOUNT.
$$