000
CXUS53 KIWX 010910
CF6AOH
PRELIMINARY LOCAL CLIMATOLOGICAL DATA (WS FORM: F-6)
STATION: LIMA
MONTH: DECEMBER
YEAR: 2022
LATITUDE: 40 42 N
LONGITUDE: 84 1 W
TEMPERATURE IN F: :PCPN: SNOW: WIND :SUNSHINE: SKY :PK WND
================================================================================
1 2 3 4 5 6A 6B 7 8 9 10 11 12 13 14 15 16 17 18
12Z AVG MX 2MIN
DY MAX MIN AVG DEP HDD CDD WTR SNW DPTH SPD SPD DIR MIN PSBL S-S WX SPD DR
================================================================================
1 34 20 27 -9 38 0 0.00 M M 10.3 26 270 M M 1 33 270
2 55 30 43 7 22 0 T M M 16.8 31 200 M M 9 8 50 200
3 54 23 39 3 26 0 0.19 M M 17.1 37 260 M M 7 18 49 260
4 38 18 28 -7 37 0 0.00 M M 7.9 18 240 M M 0 23 220
5 47 27 37 2 28 0 0.00 M M 9.8 17 170 M M 5 24 170
6 52 41 47 12 18 0 0.00 M M 3.7 10 140 M M 10 128 16 180
7 47 43 45 11 20 0 0.00 M M 3.8 9 340 M M 10 128 13 360
8 44 33 39 5 26 0 0.00 M M 5.7 13 80 M M 9 18 17 90
9 45 33 39 5 26 0 0.13 M M 11.9 21 70 M M 8 1 28 100
10 40 35 38 4 27 0 T M M 4.5 12 50 M M 10 18 17 40
11 41 36 39 6 26 0 T M M 4.7 12 310 M M 10 128 15 310
12 38 35 37 4 28 0 0.00 M M 7.0 13 80 M M 10 17 90
13 40 31 36 3 29 0 0.00 M M 6.1 15 100 M M 5 20 100
14 44 32 38 6 27 0 0.10 M M 14.0 21 100 M M 6 18 30 100
15 49 36 43 11 22 0 0.21 M M 10.4 24 270 M M 9 18 32 120
16 36 30 33 1 32 0 T M M 11.5 23 250 M M 10 1 33 240
17 32 24 28 -4 37 0 T M M 14.3 22 230 M M 10 1 30 250
18 M M M M M M M M M M M M M M 10 M M
19 23 M M M M M 0.00 M M 5.1 10 120 M M 8 18 13 120
20 38 20 29 -2 36 0 0.00 M M 3.9 12 120 M M 5 1 14 130
21 37 21 29 -2 36 0 0.00 M M 4.6 10 90 M M 2 18 14 100
22 42 21 32 2 33 0 0.13 M M 11.4 29 290 M M 9 18 41 280
23 21 -8 7 -23 58 0 0.02 M M 32.6 41 240 M M 10 1 61 250
24 13 -1 6 -24 59 0 T M M 24.9 35 260 M M 10 8 48 250
25 13 6 10 -20 55 0 0.00 M M 16.9 30 250 M M 6 40 240
26 21 9 15 -15 50 0 T M M 7.9 14 180 M M 8 18 18 170
27 31 21 26 -3 39 0 0.00 M M 9.6 22 210 M M 10 18 33 200
28 44 29 37 8 28 0 0.00 M M 15.5 22 190 M M 1 33 190
29 56 42 49 20 16 0 0.00 M M 16.5 25 200 M M 6 41 190
30 58 47 53 24 12 0 0.07 M M 11.1 23 210 M M 10 1 35 210
31 51 38 45 16 20 0 0.37 M M 6.8 14 290 M M 10 18 17 300
================================================================================
SM 1184 772 911 0 1.22 M 326.3 M 234
================================================================================
AV 39.5 26.6 10.9 FASTST M M 8 MAX(MPH)
MISC ----> 41 240 61 250
================================================================================
NOTES:
# LAST OF SEVERAL OCCURRENCES
COLUMN 17 PEAK WIND IN M.P.H.
PRELIMINARY LOCAL CLIMATOLOGICAL DATA (WS FORM: F-6) , PAGE 2
STATION: LIMA
MONTH: DECEMBER
YEAR: 2022
LATITUDE: 40 42 N
LONGITUDE: 84 1 W
[TEMPERATURE DATA] [PRECIPITATION DATA] SYMBOLS USED IN COLUMN 16
AVERAGE MONTHLY: 33.0 TOTAL FOR MONTH: 1.22 1 = FOG OR MIST
DPTR FM NORMAL: 0.9 DPTR FM NORMAL: -1.05 2 = FOG REDUCING VISIBILITY
HIGHEST: 58 ON 30 GRTST 24HR 0.44 ON 30-31 TO 1/4 MILE OR LESS
LOWEST: -8 ON 23 3 = THUNDER
SNOW, ICE PELLETS, HAIL 4 = ICE PELLETS
TOTAL MONTH: M 5 = HAIL
GRTST 24HR M ON M 6 = FREEZING RAIN OR DRIZZLE
GRTST DEPTH: M ON M 7 = DUSTSTORM OR SANDSTORM:
VSBY 1/2 MILE OR LESS
8 = SMOKE OR HAZE
[NO. OF DAYS WITH] [WEATHER - DAYS WITH] 9 = BLOWING SNOW
X = TORNADO
MAX 32 OR BELOW: 7 0.01 INCH OR MORE: 8
MAX 90 OR ABOVE: 0 0.10 INCH OR MORE: 6
MIN 32 OR BELOW: 18 0.50 INCH OR MORE: 0
MIN 0 OR BELOW: 2 1.00 INCH OR MORE: 0
[HDD (BASE 65) ]
TOTAL THIS MO. 911 CLEAR (SCALE 0-3) 4
DPTR FM NORMAL -109 PTCLDY (SCALE 4-7) 8
TOTAL FM JUL 1 1973 CLOUDY (SCALE 8-10) 19
DPTR FM NORMAL -204
[CDD (BASE 65) ]
TOTAL THIS MO. 0
DPTR FM NORMAL 0 [PRESSURE DATA]
TOTAL FM JAN 1 1029 HIGHEST SLP M ON M
DPTR FM NORMAL 183 LOWEST SLP 29.51 ON 15
[REMARKS]
#FINAL-12-22#