000
CXUS53 KIWX 010800
CF6AOH
PRELIMINARY LOCAL CLIMATOLOGICAL DATA (WS FORM: F-6)
STATION: LIMA
MONTH: JUNE
YEAR: 2020
LATITUDE: 40 42 N
LONGITUDE: 84 1 W
TEMPERATURE IN F: :PCPN: SNOW: WIND :SUNSHINE: SKY :PK WND
================================================================================
1 2 3 4 5 6A 6B 7 8 9 10 11 12 13 14 15 16 17 18
12Z AVG MX 2MIN
DY MAX MIN AVG DEP HDD CDD WTR SNW DPTH SPD SPD DIR MIN PSBL S-S WX SPD DR
================================================================================
1 71 43 57 -9 8 0 T M 0 5.8 12 240 M M 2 16 210
2 89 61 75 9 0 10 0.00 0.0 0 13.8 24 240 M M 2 34 230
3 88 69 79 12 0 14 0.01 0.0 0 11.5 25 310 M M 3 3 32 270
4 84 66 75 8 0 10 0.28 0.0 0 6.5 30 250 M M 5 13 39 250
5 88 66 77 10 0 12 0.00 0.0 0 6.1 16 270 M M 0 1 21 240
6 88 66 77 9 0 12 0.00 0.0 0 6.6 18 300 M M 1 8 27 310
7 81 56 69 1 0 4 0.00 0.0 0 7.5 13 30 M M 0 20 360
8 87 57 72 4 0 7 0.00 0.0 0 7.9 15 130 M M 0 24 130
9 94 62 78 10 0 13 0.10 0.0 0 12.6 30 180 M M 1 44 180
10 90 69 80 11 0 15 0.23 M M 17.2 32 240 M M 5 13 52 200
11 80 60 70 1 0 5 T M M 13.7 30 260 M M 3 40 250
12 83 57 70 1 0 5 T M M 7.9 18 350 M M 1 31 320
13 70 53 62 -8 3 0 0.16 M M 10.9 23 80 M M 5 1 31 100
14 72 51 62 -8 3 0 0.00 M M 10.7 17 70 M M 0 27 70
15 79 52 66 -4 0 1 0.00 M M 8.4 15 80 M M 2 20 90
16 83 57 70 -1 0 5 0.00 M M 5.9 15 80 M M 1 19 60
17 84 56 70 -1 0 5 0.00 M M 6.3 16 60 M M 0 20 40
18 86 60 73 2 0 8 T 0.0 0 5.0 29 110 M M 2 37 110
19 M M M M M M99.99 M M M M M M M M M M
20 92 64 78 6 0 13 0.01 0.0 0 M M M M M M M M
21 87 66 77 5 0 12 0.07 0.0 0 M M M M M M M M
22 86 67 77 5 0 12 0.03 0.0 0 M M M M M M M M
23 75 63 69 -3 0 4 0.59 0.0 0 12.3 26 280 M M 3 1 33 300
24 78 59 69 -3 0 4 T 0.0 0 7.5 15 290 M M 4 25 250
25 83 60 72 -1 0 7 T 0.0 0 9.8 23 260 M M 2 8 34 220
26 87 65 76 3 0 11 T 0.0 0 10.4 23 230 M M 3 32 240
27 82 69 76 3 0 11 0.17 0.0 0 11.7 24 230 M M 6 1 31 300
28 85 70 78 5 0 13 0.00 0.0 0 3.8 9 80 M M 5 1 14 220
29 90 66 78 5 0 13 0.00 0.0 0 6.0 12 80 M M 3 15 100
30 90 67 79 6 0 14 0.00 0.0 0 6.7 14 70 M M 2 19 80
================================================================================
SM 2432 1777 14 240101.64 0.0 232.5 M 61
================================================================================
AV 83.9 61.3 8.9 FASTST M M 2 MAX(MPH)
MISC ----> # 32 240 # 52 200
================================================================================
NOTES:
# LAST OF SEVERAL OCCURRENCES
COLUMN 17 PEAK WIND IN M.P.H.
PRELIMINARY LOCAL CLIMATOLOGICAL DATA (WS FORM: F-6) , PAGE 2
STATION: LIMA
MONTH: JUNE
YEAR: 2020
LATITUDE: 40 42 N
LONGITUDE: 84 1 W
[TEMPERATURE DATA] [PRECIPITATION DATA] SYMBOLS USED IN COLUMN 16
AVERAGE MONTHLY: 72.6 TOTAL FOR MONTH: 101.64 1 = FOG OR MIST
DPTR FM NORMAL: 2.4 DPTR FM NORMAL: 97.62 2 = FOG REDUCING VISIBILITY
HIGHEST: 94 ON 9 GRTST 24HR 99.99 ON 19-19 TO 1/4 MILE OR LESS
LOWEST: 43 ON 1 3 = THUNDER
SNOW, ICE PELLETS, HAIL 4 = ICE PELLETS
TOTAL MONTH: 0.0 INCH 5 = HAIL
GRTST 24HR 0.0 6 = FREEZING RAIN OR DRIZZLE
GRTST DEPTH: 0 7 = DUSTSTORM OR SANDSTORM:
VSBY 1/2 MILE OR LESS
8 = SMOKE OR HAZE
[NO. OF DAYS WITH] [WEATHER - DAYS WITH] 9 = BLOWING SNOW
X = TORNADO
MAX 32 OR BELOW: 0 0.01 INCH OR MORE: 11
MAX 90 OR ABOVE: 5 0.10 INCH OR MORE: 7
MIN 32 OR BELOW: 0 0.50 INCH OR MORE: 2
MIN 0 OR BELOW: 0 1.00 INCH OR MORE: 1
[HDD (BASE 65) ]
TOTAL THIS MO. 14 CLEAR (SCALE 0-3) 19
DPTR FM NORMAL -16 PTCLDY (SCALE 4-7) 7
TOTAL FM JUL 1 5209 CLOUDY (SCALE 8-10) 0
DPTR FM NORMAL -646
[CDD (BASE 65) ]
TOTAL THIS MO. 240
DPTR FM NORMAL 56 [PRESSURE DATA]
TOTAL FM JAN 1 306 HIGHEST SLP 30.36 ON 16
DPTR FM NORMAL 60 LOWEST SLP 29.53 ON 10
[REMARKS]
#FINAL-06-20#