000
CXUS51 KCTP 010827
CLMAOO
CLIMATE REPORT
NATIONAL WEATHER SERVICE STATE COLLEGE PA
427 AM EDT TUE AUG 01 2023
...................................
...THE ALTOONA CLIMATE SUMMARY FOR THE MONTH OF JULY 2023...
CLIMATE NORMAL PERIOD 1991 TO 2020
CLIMATE RECORD PERIOD 1948 TO 2023
WEATHER OBSERVED NORMAL DEPART LAST YEAR`S
VALUE DATE(S) VALUE FROM VALUE DATE(S)
NORMAL
................................................................
TEMPERATURE (F)
RECORD
HIGH 103 07/22/2011
LOW 41 07/21/1966
HIGHEST 90 07/28 92 07/24
LOWEST 55 07/22 54 07/04
07/15
AVG. MAXIMUM 83.2 82.9 0.3 83.7
AVG. MINIMUM 62.5 61.8 0.7 63.0
MEAN 72.9 72.4 0.5 73.4
DAYS MAX >= 90 1 3.8 -2.8 3
DAYS MAX <= 32 0 0.0 0.0 0
DAYS MIN <= 32 0 0.0 0.0 0
DAYS MIN <= 0 0 0.0 0.0 0
PRECIPITATION (INCHES)
RECORD
MAXIMUM 8.74 1989
MINIMUM 0.98 2002
TOTALS 5.50 3.48 2.02 2.42
DAILY AVG. 0.18 0.11 0.07 0.08
DAYS >= .01 19 12.1 6.9 10
DAYS >= .10 12 7.5 4.5 6
DAYS >= .50 3 2.2 0.8 2
DAYS >= 1.00 1 0.6 0.4 0
GREATEST
24 HR. TOTAL 1.02 07/17 TO 07/17 0.78 07/17 TO 07/18
DEGREE DAYS
HEATING TOTAL 0 4 -4 0
SINCE 7/1 0 0 0 MM
COOLING TOTAL 252 232 20 268
SINCE 1/1 348 429 -81 MM
................................................................
WIND (MPH)
AVERAGE WIND SPEED 4.0
HIGHEST WIND SPEED/DIRECTION 33/350 DATE 07/20
HIGHEST GUST SPEED/DIRECTION 50/360 DATE 07/20
SKY COVER
POSSIBLE SUNSHINE (PERCENT) MM
AVERAGE SKY COVER 0.33
NUMBER OF DAYS FAIR 16
NUMBER OF DAYS PC 15
NUMBER OF DAYS CLOUDY 0
AVERAGE RH (PERCENT) 73
WEATHER CONDITIONS. NUMBER OF DAYS WITH
THUNDERSTORM 12 MIXED PRECIP 0
HEAVY RAIN 9 RAIN 11
LIGHT RAIN 21 FREEZING RAIN 0
LT FREEZING RAIN 0 HAIL 0
HEAVY SNOW 0 SLEET 0
FOG 29 FOG W/VIS <= 1/4 MILE 6
HAZE 12
- INDICATES NEGATIVE NUMBERS.
R INDICATES RECORD WAS SET OR TIED.
MM INDICATES DATA IS MISSING.
T INDICATES TRACE AMOUNT.
$$