000
CXUS52 KMFL 011030
CF6APF
PRELIMINARY LOCAL CLIMATOLOGICAL DATA (WS FORM: F-6)
STATION: NAPLES
MONTH: JUNE
YEAR: 2021
LATITUDE: 26 8 N
LONGITUDE: 81 46 W
TEMPERATURE IN F: :PCPN: SNOW: WIND :SUNSHINE: SKY :PK WND
================================================================================
1 2 3 4 5 6A 6B 7 8 9 10 11 12 13 14 15 16 17 18
12Z AVG MX 2MIN
DY MAX MIN AVG DEP HDD CDD WTR SNW DPTH SPD SPD DIR MIN PSBL S-S WX SPD DR
================================================================================
1 91 72 82 1 0 17 1.41 0.0 0 8.2 21 200 M M 3 13 28 200
2 88 70 79 -2 0 14 0.00 0.0 0 6.6 15 270 M M 2 3 19 270
3 89 73 81 0 0 16 T 0.0 0 7.8 20 210 M M 3 3 24 200
4 90 74 82 1 0 17 0.02 0.0 0 8.1 20 220 M M 4 13 24 220
5 89 72 81 0 0 16 0.58 0.0 0 7.2 23 50 M M 3 138 28 70
6 90 73 82 1 0 17 0.42 0.0 0 8.5 22 120 M M 2 13 26 130
7 93 76 85 4 0 20 0.00 0.0 0 10.2 20 200 M M 2 24 130
8 92 76 84 2 0 19 T 0.0 0 9.8 22 140 M M 3 25 120
9 89 74 82 0 0 17 0.07 0.0 0 7.9 17 130 M M 2 13 21 130
10 89 74 82 0 0 17 0.15 0.0 0 5.7 21 140 M M 4 13 25 140
11 89 75 82 0 0 17 0.00 0.0 0 8.4 17 220 M M 4 3 22 220
12 89 79 84 2 0 19 0.00 0.0 0 7.0 16 260 M M 2 20 240
13 88 80 84 2 0 19 0.01 0.0 0 9.1 17 240 M M 3 3 22 270
14 86 74 80 -2 0 15 0.70 M M 9.0 23 160 M M 6 138 29 140
15 87 74 81 -1 0 16 0.04 M M 6.8 25 220 M M 3 13 31 210
16 86 71 79 -3 0 14 1.28 0.0 0 4.4 21 90 M M 5 13 29 90
17 81 71 76 -6 0 11 T 0.0 0 5.6 9 60 M M 5 12 50
18 90 76 83 1 0 18 T 0.0 0 9.4 17 110 M M 2 23 140
19 92 78 85 3 0 20 0.00 0.0 0 8.9 16 210 M M 2 1 20 150
20 91 80 86 3 0 21 0.00 0.0 0 5.9 14 210 M M 1 18 230
21 91 79 85 2 0 20 T 0.0 0 7.3 20 220 M M 2 3 23 220
22 92 78 85 2 0 20 0.00 0.0 0 8.2 17 210 M M 1 22 200
23 90 73 82 -1 0 17 0.85 0.0 0 5.0 22 10 M M 2 138 30 30
24 90 73 82 -1 0 17 0.56 M M 6.1 25 70 M M 2 138 34 60
25 86 75 81 -2 0 16 0.00 0.0 0 9.0 18 100 M M 0 3 22 90
26 92 75 84 1 0 19 1.26 0.0 0 5.9 28 330 M M 3 13 33 160
27 92 75 84 1 0 19 0.08 M M 6.9 16 70 M M 3 3 21 360
28 90 73 82 -1 0 17 0.94 M M 8.0 31 100 M M 2 13 42 60
29 89 73 81 -2 0 16 0.77 0.0 0 8.3 24 120 M M 1 13 28 110
30 89 72 81 -2 0 16 0.78 0.0 0 6.3 22 110 M M 2 13 32 120
================================================================================
SM 2680 2238 0 517 9.92 0.0 225.5 M 79
================================================================================
AV 89.3 74.6 7.5 FASTST M M 3 MAX(MPH)
MISC ----> 31 100 42 60
================================================================================
NOTES:
# LAST OF SEVERAL OCCURRENCES
COLUMN 17 PEAK WIND IN M.P.H.
PRELIMINARY LOCAL CLIMATOLOGICAL DATA (WS FORM: F-6) , PAGE 2
STATION: NAPLES
MONTH: JUNE
YEAR: 2021
LATITUDE: 26 8 N
LONGITUDE: 81 46 W
[TEMPERATURE DATA] [PRECIPITATION DATA] SYMBOLS USED IN COLUMN 16
AVERAGE MONTHLY: 82.0 TOTAL FOR MONTH: 9.92 1 = FOG OR MIST
DPTR FM NORMAL: -0.1 DPTR FM NORMAL: 2.51 2 = FOG REDUCING VISIBILITY
HIGHEST: 93 ON 7 GRTST 24HR 2.42 ON 31- 1 TO 1/4 MILE OR LESS
LOWEST: 70 ON 2 3 = THUNDER
SNOW, ICE PELLETS, HAIL 4 = ICE PELLETS
TOTAL MONTH: 0.0 INCH 5 = HAIL
GRTST 24HR 0.0 6 = FREEZING RAIN OR DRIZZLE
GRTST DEPTH: 0 7 = DUSTSTORM OR SANDSTORM:
VSBY 1/2 MILE OR LESS
8 = SMOKE OR HAZE
[NO. OF DAYS WITH] [WEATHER - DAYS WITH] 9 = BLOWING SNOW
X = TORNADO
MAX 32 OR BELOW: 0 0.01 INCH OR MORE: 17
MAX 90 OR ABOVE: 15 0.10 INCH OR MORE: 12
MIN 32 OR BELOW: 0 0.50 INCH OR MORE: 10
MIN 0 OR BELOW: 0 1.00 INCH OR MORE: 3
[HDD (BASE 65) ]
TOTAL THIS MO. 0 CLEAR (SCALE 0-3) 20
DPTR FM NORMAL 0 PTCLDY (SCALE 4-7) 10
TOTAL FM JUL 1 174 CLOUDY (SCALE 8-10) 0
DPTR FM NORMAL -48
[CDD (BASE 65) ]
TOTAL THIS MO. 517
DPTR FM NORMAL 4 [PRESSURE DATA]
TOTAL FM JAN 1 1804 HIGHEST SLP 30.15 ON 23
DPTR FM NORMAL 169 LOWEST SLP 29.86 ON 13
[REMARKS]
#FINAL-06-21#