000
CXUS52 KMFL 011030
CF6APF
PRELIMINARY LOCAL CLIMATOLOGICAL DATA (WS FORM: F-6)
STATION: NAPLES
MONTH: OCTOBER
YEAR: 2023
LATITUDE: 26 8 N
LONGITUDE: 81 46 W
TEMPERATURE IN F: :PCPN: SNOW: WIND :SUNSHINE: SKY :PK WND
================================================================================
1 2 3 4 5 6A 6B 7 8 9 10 11 12 13 14 15 16 17 18
12Z AVG MX 2MIN
DY MAX MIN AVG DEP HDD CDD WTR SNW DPTH SPD SPD DIR MIN PSBL S-S WX SPD DR
================================================================================
1 92 76 84 3 0 19 0.28 0.0 0 7.7 20 50 M M 2 13 25 50
2 91 75 83 2 0 18 0.02 0.0 0 12.1 24 70 M M 3 8 29 60
3 89 74 82 1 0 17 0.00 0.0 0 10.2 22 70 M M 3 18 29 80
4 92 73 83 2 0 18 0.00 0.0 0 8.0 16 70 M M 1 20 50
5 91 74 83 3 0 18 0.00 0.0 0 7.3 13 270 M M 1 15 260
6 91 75 83 3 0 18 0.00 0.0 0 6.4 13 280 M M 1 16 250
7 89 76 83 3 0 18 0.00 0.0 0 6.7 14 280 M M 1 18 260
8 88 75 82 2 0 17 0.00 0.0 0 5.8 14 300 M M 5 18 300
9 86 71 79 -1 0 14 0.00 0.0 0 7.2 14 60 M M 6 19 40
10 88 71 80 0 0 15 0.00 0.0 0 M M M M M M M M
11 91 75 83 3 0 18 T 0.0 0 9.7 21 150 M M 4 26 150
12 91 83 87 8 0 22 0.18 0.0 0 14.6 25 210 M M 6 18 32 210
13 87 79 83 4 0 18 2.02 0.0 0 7.1 21 260 M M 8 138 28 250
14 88 79 84 5 0 19 0.00 0.0 0 7.7 16 290 M M 4 20 300
15 86 75 81 2 0 16 0.00 0.0 0 10.5 20 290 M M 4 26 300
16 78 64 71 -8 0 6 0.00 0.0 0 9.3 23 300 M M 7 30 300
17 76 59 68 -10 0 3 0.00 0.0 0 7.1 16 20 M M 0 23 310
18 83 58 71 -7 0 6 0.00 0.0 0 6.6 14 60 M M 0 24 90
19 86 64 75 -3 0 10 0.00 0.0 0 6.7 14 80 M M 1 19 70
20 85 70 78 0 0 13 0.00 0.0 0 7.1 16 300 M M 3 20 300
21 85 72 79 1 0 14 0.00 0.0 0 7.2 15 320 M M 1 20 320
22 84 68 76 -1 0 11 0.00 0.0 0 3.6 12 280 M M 1 1 16 60
23 89 65 77 0 0 12 0.00 0.0 0 6.9 15 50 M M 0 18 60
24 89 70 80 3 0 15 0.00 0.0 0 11.0 22 70 M M 2 28 60
25 88 68 78 1 0 13 0.00 0.0 0 12.5 22 80 M M 1 30 60
26 88 69 79 2 0 14 0.00 0.0 0 11.5 22 90 M M 3 28 80
27 89 70 80 4 0 15 0.00 0.0 0 10.4 21 60 M M 1 27 60
28 90 70 80 4 0 15 0.00 0.0 0 10.2 21 70 M M 1 26 70
29 88 70 79 3 0 14 0.00 0.0 0 9.3 20 60 M M 1 27 70
30 89 70 80 4 0 15 0.00 0.0 0 7.5 14 300 M M 1 17 300
31 85 72 79 4 0 14 0.00 0.0 0 7.3 16 300 M M 0 19 300
================================================================================
SM 2712 2210 0 455 2.50 0.0 255.2 M 72
================================================================================
AV 87.5 71.3 8.5 FASTST M M 2 MAX(MPH)
MISC ----> 25 210 32 210
================================================================================
NOTES:
# LAST OF SEVERAL OCCURRENCES
COLUMN 17 PEAK WIND IN M.P.H.
PRELIMINARY LOCAL CLIMATOLOGICAL DATA (WS FORM: F-6) , PAGE 2
STATION: NAPLES
MONTH: OCTOBER
YEAR: 2023
LATITUDE: 26 8 N
LONGITUDE: 81 46 W
[TEMPERATURE DATA] [PRECIPITATION DATA] SYMBOLS USED IN COLUMN 16
AVERAGE MONTHLY: 79.4 TOTAL FOR MONTH: 2.50 1 = FOG OR MIST
DPTR FM NORMAL: 0.9 DPTR FM NORMAL: -1.43 2 = FOG REDUCING VISIBILITY
HIGHEST: 92 ON 4, 1 GRTST 24HR 2.04 ON 12-13 TO 1/4 MILE OR LESS
LOWEST: 58 ON 18 3 = THUNDER
SNOW, ICE PELLETS, HAIL 4 = ICE PELLETS
TOTAL MONTH: 0.0 INCH 5 = HAIL
GRTST 24HR 0.0 6 = FREEZING RAIN OR DRIZZLE
GRTST DEPTH: 0 7 = DUSTSTORM OR SANDSTORM:
VSBY 1/2 MILE OR LESS
8 = SMOKE OR HAZE
[NO. OF DAYS WITH] [WEATHER - DAYS WITH] 9 = BLOWING SNOW
X = TORNADO
MAX 32 OR BELOW: 0 0.01 INCH OR MORE: 4
MAX 90 OR ABOVE: 8 0.10 INCH OR MORE: 3
MIN 32 OR BELOW: 0 0.50 INCH OR MORE: 1
MIN 0 OR BELOW: 0 1.00 INCH OR MORE: 1
[HDD (BASE 65) ]
TOTAL THIS MO. 0 CLEAR (SCALE 0-3) 22
DPTR FM NORMAL -1 PTCLDY (SCALE 4-7) 8
TOTAL FM JUL 1 0 CLOUDY (SCALE 8-10) 1
DPTR FM NORMAL 0
[CDD (BASE 65) ]
TOTAL THIS MO. 455
DPTR FM NORMAL 36 [PRESSURE DATA]
TOTAL FM JAN 1 4577 HIGHEST SLP 30.12 ON 24
DPTR FM NORMAL 871 LOWEST SLP 29.71 ON 12
[REMARKS]
#FINAL-10-23#