000
CXUS52 KMFL 011510
CLMAPF
CLIMATE REPORT
NATIONAL WEATHER SERVICE MIAMI, FL
1010 AM EST FRI DEC 01 2023
...................................
...THE NAPLES CLIMATE SUMMARY FOR THE MONTH OF NOVEMBER 2023...
CLIMATE NORMAL PERIOD: 1991 TO 2020
CLIMATE RECORD PERIOD: 1942 TO 2023
WEATHER OBSERVED NORMAL DEPART LAST YEAR`S
VALUE DATE(S) VALUE FROM VALUE DATE(S)
NORMAL
................................................................
TEMPERATURE (F)
RECORD
HIGH 92 11/04/2015
11/10/1946
08/04/1944
LOW 31 11/25/1970
HIGHEST 89 11/12 91 11/03
LOWEST 52 11/29 60 11/18
AVG. MAXIMUM 81.9 81.3 0.6 84.2
AVG. MINIMUM 64.9 63.4 1.5 69.7
MEAN 73.4 72.4 1.0 77.0
DAYS MAX >= 90 0 2
DAYS MAX <= 32 0 0
DAYS MIN <= 32 0 0
DAYS MIN <= 0 0 0
PRECIPITATION (INCHES)
RECORD
MAXIMUM 9.69 1946
MINIMUM T 2016
TOTALS 3.70 1.39 2.31 2.45
DAILY AVG. 0.12 0.05 0.07 0.08
DAYS >= .01 5 6
DAYS >= .10 2 5
DAYS >= .50 1 3
DAYS >= 1.00 1 0
GREATEST
24 HR. TOTAL 3.28 11/15 TO 11/15 0.75
DEGREE DAYS
HEATING TOTAL 8 12 -4 0
SINCE 7/1 8 10 -2 MM
COOLING TOTAL 266 232 34 368
SINCE 1/1 4843 3938 905 MM
................................................................
WIND (MPH)
AVERAGE WIND SPEED 8.0
HIGHEST WIND SPEED/DIRECTION 37/080 DATE 11/15
HIGHEST GUST SPEED/DIRECTION 48/060 DATE 11/15
SKY COVER
POSSIBLE SUNSHINE (PERCENT) MM
AVERAGE SKY COVER 0.30
NUMBER OF DAYS FAIR 22
NUMBER OF DAYS PC 5
NUMBER OF DAYS CLOUDY 3
AVERAGE RH (PERCENT) 79
WEATHER CONDITIONS. NUMBER OF DAYS WITH
THUNDERSTORM 0 MIXED PRECIP 0
HEAVY RAIN 1 RAIN 1
LIGHT RAIN 5 FREEZING RAIN 0
LT FREEZING RAIN 0 HAIL 0
HEAVY SNOW 0 SNOW 0
LIGHT SNOW 0 SLEET 0
FOG 9 FOG W/VIS <= 1/4 MILE 0
HAZE 3
- INDICATES NEGATIVE NUMBERS.
R INDICATES RECORD WAS SET OR TIED.
MM INDICATES DATA IS MISSING.
T INDICATES TRACE AMOUNT.
$$