000
CXUS53 KAPX 010730
CF6APN
PRELIMINARY LOCAL CLIMATOLOGICAL DATA (WS FORM: F-6)
STATION: ALPENA MI
MONTH: JUNE
YEAR: 2023
LATITUDE: 45 4 N
LONGITUDE: 83 34 W
TEMPERATURE IN F: :PCPN: SNOW: WIND :SUNSHINE: SKY :PK WND
================================================================================
1 2 3 4 5 6A 6B 7 8 9 10 11 12 13 14 15 16 17 18
12Z AVG MX 2MIN
DY MAX MIN AVG DEP HDD CDD WTR SNW DPTH SPD SPD DIR MIN PSBL S-S WX SPD DR
================================================================================
1 87 52 70 11 0 5 0.00 0.0 0 5.5 16 120 M M 0 1 21 120
2 90 48 69 10 0 4 0.00 0.0 0 3.0 12 360 M M 0 20 30
3 76 49 63 3 2 0 0.00 0.0 0 5.2 16 110 M M 3 18 22 110
4 79 41 60 0 5 0 0.00 0.0 0 3.7 13 110 M M 0 18 20 110
5 80 55 68 8 0 3 0.02 0.0 0 6.3 15 10 M M 3 8 24 330
6 73 52 63 2 2 0 0.00 0.0 0 9.7 18 10 M M 2 8 26 30
7 72 48 60 -1 5 0 0.00 0.0 0 9.6 18 330 M M 2 8 27 290
8 71 46 59 -2 6 0 0.00 0.0 0 7.3 20 10 M M 4 27 350
9 81 46 64 2 1 0 0.00 0.0 0 6.2 21 350 M M 0 27 350
10 77 47 62 0 3 0 0.01 0.0 0 4.0 10 350 M M 5 16 360
11 56 50 53 -9 12 0 0.18 0.0 0 8.1 14 10 M M 9 1 18 30
12 57 47 52 -10 13 0 0.07 0.0 0 8.2 16 320 M M 10 1 23 320
13 67 46 57 -6 8 0 0.00 0.0 0 8.3 18 120 M M 5 1 25 130
14 73 42 58 -5 7 0 0.00 0.0 0 4.0 13 110 M M 6 12 17 130
15 60 55 58 -5 7 0 0.46 0.0 0 4.8 14 350 M M 10 13 18 340
16 74 52 63 -1 2 0 0.00 0.0 0 8.9 17 360 M M 5 25 350
17 79 48 64 0 1 0 0.00 0.0 0 4.6 16 10 M M 0 22 360
18 79 47 63 -1 2 0 0.00 0.0 0 4.6 15 120 M M 0 19 130
19 78 48 63 -1 2 0 0.00 0.0 0 4.4 13 120 M M 0 18 120
20 81 47 64 0 1 0 0.00 0.0 0 5.9 17 90 M M 0 25 90
21 82 51 67 2 0 2 0.00 0.0 0 4.8 16 100 M M 0 22 110
22 84 51 68 3 0 3 0.00 0.0 0 3.6 12 120 M M 0 17 120
23 82 55 69 4 0 4 0.00 0.0 0 4.0 14 150 M M 4 19 130
24 91 56 74 9 0 9 0.00 0.0 0 4.2 15 20 M M 0 20 360
25 78 57 68 2 0 3 0.05 0.0 0 7.5 23 180 M M 2 13 31 180
26 77 62 70 4 0 5 0.27 0.0 0 6.8 14 10 M M 8 1 19 100
27 71 56 64 -2 1 0 T 0.0 0 12.4 23 340 M M 10 18 32 360
28 76 51 64 -2 1 0 0.00 0.0 0 3.8 12 140 M M 1 1 19 120
29 81 58 70 4 0 5 0.51 0.0 0 7.1 21 190 M M 7 138 33 200
30 82 59 71 4 0 6 T 0.0 0 4.1 15 100 M M 6 1238 20 110
================================================================================
SM 2294 1522 81 49 1.57 0.0 180.6 M 102
================================================================================
AV 76.5 50.7 6.0 FASTST M M 3 MAX(MPH)
MISC ----> # 23 180 33 200
================================================================================
NOTES:
# LAST OF SEVERAL OCCURRENCES
COLUMN 17 PEAK WIND IN M.P.H.
PRELIMINARY LOCAL CLIMATOLOGICAL DATA (WS FORM: F-6) , PAGE 2
STATION: ALPENA MI
MONTH: JUNE
YEAR: 2023
LATITUDE: 45 4 N
LONGITUDE: 83 34 W
[TEMPERATURE DATA] [PRECIPITATION DATA] SYMBOLS USED IN COLUMN 16
AVERAGE MONTHLY: 63.6 TOTAL FOR MONTH: 1.57 1 = FOG OR MIST
DPTR FM NORMAL: 0.4 DPTR FM NORMAL: -1.17 2 = FOG REDUCING VISIBILITY
HIGHEST: 91 ON 24 GRTST 24HR 0.51 ON 29-29 TO 1/4 MILE OR LESS
LOWEST: 41 ON 4 3 = THUNDER
SNOW, ICE PELLETS, HAIL 4 = ICE PELLETS
TOTAL MONTH: 0.0 INCH 5 = HAIL
GRTST 24HR 0.0 6 = FREEZING RAIN OR DRIZZLE
GRTST DEPTH: 0 7 = DUSTSTORM OR SANDSTORM:
VSBY 1/2 MILE OR LESS
8 = SMOKE OR HAZE
[NO. OF DAYS WITH] [WEATHER - DAYS WITH] 9 = BLOWING SNOW
X = TORNADO
MAX 32 OR BELOW: 0 0.01 INCH OR MORE: 8
MAX 90 OR ABOVE: 2 0.10 INCH OR MORE: 4
MIN 32 OR BELOW: 0 0.50 INCH OR MORE: 1
MIN 0 OR BELOW: 0 1.00 INCH OR MORE: 0
[HDD (BASE 65) ]
TOTAL THIS MO. 81 CLEAR (SCALE 0-3) 17
DPTR FM NORMAL -39 PTCLDY (SCALE 4-7) 9
TOTAL FM JUL 1 7021 CLOUDY (SCALE 8-10) 4
DPTR FM NORMAL -823
[CDD (BASE 65) ]
TOTAL THIS MO. 49
DPTR FM NORMAL -15 [PRESSURE DATA]
TOTAL FM JAN 1 58 HIGHEST SLP 30.27 ON 21
DPTR FM NORMAL -22 LOWEST SLP 29.51 ON 26
[REMARKS]
#FINAL-06-23#