000
CXUS54 KEWX 011110
CF6AQO
PRELIMINARY LOCAL CLIMATOLOGICAL DATA (WS FORM: F-6)
STATION: LLANO MUNICIPAL AIRPORT
MONTH: NOVEMBER
YEAR: 2021
LATITUDE: 30 47 N
LONGITUDE: 98 40 W
TEMPERATURE IN F: :PCPN: SNOW: WIND :SUNSHINE: SKY :PK WND
================================================================================
1 2 3 4 5 6A 6B 7 8 9 10 11 12 13 14 15 16 17 18
12Z AVG MX 2MIN
DY MAX MIN AVG DEP HDD CDD WTR SNW DPTH SPD SPD DIR MIN PSBL S-S WX SPD DR
================================================================================
1 81 50 66 M 0 1 0.00 M M 2.8 9 130 M M 5 16 0
2 73 59 66 M 0 1 0.00 M M 4.5 12 90 M M 9 14 90
3 59 48 54 M 11 0 0.59 M M 7.2 14 20 M M 10 13 23 350
4 54 48 51 M 14 0 0.00 M M 5.5 9 10 M M 10 M M
5 63 45 54 M 11 0 0.00 M M 2.0 6 130 M M 7 M M
6 72 37 55 M 10 0 0.00 M M 3.0 6 100 M M 2 12 180
7 75 39 57 M 8 0 0.00 M M 2.4 9 170 M M 1 13 170
8 77 48 63 M 2 0 0.00 M M 5.3 13 200 M M 6 20 190
9 77 54 66 M 0 1 0.00 M M 4.0 9 200 M M 8 1 15 200
10 81 57 69 M 0 4 0.00 M M 6.8 16 210 M M 9 25 200
11 72 43 58 M 7 0 0.00 M M 4.3 10 50 M M 4 18 50
12 72 36 54 M 11 0 0.00 M M 5.2 14 350 M M 3 8 20 340
13 73 32 53 M 12 0 0.00 M M 2.7 9 180 M M 3 13 190
14 77 37 57 M 8 0 0.00 M M 1.2 6 99 M M 4 8 14 260
15 79 43 61 M 4 0 0.00 M M 2.7 10 190 M M 2 18 190
16 82 50 66 M 0 1 0.00 M M 4.9 14 190 M M 3 12 22 180
17 82 55 69 M 0 4 0.00 M M 7.5 14 350 M M 3 23 360
18 63 43 53 M 12 0 0.00 M M 9.8 16 360 M M 7 24 10
19 66 36 51 M 14 0 0.00 M M 2.9 8 110 M M 6 14 130
20 75 39 57 M 8 0 0.00 M M 4.6 15 180 M M 4 23 160
21 72 50 61 M 4 0 0.00 M M 5.5 14 350 M M 8 22 350
22 68 36 52 M 13 0 0.00 M M 3.9 10 330 M M 2 16 340
23 72 28 50 M 15 0 0.00 M M 3.7 14 190 M M 3 16 170
24 75 52 64 M 1 0 0.00 M M 5.9 17 180 M M 9 25 180
25 63 46 55 M 10 0 0.00 M M 11.2 20 340 M M 4 1 30 340
26 55 34 45 M 20 0 0.00 M M 1.4 6 210 M M 2 M M
27 52 46 49 M 16 0 0.30 M M 1.7 6 150 M M 10 12 M M
28 70 39 55 M 10 0 0.00 M M 4.1 10 30 M M 4 2 17 30
29 75 32 54 M 11 0 0.00 M M 2.4 8 200 M M 1 M M
30 77 39 58 M 7 0 0.00 M M 3.3 12 180 M M 1 18 180
================================================================================
SM 2132 1301 239 12 0.89 M 132.3 M 150
================================================================================
AV 71.1 43.4 4.4 FASTST M M 5 MAX(MPH)
MISC ----> 20 340 30 340
================================================================================
NOTES:
# LAST OF SEVERAL OCCURRENCES
COLUMN 17 PEAK WIND IN M.P.H.
PRELIMINARY LOCAL CLIMATOLOGICAL DATA (WS FORM: F-6) , PAGE 2
STATION: LLANO MUNICIPAL AIRPORT
MONTH: NOVEMBER
YEAR: 2021
LATITUDE: 30 47 N
LONGITUDE: 98 40 W
[TEMPERATURE DATA] [PRECIPITATION DATA] SYMBOLS USED IN COLUMN 16
AVERAGE MONTHLY: 57.2 TOTAL FOR MONTH: 0.89 1 = FOG OR MIST
DPTR FM NORMAL: 0.0 DPTR FM NORMAL: M 2 = FOG REDUCING VISIBILITY
HIGHEST: 82 ON 17,16 GRTST 24HR 0.59 ON 3- 3 TO 1/4 MILE OR LESS
LOWEST: 28 ON 23 3 = THUNDER
SNOW, ICE PELLETS, HAIL 4 = ICE PELLETS
TOTAL MONTH: M 5 = HAIL
GRTST 24HR M ON M 6 = FREEZING RAIN OR DRIZZLE
GRTST DEPTH: M ON M 7 = DUSTSTORM OR SANDSTORM:
VSBY 1/2 MILE OR LESS
8 = SMOKE OR HAZE
[NO. OF DAYS WITH] [WEATHER - DAYS WITH] 9 = BLOWING SNOW
X = TORNADO
MAX 32 OR BELOW: 0 0.01 INCH OR MORE: 2
MAX 90 OR ABOVE: 0 0.10 INCH OR MORE: 2
MIN 32 OR BELOW: 3 0.50 INCH OR MORE: 1
MIN 0 OR BELOW: 0 1.00 INCH OR MORE: 0
[HDD (BASE 65) ]
TOTAL THIS MO. 239 CLEAR (SCALE 0-3) 10
DPTR FM NORMAL M PTCLDY (SCALE 4-7) 14
TOTAL FM JUL 1 270 CLOUDY (SCALE 8-10) 6
DPTR FM NORMAL M
[CDD (BASE 65) ]
TOTAL THIS MO. 12
DPTR FM NORMAL M [PRESSURE DATA]
TOTAL FM JAN 1 2587 HIGHEST SLP M ON M
DPTR FM NORMAL M LOWEST SLP M ON M
[REMARKS]
#FINAL-11-21#