000
CXUS54 KLCH 010830
CF6ARA
PRELIMINARY LOCAL CLIMATOLOGICAL DATA (WS FORM: F-6)
STATION: NEW IBERIA
MONTH: JULY
YEAR: 2021
LATITUDE: 30 1 N
LONGITUDE: 91 53 W
TEMPERATURE IN F: :PCPN: SNOW: WIND :SUNSHINE: SKY :PK WND
================================================================================
1 2 3 4 5 6A 6B 7 8 9 10 11 12 13 14 15 16 17 18
12Z AVG MX 2MIN
DY MAX MIN AVG DEP HDD CDD WTR SNW DPTH SPD SPD DIR MIN PSBL S-S WX SPD DR
================================================================================
1 91 73 82 0 0 17 0.07 0.0 M 3.4 12 200 M M 4 1 15 210
2 91 75 83 1 0 18 0.13 0.0 M 4.9 16 280 M M 3 13 26 260
3 86 75 81 -1 0 16 0.79 0.0 M 4.1 14 240 M M 7 13 18 260
4 92 73 83 1 0 18 0.00 0.0 0 4.8 13 200 M M 4 13 18 190
5 91 74 83 1 0 18 T 0.0 M 2.7 14 250 M M 2 13 21 230
6 85 76 81 -1 0 16 T 0.0 M 4.3 12 210 M M 2 3 17 170
7 88 75 82 0 0 17 T 0.0 M 3.0 13 170 M M 3 18 180
8 90 72 81 -2 0 16 1.19 0.0 M 4.5 37 140 M M 2 123 47 140
9 86 75 81 -2 0 16 T 0.0 M 4.9 13 240 M M 2 16 250
10 90 77 84 1 0 19 T 0.0 M 6.4 16 200 M M 3 1 22 200
11 91 77 84 1 0 19 0.00 0.0 M 6.9 20 220 M M 3 1 28 250
12 90 72 81 -2 0 16 0.53 0.0 M 5.3 23 340 M M 1 13 32 350
13 91 74 83 0 0 18 0.37 0.0 M 3.7 21 100 M M 1 3 27 90
14 92 74 83 0 0 18 T 0.0 M 5.0 21 150 M M 2 3 28 160
15 84 76 80 -3 0 15 0.57 0.0 M 5.1 15 120 M M 3 13 20 140
16 91 74 83 0 0 18 0.90 0.0 M 4.3 21 100 M M 2 13 26 110
17 90 74 82 -1 0 17 0.08 0.0 M 4.0 15 170 M M 2 13 20 110
18 91 74 83 0 0 18 0.00 0.0 M 3.7 12 200 M M 0 13 16 200
19 89 74 82 -1 0 17 0.83 0.0 M 5.5 18 290 M M 2 123 26 230
20 84 74 79 -4 0 14 0.43 0.0 M 4.4 15 210 M M 6 13 19 200
21 91 73 82 -1 0 17 0.00 0.0 M 2.8 13 200 M M 2 1 18 210
22 91 76 84 1 0 19 0.30 0.0 M 4.0 22 270 M M 2 13 32 270
23 91 75 83 0 0 18 0.15 0.0 M 4.3 17 300 M M 1 13 24 270
24 95 77 86 3 0 21 0.00 M M 4.2 12 310 M M 1 1 18 310
25 95 74 85 2 0 20 0.00 M M 3.3 10 300 M M 0 12 13 310
26 96 79 88 5 0 23 0.00 M M 4.1 12 200 M M 2 13 16 200
27 94 74 84 1 0 19 0.71 0.0 0 4.5 23 360 M M 3 138 32 360
28 95 73 84 1 0 19 0.00 0.0 0 3.2 10 60 M M 1 1 13 20
29 96 76 86 3 0 21 0.59 0.0 0 3.5 17 50 M M 2 138 28 50
30 95 76 86 3 0 21 0.00 M M 2.9 15 170 M M 1 13 21 170
31 95 77 86 2 0 21 0.03 0.0 M 5.0 22 90 M M 2 138 30 80
================================================================================
SM 2817 2318 0 560 7.67 0.0 132.7 M 71
================================================================================
AV 90.9 74.8 4.3 FASTST M M 2 MAX(MPH)
MISC ----> 37 140 47 140
================================================================================
NOTES:
# LAST OF SEVERAL OCCURRENCES
COLUMN 17 PEAK WIND IN M.P.H.
PRELIMINARY LOCAL CLIMATOLOGICAL DATA (WS FORM: F-6) , PAGE 2
STATION: NEW IBERIA
MONTH: JULY
YEAR: 2021
LATITUDE: 30 1 N
LONGITUDE: 91 53 W
[TEMPERATURE DATA] [PRECIPITATION DATA] SYMBOLS USED IN COLUMN 16
AVERAGE MONTHLY: 82.8 TOTAL FOR MONTH: 7.67 1 = FOG OR MIST
DPTR FM NORMAL: -0.1 DPTR FM NORMAL: 0.96 2 = FOG REDUCING VISIBILITY
HIGHEST: 96 ON 29,26 GRTST 24HR 1.26 ON 19-20 TO 1/4 MILE OR LESS
LOWEST: 72 ON 12, 8 3 = THUNDER
SNOW, ICE PELLETS, HAIL 4 = ICE PELLETS
TOTAL MONTH: 0.0 INCH 5 = HAIL
GRTST 24HR 0.0 6 = FREEZING RAIN OR DRIZZLE
GRTST DEPTH: 0 7 = DUSTSTORM OR SANDSTORM:
VSBY 1/2 MILE OR LESS
8 = SMOKE OR HAZE
[NO. OF DAYS WITH] [WEATHER - DAYS WITH] 9 = BLOWING SNOW
X = TORNADO
MAX 32 OR BELOW: 0 0.01 INCH OR MORE: 16
MAX 90 OR ABOVE: 24 0.10 INCH OR MORE: 13
MIN 32 OR BELOW: 0 0.50 INCH OR MORE: 8
MIN 0 OR BELOW: 0 1.00 INCH OR MORE: 1
[HDD (BASE 65) ]
TOTAL THIS MO. 0 CLEAR (SCALE 0-3) 25
DPTR FM NORMAL 0 PTCLDY (SCALE 4-7) 6
TOTAL FM JUL 1 0 CLOUDY (SCALE 8-10) 0
DPTR FM NORMAL 0
[CDD (BASE 65) ]
TOTAL THIS MO. 560
DPTR FM NORMAL 5 [PRESSURE DATA]
TOTAL FM JAN 1 1644 HIGHEST SLP 30.22 ON 14
DPTR FM NORMAL -6 LOWEST SLP 29.87 ON 20
[REMARKS]
#FINAL-07-21#