000
CXUS54 KLCH 010830
CF6ARA
PRELIMINARY LOCAL CLIMATOLOGICAL DATA (WS FORM: F-6)
STATION: NEW IBERIA
MONTH: JUNE
YEAR: 2021
LATITUDE: 30 1 N
LONGITUDE: 91 53 W
TEMPERATURE IN F: :PCPN: SNOW: WIND :SUNSHINE: SKY :PK WND
================================================================================
1 2 3 4 5 6A 6B 7 8 9 10 11 12 13 14 15 16 17 18
12Z AVG MX 2MIN
DY MAX MIN AVG DEP HDD CDD WTR SNW DPTH SPD SPD DIR MIN PSBL S-S WX SPD DR
================================================================================
1 86 70 78 -2 0 13 T 0.0 M 8.5 20 180 M M 3 29 180
2 88 72 80 0 0 15 T 0.0 M 8.1 18 200 M M 2 12 25 210
3 86 69 78 -2 0 13 0.55 0.0 M 4.0 23 330 M M 3 1238 27 310
4 84 70 77 -3 0 12 0.81 0.0 M 6.4 16 110 M M 6 13 20 110
5 81 73 77 -3 0 12 0.31 0.0 M 7.7 18 140 M M 7 1 24 160
6 85 72 79 -1 0 14 0.79 0.0 M 6.1 17 180 M M 7 13 22 180
7 88 76 82 1 0 17 T 0.0 M 13.0 21 170 M M 8 1 30 180
8 89 79 84 3 0 19 0.00 0.0 M 11.6 21 160 M M 3 29 160
9 90 76 83 2 0 18 0.00 0.0 M 7.7 17 210 M M 2 22 200
10 89 74 82 1 0 17 T 0.0 M 6.2 15 190 M M 1 1 21 180
11 90 75 83 2 0 18 0.00 0.0 0 8.0 17 190 M M 1 25 180
12 93 73 83 2 0 18 0.00 0.0 0 5.7 14 260 M M 2 1 21 200
13 95 73 84 3 0 19 0.50 0.0 M 6.6 39 90 M M 3 13 51 90
14 93 72 83 2 0 18 0.00 0.0 M 3.3 12 200 M M 2 1 14 200
15 93 75 84 2 0 19 0.13 0.0 M 2.9 16 50 M M 2 13 21 40
16 96 73 85 3 0 20 0.00 0.0 M 6.2 15 50 M M 0 1 22 50
17 91 73 82 0 0 17 0.00 0.0 M 8.9 17 70 M M 0 26 50
18 90 74 82 0 0 17 0.01 0.0 M 13.2 24 60 M M 3 1 31 30
19 92 73 83 1 0 18 T 0.0 M 7.8 17 20 M M 6 1 24 30
20 89 75 82 0 0 17 T 0.0 M 9.1 23 190 M M 3 32 200
21 89 75 82 0 0 17 0.21 0.0 M 9.2 26 190 M M 6 13 41 190
22 88 75 82 0 0 17 0.76 0.0 M 4.4 15 290 M M 5 13 22 240
23 87 76 82 0 0 17 0.86 0.0 M 4.9 17 170 M M 4 123 21 170
24 90 75 83 1 0 18 0.00 0.0 M 4.9 15 180 M M 4 123 20 170
25 89 75 82 0 0 17 0.28 0.0 M 5.2 24 120 M M 3 13 37 120
26 87 75 81 -1 0 16 0.75 0.0 M 5.2 18 170 M M 3 13 26 170
27 86 75 81 -1 0 16 0.25 0.0 M 8.7 21 100 M M 3 138 27 100
28 86 73 80 -2 0 15 0.80 0.0 M 8.7 31 150 M M 2 123 42 130
29 90 75 83 1 0 18 T 0.0 M 7.2 31 150 M M 3 3 39 150
30 91 75 83 1 0 18 0.11 0.0 M 5.3 20 80 M M 2 1 26 100
================================================================================
SM 2671 2216 0 500 7.12 0.0 214.7 M 99
================================================================================
AV 89.0 73.9 7.2 FASTST M M 3 MAX(MPH)
MISC ----> 39 90 51 90
================================================================================
NOTES:
# LAST OF SEVERAL OCCURRENCES
COLUMN 17 PEAK WIND IN M.P.H.
PRELIMINARY LOCAL CLIMATOLOGICAL DATA (WS FORM: F-6) , PAGE 2
STATION: NEW IBERIA
MONTH: JUNE
YEAR: 2021
LATITUDE: 30 1 N
LONGITUDE: 91 53 W
[TEMPERATURE DATA] [PRECIPITATION DATA] SYMBOLS USED IN COLUMN 16
AVERAGE MONTHLY: 81.5 TOTAL FOR MONTH: 7.12 1 = FOG OR MIST
DPTR FM NORMAL: 0.0 DPTR FM NORMAL: 0.66 2 = FOG REDUCING VISIBILITY
HIGHEST: 96 ON 16 GRTST 24HR 1.53 ON 22-23 TO 1/4 MILE OR LESS
LOWEST: 69 ON 3 3 = THUNDER
SNOW, ICE PELLETS, HAIL 4 = ICE PELLETS
TOTAL MONTH: 0.0 INCH 5 = HAIL
GRTST 24HR 0.0 6 = FREEZING RAIN OR DRIZZLE
GRTST DEPTH: 0 7 = DUSTSTORM OR SANDSTORM:
VSBY 1/2 MILE OR LESS
8 = SMOKE OR HAZE
[NO. OF DAYS WITH] [WEATHER - DAYS WITH] 9 = BLOWING SNOW
X = TORNADO
MAX 32 OR BELOW: 0 0.01 INCH OR MORE: 15
MAX 90 OR ABOVE: 13 0.10 INCH OR MORE: 14
MIN 32 OR BELOW: 0 0.50 INCH OR MORE: 8
MIN 0 OR BELOW: 0 1.00 INCH OR MORE: 0
[HDD (BASE 65) ]
TOTAL THIS MO. 0 CLEAR (SCALE 0-3) 18
DPTR FM NORMAL 0 PTCLDY (SCALE 4-7) 11
TOTAL FM JUL 1 1423 CLOUDY (SCALE 8-10) 1
DPTR FM NORMAL 60
[CDD (BASE 65) ]
TOTAL THIS MO. 500
DPTR FM NORMAL 10 [PRESSURE DATA]
TOTAL FM JAN 1 1084 HIGHEST SLP 30.11 ON 30
DPTR FM NORMAL -11 LOWEST SLP 29.76 ON 19
[REMARKS]
#FINAL-06-21#