000
CXUS54 KMAF 011110
CF6ATS
PRELIMINARY LOCAL CLIMATOLOGICAL DATA (WS FORM: F-6)
STATION: ARTESIA
MONTH: OCTOBER
YEAR: 2021
LATITUDE: 32 54 N
LONGITUDE: 104 30 W
TEMPERATURE IN F: :PCPN: SNOW: WIND :SUNSHINE: SKY :PK WND
================================================================================
1 2 3 4 5 6A 6B 7 8 9 10 11 12 13 14 15 16 17 18
12Z AVG MX 2MIN
DY MAX MIN AVG DEP HDD CDD WTR SNW DPTH SPD SPD DIR MIN PSBL S-S WX SPD DR
================================================================================
1 73 55 64 M 1 0 0.29 M M 7.3 25 30 M M 3 1 53 30
2 77 50 64 M 1 0 0.00 M M 6.5 9 360 M M 0 13 99
3 79 52 66 M 0 1 0.00 M M 5.3 10 320 M M 0 14 260
4 84 54 69 M 0 4 0.00 M M 4.9 12 250 M M 0 1 12 140
5 84 54 69 M 0 4 0.00 M M 5.5 12 340 M M 0 12 270
6 82 52 67 M 0 2 0.00 M M 5.1 10 160 M M 0 16 130
7 90 55 73 M 0 8 0.03 M M 7.8 15 260 M M 0 8 25 210
8 91 55 73 M 0 8 0.00 M M 9.8 23 200 M M 0 30 200
9 95 57 76 M 0 11 0.00 M M 11.6 29 240 M M 0 35 240
10 77 48 63 M 2 0 0.00 M M 16.6 35 250 M M 0 48 250
11 82 41 62 M 3 0 0.00 M M 10.5 21 210 M M 0 29 190
12 90 59 75 M 0 10 0.00 M M 29.3230 269 M M 0 51 200
13 77 46 62 M 3 0 0.00 M M 10.0 28 230 M M 0 36 230
14 81 45 63 M 2 0 0.00 M M 8.4 20 240 M M 0 30 128
15 68 46 57 M 8 0 0.00 M M 9.6 24 20 M M 0 8 28 20
16 68 36 52 M 13 0 0.00 M M 9.4 22 160 M M 1 8 25 160
17 73 41 57 M 8 0 0.00 M M 7.9 17 160 M M 1 24 170
18 81 52 67 M 0 2 0.00 M M 10.0 18 150 M M 0 26 180
19 84 50 67 M 0 2 0.00 M M 14.1 26 230 M M 0 32 240
20 81 48 65 M 0 0 0.00 M M 8.6 16 260 M M 0 16 290
21 82 43 63 M 2 0 0.00 M M 5.5 12 140 M M 0 14 130
22 84 48 66 M 0 1 0.00 M M 8.0 17 140 M M 1 20 150
23 88 55 72 M 0 7 0.00 M M 12.2 30 230 M M 1 36 230
24 82 52 67 M 0 2 0.00 M M 7.1 15 280 M M 0 21 280
25 90 50 70 M 0 5 0.00 M M 8.7 21 190 M M 0 29 190
26 82 52 67 M 0 2 0.00 M M 20.5 36 260 M M 0 51 240
27 72 48 60 M 5 0 0.00 M M 14.7 24 360 M M 0 29 360
28 70 41 56 M 9 0 0.00 M M 6.0 14 350 M M 0 17 340
29 72 39 56 M 9 0 0.00 M M 6.9 12 300 M M 0 13 140
30 84 41 63 M 2 0 0.00 M M 5.8 13 270 M M 0 M M
31 70 48 59 M 6 0 0.00 M M 9.9 21 350 M M 0 24 350
================================================================================
SM 2493 1513 74 69 0.32 M 303.4 M 7
================================================================================
AV 80.4 48.8 9.8 FASTST M M 0 MAX(MPH)
MISC ----> 230 269 53 30
================================================================================
NOTES:
# LAST OF SEVERAL OCCURRENCES
COLUMN 17 PEAK WIND IN M.P.H.
PRELIMINARY LOCAL CLIMATOLOGICAL DATA (WS FORM: F-6) , PAGE 2
STATION: ARTESIA
MONTH: OCTOBER
YEAR: 2021
LATITUDE: 32 54 N
LONGITUDE: 104 30 W
[TEMPERATURE DATA] [PRECIPITATION DATA] SYMBOLS USED IN COLUMN 16
AVERAGE MONTHLY: 64.6 TOTAL FOR MONTH: 0.32 1 = FOG OR MIST
DPTR FM NORMAL: 0.0 DPTR FM NORMAL: M 2 = FOG REDUCING VISIBILITY
HIGHEST: 95 ON 9 GRTST 24HR 0.29 ON 1- 1 TO 1/4 MILE OR LESS
LOWEST: 36 ON 16 3 = THUNDER
SNOW, ICE PELLETS, HAIL 4 = ICE PELLETS
TOTAL MONTH: M 5 = HAIL
GRTST 24HR M ON M 6 = FREEZING RAIN OR DRIZZLE
GRTST DEPTH: M ON M 7 = DUSTSTORM OR SANDSTORM:
VSBY 1/2 MILE OR LESS
8 = SMOKE OR HAZE
[NO. OF DAYS WITH] [WEATHER - DAYS WITH] 9 = BLOWING SNOW
X = TORNADO
MAX 32 OR BELOW: 0 0.01 INCH OR MORE: 2
MAX 90 OR ABOVE: 5 0.10 INCH OR MORE: 1
MIN 32 OR BELOW: 0 0.50 INCH OR MORE: 0
MIN 0 OR BELOW: 0 1.00 INCH OR MORE: 0
[HDD (BASE 65) ]
TOTAL THIS MO. 74 CLEAR (SCALE 0-3) 30
DPTR FM NORMAL M PTCLDY (SCALE 4-7) 1
TOTAL FM JUL 1 77 CLOUDY (SCALE 8-10) 0
DPTR FM NORMAL M
[CDD (BASE 65) ]
TOTAL THIS MO. 69
DPTR FM NORMAL M [PRESSURE DATA]
TOTAL FM JAN 1 2019 HIGHEST SLP M ON M
DPTR FM NORMAL M LOWEST SLP M ON M
[REMARKS]
#FINAL-10-21#