000
CXUS53 KGID 012220 AAA
CF6AUH
PRELIMINARY LOCAL CLIMATOLOGICAL DATA (WS FORM: F-6)
STATION: AURORA NE
MONTH: DECEMBER
YEAR: 2023
LATITUDE: 40 54 N
LONGITUDE: 97 59 W
TEMPERATURE IN F: :PCPN: SNOW: WIND :SUNSHINE: SKY :PK WND
================================================================================
1 2 3 4 5 6A 6B 7 8 9 10 11 12 13 14 15 16 17 18
12Z AVG MX 2MIN
DY MAX MIN AVG DEP HDD CDD WTR SNW DPTH SPD SPD DIR MIN PSBL S-S WX SPD DR
================================================================================
1 35 17 26 M 39 0 0.00 M M 6.0 13 10 M M 1 M M
2 33 16 25 M 40 0 M M M 6.5 14 200 M M 5 17 200
3 42 19 31 M 34 0 0.00 M M 7.6 14 10 M M 3 20 10
4 47 21 34 M 31 0 0.03 M M 10.7 18 290 M M 2 27 290
5 44 25 35 M 30 0 0.00 M M 9.3 17 310 M M 0 23 310
6 59 32 46 M 19 0 0.00 M M 12.5 17 220 M M 0 23 210
7 55 31 43 M 22 0 0.00 M M 9.2 13 210 M M 0 17 210
8 49 32 41 M 24 0 0.00 M M 9.7 16 320 M M 2 24 320
9 42 22 32 M 33 0 0.00 M M 20.9 32 330 M M 2 40 320
10 45 17 31 M 34 0 0.00 M M 8.2 14 220 M M 1 20 220
11 55 18 37 M 28 0 0.00 M M 7.8 13 270 M M 0 17 270
12 35 22 29 M 36 0 0.00 M M 7.5 14 30 M M 6 M M
13 42 18 30 M 35 0 0.00 M M 3.5 7 160 M M 0 M M
14 44 27 36 M 29 0 0.28 M M 6.9 14 210 M M 7 1 18 210
15 39 34 37 M 28 0 0.54 M M 3.9 15 340 M M 10 1 M M
16 37 27 32 M 33 0 0.00 M M 12.0 21 330 M M 7 29 330
17 51 27 39 M 26 0 0.00 M M 10.0 20 340 M M 0 21 320
18 37 19 28 M 37 0 0.00 M M 9.1 29 350 M M 0 35 350
19 46 28 37 M 28 0 0.00 M M 11.5 23 220 M M 0 28 210
20 38 23 31 M 34 0 0.00 M M 3.9 9 360 M M 1 12 M M
21 44 26 35 M 30 0 0.00 M M 2.8 7 210 M M 8 12 M M
22 57 29 43 M 22 0 0.00 M M 6.1 9 320 M M 3 12 M M
23 55 31 43 M 22 0 0.13 M M 11.2 18 180 M M 6 12 25 180
24 54 30 42 M 23 0 0.53 M M 19.8 32 350 M M 10 39 350
25 30 24 27 M 38 0 M M M 20.5 28 340 M M 10 35 330
26 27 24 26 M 39 0 T M M 8.2 13 360 M M 10 1 M M
27 29 16 23 M 42 0 M M M 9.5 14 340 M M 10 M M
28 31 12 22 M 43 0 M M M 8.5 17 330 M M 10 12 23 330
29 35 16 26 M 39 0 0.00 M M 10.5 17 330 M M 0 M M
30 39 24 32 M 33 0 0.00 M M 10.3 20 340 M M 2 24 330
31 29 13 21 M 44 0 0.00 M M 12.0 18 340 M M 8 23 350
================================================================================
SM 1305 720 995 0 M M 296.1 M 124
================================================================================
AV 42.1 23.2 9.6 FASTST M M 4 MAX(MPH)
MISC ----> # 32 330 M M
================================================================================
NOTES:
# LAST OF SEVERAL OCCURRENCES
COLUMN 17 PEAK WIND IN M.P.H.
PRELIMINARY LOCAL CLIMATOLOGICAL DATA (WS FORM: F-6) , PAGE 2
STATION: AURORA NE
MONTH: DECEMBER
YEAR: 2023
LATITUDE: 40 54 N
LONGITUDE: 97 59 W
[TEMPERATURE DATA] [PRECIPITATION DATA] SYMBOLS USED IN COLUMN 16
AVERAGE MONTHLY: 32.7 TOTAL FOR MONTH: M 1 = FOG OR MIST
DPTR FM NORMAL: M DPTR FM NORMAL: M 2 = FOG REDUCING VISIBILITY
HIGHEST: 59 ON 6 GRTST 24HR M ON M TO 1/4 MILE OR LESS
LOWEST: 12 ON 28 3 = THUNDER
SNOW, ICE PELLETS, HAIL 4 = ICE PELLETS
TOTAL MONTH: M 5 = HAIL
GRTST 24HR M ON M 6 = FREEZING RAIN OR DRIZZLE
GRTST DEPTH: M ON M 7 = DUSTSTORM OR SANDSTORM:
VSBY 1/2 MILE OR LESS
8 = SMOKE OR HAZE
[NO. OF DAYS WITH] [WEATHER - DAYS WITH] 9 = BLOWING SNOW
X = TORNADO
MAX 32 OR BELOW: 5 0.01 INCH OR MORE: M
MAX 90 OR ABOVE: 0 0.10 INCH OR MORE: M
MIN 32 OR BELOW: 30 0.50 INCH OR MORE: M
MIN 0 OR BELOW: 0 1.00 INCH OR MORE: M
[HDD (BASE 65) ]
TOTAL THIS MO. 995 CLEAR (SCALE 0-3) 17
DPTR FM NORMAL M PTCLDY (SCALE 4-7) 7
TOTAL FM JUL 1 2124 CLOUDY (SCALE 8-10) 7
DPTR FM NORMAL M
[CDD (BASE 65) ]
TOTAL THIS MO. 0
DPTR FM NORMAL M [PRESSURE DATA]
TOTAL FM JAN 1 997 HIGHEST SLP M ON M
DPTR FM NORMAL M LOWEST SLP M ON M
[REMARKS]
#FINAL-12-23#