000
CXUS53 KARX 011326
CF6AUM
PRELIMINARY LOCAL CLIMATOLOGICAL DATA (WS FORM: F-6)
STATION: AUSTIN MUNI MN
MONTH: JANUARY
YEAR: 2023
LATITUDE: 43 40 N
LONGITUDE: 92 56 W
TEMPERATURE IN F: :PCPN: SNOW: WIND :SUNSHINE: SKY :PK WND
================================================================================
1 2 3 4 5 6A 6B 7 8 9 10 11 12 13 14 15 16 17 18
12Z AVG MX 2MIN
DY MAX MIN AVG DEP HDD CDD WTR SNW DPTH SPD SPD DIR MIN PSBL S-S WX SPD DR
================================================================================
1 37 21 29 M 36 0 0.00 0.0 M 3.4 6 320 M M 2 1 M M
2 30 19 25 M 40 0 M M M 4.9 10 60 M M 4 1 M M
3 36 30 33 M 32 0 M M M 11.6 17 70 M M 10 1 22 70
4 34 32 33 M 32 0 M M M 1.3 7 340 M M 10 1 M M
5 32 10 21 M 44 0 M M M 10.0 16 320 M M 9 1 21 330
6 12 1 7 M 58 0 M M M 2.9 7 340 M M 5 1 M M
7 21 -2 10 M 55 0 0.00 0.0 M 1.0 5 330 M M 0 1 M M
8 19 7 13 M 52 0 0.00 0.0 M 5.8 9 200 M M 5 12 M M
9 37 12 25 M 40 0 0.00 0.0 M 4.9 12 180 M M 2 1 16 220
10 27 16 22 M 43 0 M M M 2.7 10 300 M M 8 12 M M
11 36 25 31 M 34 0 M 0.0 M 5.2 14 320 M M 6 18 18 320
12 27 19 23 M 42 0 0.00 0.0 M 13.2 17 310 M M 10 1 21 310
13 19 16 18 M 47 0 0.00 0.0 M 5.6 13 340 M M 10 12 17 340
14 34 16 25 M 40 0 0.00 0.0 M 8.8 15 180 M M 4 1 22 180
15 39 30 35 M 30 0 0.00 0.0 M 9.7 17 180 M M 1 25 180
16 37 34 36 M 29 0 M 0.0 M 8.3 14 140 M M 10 1 18 130
17 34 27 31 M 34 0 M 0.0 M 11.3 15 280 M M 10 1 23 310
18 32 27 30 M 35 0 M M M 8.0 14 70 M M 10 1 20 70
19 32 28 30 M 35 0 M M M 11.3 16 310 M M 10 22 70
20 28 18 23 M 42 0 M M M 9.5 14 270 M M 10 1 18 320
21 27 16 22 M 43 0 0.00 0.0 M 1.6 6 220 M M 10 1 M M
22 25 12 19 M 46 0 0.00 0.0 M 2.1 7 340 M M 10 12 M M
23 30 5 18 M 47 0 0.00 0.0 M 4.6 10 260 M M 7 12 M M
24 28 9 19 M 46 0 M M M 3.5 7 180 M M 7 12 M M
25 28 9 19 M 46 0 M M M 9.0 20 310 M M 10 1 24 310
26 16 1 9 M 56 0 M M M 10.7 15 320 M M 4 22 310
27 36 9 23 M 42 0 M M M 17.3 28 290 M M 5 38 290
28 10 3 7 M 58 0 0.00 0.0 M 7.9 12 340 M M 5 8 18 360
29 3 -2 1 M 64 0 0.00 0.0 M 9.2 13 330 M M 3 22 350
30 1 -11 -5 M 70 0 0.00 0.0 M 6.8 12 310 M M 0 16 310
31 10 -15 -2 M 67 0 0.00 0.0 M 6.9 12 230 M M 0 18 240
================================================================================
SM 817 422 1385 0 0.00 0.0 219.0 M 197
================================================================================
AV 26.4 13.6 7.1 FASTST M M 6 MAX(MPH)
MISC ----> 28 290 38 290
================================================================================
NOTES:
# LAST OF SEVERAL OCCURRENCES
COLUMN 17 PEAK WIND IN M.P.H.
PRELIMINARY LOCAL CLIMATOLOGICAL DATA (WS FORM: F-6) , PAGE 2
STATION: AUSTIN MUNI MN
MONTH: JANUARY
YEAR: 2023
LATITUDE: 43 40 N
LONGITUDE: 92 56 W
[TEMPERATURE DATA] [PRECIPITATION DATA] SYMBOLS USED IN COLUMN 16
AVERAGE MONTHLY: 20.0 TOTAL FOR MONTH: 0.00 1 = FOG OR MIST
DPTR FM NORMAL: 0.0 DPTR FM NORMAL: M 2 = FOG REDUCING VISIBILITY
HIGHEST: 39 ON 15 GRTST 24HR 0.96 ON 2- 3 TO 1/4 MILE OR LESS
LOWEST: -15 ON 31 3 = THUNDER
SNOW, ICE PELLETS, HAIL 4 = ICE PELLETS
TOTAL MONTH: 0.0 INCH 5 = HAIL
GRTST 24HR 0.0 6 = FREEZING RAIN OR DRIZZLE
GRTST DEPTH: M ON M 7 = DUSTSTORM OR SANDSTORM:
VSBY 1/2 MILE OR LESS
8 = SMOKE OR HAZE
[NO. OF DAYS WITH] [WEATHER - DAYS WITH] 9 = BLOWING SNOW
X = TORNADO
MAX 32 OR BELOW: 21 0.01 INCH OR MORE: 0
MAX 90 OR ABOVE: 0 0.10 INCH OR MORE: 0
MIN 32 OR BELOW: 30 0.50 INCH OR MORE: 0
MIN 0 OR BELOW: 4 1.00 INCH OR MORE: 0
[HDD (BASE 65) ]
TOTAL THIS MO. 1385 CLEAR (SCALE 0-3) 6
DPTR FM NORMAL M PTCLDY (SCALE 4-7) 12
TOTAL FM JUL 1 4335 CLOUDY (SCALE 8-10) 13
DPTR FM NORMAL M
[CDD (BASE 65) ]
TOTAL THIS MO. 0
DPTR FM NORMAL M [PRESSURE DATA]
TOTAL FM JAN 1 0 HIGHEST SLP M ON M
DPTR FM NORMAL M LOWEST SLP M ON M
[REMARKS]
#FINAL-01-23#